{"id":730727,"date":"2025-08-27T21:19:38","date_gmt":"2025-08-27T18:19:38","guid":{"rendered":"https:\/\/roveyayinevi.com.tr\/index.php\/urun\/ben-hakimim-masum-bey\/"},"modified":"2026-04-16T02:38:36","modified_gmt":"2026-04-15T23:38:36","slug":"ben-hakimim-masum-bey","status":"publish","type":"product","link":"https:\/\/roveyayinevi.com.tr\/index.php\/urun\/ben-hakimim-masum-bey\/","title":{"rendered":"Ben Hakimim Masum Bey"},"content":{"rendered":"<p>Ben H\u00e2kimim Masum Bey\u2019de su\u00e7un beslenme alan\u0131 olan toplumun adalet aynas\u0131ndaki yans\u0131malar\u0131 anlat\u0131lm\u0131\u015ft\u0131r.  Toplumda kan\u0131ksanm\u0131\u015f olarak ya\u015fanan su\u00e7lar adalet terazisinde tart\u0131l\u0131rken ortaya \u00e7\u0131kan mizaha yer verilmi\u015ftir.    Adalet sadece mahkeme kap\u0131lar\u0131nda ya\u015fananlar de\u011fil t\u00fcm hayat\u0131m\u0131z\u0131 ku\u015fatan bir olgudur. Onun i\u00e7in hukuk mizah\u0131 sadece adalet mensuplar\u0131n\u0131n de\u011fil t\u00fcm insanlar\u0131n ilgi duyaca\u011f\u0131 bir aland\u0131r. Bu nedenle herkesin;  adalet, su\u00e7, ceza ve hukuk kavramlar\u0131 \u00fczerinde tebess\u00fcm ederek okuyup d\u00fc\u015f\u00fcnece\u011fi bir kitap oldu diye d\u00fc\u015f\u00fcn\u00fcyorum.   Kitaptaki mizah\u0131n temel \u00f6zelli\u011fi, i\u015fin felsefi taraf\u0131yla komik taraf\u0131n\u0131 yan yana getirmektir. Buna bir zihin \u015fenli\u011fi ya da akl\u0131m\u0131z\u0131n g\u00fcl\u00fcmsemesi denebilir. E\u011fer bu kitab\u0131 okuyanlar\u0131n zihinlerinde yeni ve ne\u015feli pencereler a\u00e7\u0131l\u0131rsa kendimi mutlu hissedece\u011fim.    Adaletli bir d\u00fczen ve g\u00fcler y\u00fczl\u00fc bir hayat diliyorum. <\/p>\n","protected":false},"excerpt":{"rendered":"<p>Ben H\u00e2kimim Masum Bey\u2019de su\u00e7un beslenme alan\u0131 olan toplumun adalet aynas\u0131ndaki yans\u0131malar\u0131 anlat\u0131lm\u0131\u015ft\u0131r. Toplumda kan\u0131ksanm\u0131\u015f olarak ya\u015fanan su\u00e7lar adalet terazisinde tart\u0131l\u0131rken ortaya \u00e7\u0131kan mizaha yer verilmi\u015ftir.<span class=\"excerpt-hellip\"> [\u2026]<\/span><\/p>\n","protected":false},"featured_media":0,"template":"","meta":{"_monsterinsights_skip_tracking":false,"_monsterinsights_sitenote_active":false,"_monsterinsights_sitenote_note":"","_monsterinsights_sitenote_category":0},"product_brand":[],"product_cat":[12291,14825],"product_tag":[],"class_list":{"0":"post-730727","1":"product","2":"type-product","3":"status-publish","5":"product_cat-edebiyat","6":"product_cat-mizah","7":"pa_cilt-ciltsiz","8":"pa_tur-kitap","9":"pa_yayinevi-gulnar-yayinlari","10":"pa_yazar-durdu-gunes","12":"first","13":"instock","14":"sale","15":"shipping-taxable","16":"purchasable","17":"product-type-simple"},"_links":{"self":[{"href":"https:\/\/roveyayinevi.com.tr\/index.php\/wp-json\/wp\/v2\/product\/730727","targetHints":{"allow":["GET"]}}],"collection":[{"href":"https:\/\/roveyayinevi.com.tr\/index.php\/wp-json\/wp\/v2\/product"}],"about":[{"href":"https:\/\/roveyayinevi.com.tr\/index.php\/wp-json\/wp\/v2\/types\/product"}],"wp:attachment":[{"href":"https:\/\/roveyayinevi.com.tr\/index.php\/wp-json\/wp\/v2\/media?parent=730727"}],"wp:term":[{"taxonomy":"product_brand","embeddable":true,"href":"https:\/\/roveyayinevi.com.tr\/index.php\/wp-json\/wp\/v2\/product_brand?post=730727"},{"taxonomy":"product_cat","embeddable":true,"href":"https:\/\/roveyayinevi.com.tr\/index.php\/wp-json\/wp\/v2\/product_cat?post=730727"},{"taxonomy":"product_tag","embeddable":true,"href":"https:\/\/roveyayinevi.com.tr\/index.php\/wp-json\/wp\/v2\/product_tag?post=730727"}],"curies":[{"name":"wp","href":"https:\/\/api.w.org\/{rel}","templated":true}]}}