{"id":730723,"date":"2025-08-27T21:19:34","date_gmt":"2025-08-27T18:19:34","guid":{"rendered":"https:\/\/roveyayinevi.com.tr\/index.php\/urun\/dile-gelmeyen-bir-sesle\/"},"modified":"2026-04-16T02:38:35","modified_gmt":"2026-04-15T23:38:35","slug":"dile-gelmeyen-bir-sesle","status":"publish","type":"product","link":"https:\/\/roveyayinevi.com.tr\/index.php\/urun\/dile-gelmeyen-bir-sesle\/","title":{"rendered":"Dile Gelmeyen Bir Sesle"},"content":{"rendered":"<p>Peter A. Levine, t\u00fcm hayat\u0131 boyunca yapt\u0131\u011f\u0131 \u00e7al\u0131\u015fmalar\u0131 toplad\u0131\u011f\u0131 bu kitab\u0131nda bir klinik \u00e7al\u0131\u015fan\u0131, kar\u015f\u0131la\u015ft\u0131rmal\u0131 beyin ara\u015ft\u0131rmalar\u0131 konusunda bir \u00f6\u011frenci, stres bilimcisi ve hayvand\u00fcnyas\u0131n\u0131n merakl\u0131 bir g\u00f6zlemcisi olarak beyin, beden ve psikolojik travman\u0131n do\u011fas\u0131n\u0131ve d\u00f6n\u00fc\u015f\u00fcm\u00fcn\u00fc a\u00e7\u0131klamaktad\u0131r. Dile Gelmeyen Bir Sesle, travman\u0131n ne bir hastal\u0131k ne de bir bozukluk oldu\u011fu fikrine temellenir. Travma, korku, \u00e7aresizlik ve kayb\u0131n neden oldu\u011fu bir yarad\u0131r ve sadece y\u00fcksek uyar\u0131 ve yo\u011fun duygu durumlar\u0131nda bedenin do\u011fu\u015ftan gelen kendini d\u00fczenleme kapasitesini kullanarak tedavi edilebilir. Konuya uygun kuramsal \u00e7er\u00e7eveyle ve \u015fa\u015f\u0131rt\u0131c\u0131 vaka \u00e7al\u0131\u015fmalar\u0131yla zenginle\u015ftirilmi\u015f bu eser, biyoloji, n\u00f6robilim ve beden y\u00f6nelimli psikoterapi alanlar\u0131ndaki son geli\u015fmeleri de kapsayarak hayvani i\u00e7g\u00fcd\u00fclerimizi ve akl\u0131m\u0131z\u0131 bir araya getirdi\u011fimiz zaman daha b\u00fct\u00fcnl\u00fckl\u00fc insanlar olaca\u011f\u0131m\u0131z\u0131 g\u00f6sterir.\u201cPeter Levine\u2019in \u00e7al\u0131\u015fmas\u0131 ideal sa\u011fduyudur; saf ve basittir.\u201d- Aldous Huxley\u201cPeter Levine\u2019in hayatlar\u0131m\u0131za ve \u00e7al\u0131\u015fmalar\u0131m\u0131za yapt\u0131\u011f\u0131 b\u00fcy\u00fck katk\u0131:\u0130nsanl\u0131\u011f\u0131m\u0131za kar\u015f\u0131 yap\u0131lan en \u0131st\u0131rap verici sald\u0131r\u0131lar ve hatta \u015fa\u015f\u0131rt\u0131c\u0131 derecede \u00f6nemsiz olanlar kar\u015f\u0131s\u0131nda hayatlar\u0131m\u0131z\u0131 nas\u0131l sa\u011flam bir \u015fekilde, zevk alarak ve yarat\u0131c\u0131l\u0131kla s\u00fcrd\u00fcrebiliriz?\u201d- Dr. Don Hanlon Johnson; California Institute of Integral Studies b\u00f6l\u00fcm\u00fcnde somatik profes\u00f6r\u00fc<\/p>\n","protected":false},"excerpt":{"rendered":"<p>Peter A. Levine, t\u00fcm hayat\u0131 boyunca yapt\u0131\u011f\u0131 \u00e7al\u0131\u015fmalar\u0131 toplad\u0131\u011f\u0131 bu kitab\u0131nda bir klinik \u00e7al\u0131\u015fan\u0131, kar\u015f\u0131la\u015ft\u0131rmal\u0131 beyin ara\u015ft\u0131rmalar\u0131 konusunda bir \u00f6\u011frenci, stres bilimcisi ve hayvand\u00fcnyas\u0131n\u0131n merakl\u0131 bir<span class=\"excerpt-hellip\"> [\u2026]<\/span><\/p>\n","protected":false},"featured_media":0,"template":"","meta":{"_monsterinsights_skip_tracking":false,"_monsterinsights_sitenote_active":false,"_monsterinsights_sitenote_note":"","_monsterinsights_sitenote_category":0},"product_brand":[],"product_cat":[20502,12357],"product_tag":[],"class_list":{"0":"post-730723","1":"product","2":"type-product","3":"status-publish","5":"product_cat-basvuru-kitaplari-psikoloji","6":"product_cat-psikoloji","7":"pa_cilt-ciltsiz","8":"pa_tur-kitap","9":"pa_yayinevi-butik-yayinlari","10":"pa_yazar-peter-a-levine","12":"first","13":"instock","14":"sale","15":"shipping-taxable","16":"purchasable","17":"product-type-simple"},"_links":{"self":[{"href":"https:\/\/roveyayinevi.com.tr\/index.php\/wp-json\/wp\/v2\/product\/730723","targetHints":{"allow":["GET"]}}],"collection":[{"href":"https:\/\/roveyayinevi.com.tr\/index.php\/wp-json\/wp\/v2\/product"}],"about":[{"href":"https:\/\/roveyayinevi.com.tr\/index.php\/wp-json\/wp\/v2\/types\/product"}],"wp:attachment":[{"href":"https:\/\/roveyayinevi.com.tr\/index.php\/wp-json\/wp\/v2\/media?parent=730723"}],"wp:term":[{"taxonomy":"product_brand","embeddable":true,"href":"https:\/\/roveyayinevi.com.tr\/index.php\/wp-json\/wp\/v2\/product_brand?post=730723"},{"taxonomy":"product_cat","embeddable":true,"href":"https:\/\/roveyayinevi.com.tr\/index.php\/wp-json\/wp\/v2\/product_cat?post=730723"},{"taxonomy":"product_tag","embeddable":true,"href":"https:\/\/roveyayinevi.com.tr\/index.php\/wp-json\/wp\/v2\/product_tag?post=730723"}],"curies":[{"name":"wp","href":"https:\/\/api.w.org\/{rel}","templated":true}]}}