{"id":730716,"date":"2025-08-27T21:19:27","date_gmt":"2025-08-27T18:19:27","guid":{"rendered":"https:\/\/roveyayinevi.com.tr\/index.php\/urun\/cebimdeki-zamansiz-notlar\/"},"modified":"2026-04-16T02:38:35","modified_gmt":"2026-04-15T23:38:35","slug":"cebimdeki-zamansiz-notlar","status":"publish","type":"product","link":"https:\/\/roveyayinevi.com.tr\/index.php\/urun\/cebimdeki-zamansiz-notlar\/","title":{"rendered":"Cebimdeki Zamans\u0131z Notlar"},"content":{"rendered":"<p>\u0130nsan, bildi\u011fi \u015feyleri hat\u0131rlayabilirdi&#8230; Hat\u0131rlayamad\u0131klar\u0131 ise hi\u00e7 bilmedikleriydi&#8230; Bundan dolay\u0131 hat\u0131rlayamad\u0131klar\u0131n\u0131 bilgi olarak kabul etmiyordu. Ancak bilmedikleri \u201c\u015fey\u201d her zaman yok de\u011fildi. Mesela insan do\u011fdu\u011funu hat\u0131rlayam\u0131yordu ancak bu onun hi\u00e7 do\u011fmad\u0131\u011f\u0131 anlam\u0131na gelmiyordu\u2026 E\u011fer bir insana nas\u0131l do\u011fdu\u011fu anlat\u0131lmasayd\u0131, o yeni tanr\u0131lar bulacakt\u0131\u2026 <\/p>\n","protected":false},"excerpt":{"rendered":"<p>\u0130nsan, bildi\u011fi \u015feyleri hat\u0131rlayabilirdi&#8230; Hat\u0131rlayamad\u0131klar\u0131 ise hi\u00e7 bilmedikleriydi&#8230; Bundan dolay\u0131 hat\u0131rlayamad\u0131klar\u0131n\u0131 bilgi olarak kabul etmiyordu. Ancak bilmedikleri \u201c\u015fey\u201d her zaman yok de\u011fildi. Mesela insan do\u011fdu\u011funu hat\u0131rlayam\u0131yordu<span class=\"excerpt-hellip\"> [\u2026]<\/span><\/p>\n","protected":false},"featured_media":0,"template":"","meta":{"_monsterinsights_skip_tracking":false,"_monsterinsights_sitenote_active":false,"_monsterinsights_sitenote_note":"","_monsterinsights_sitenote_category":0},"product_brand":[],"product_cat":[12777,12291],"product_tag":[],"class_list":{"0":"post-730716","1":"product","2":"type-product","3":"status-publish","5":"product_cat-deneme","6":"product_cat-edebiyat","7":"pa_cilt-ciltsiz","8":"pa_tur-kitap","9":"pa_yayinevi-luna-yayinlari","10":"pa_yazar-derya-olcener","12":"first","13":"instock","14":"sale","15":"shipping-taxable","16":"purchasable","17":"product-type-simple"},"_links":{"self":[{"href":"https:\/\/roveyayinevi.com.tr\/index.php\/wp-json\/wp\/v2\/product\/730716","targetHints":{"allow":["GET"]}}],"collection":[{"href":"https:\/\/roveyayinevi.com.tr\/index.php\/wp-json\/wp\/v2\/product"}],"about":[{"href":"https:\/\/roveyayinevi.com.tr\/index.php\/wp-json\/wp\/v2\/types\/product"}],"wp:attachment":[{"href":"https:\/\/roveyayinevi.com.tr\/index.php\/wp-json\/wp\/v2\/media?parent=730716"}],"wp:term":[{"taxonomy":"product_brand","embeddable":true,"href":"https:\/\/roveyayinevi.com.tr\/index.php\/wp-json\/wp\/v2\/product_brand?post=730716"},{"taxonomy":"product_cat","embeddable":true,"href":"https:\/\/roveyayinevi.com.tr\/index.php\/wp-json\/wp\/v2\/product_cat?post=730716"},{"taxonomy":"product_tag","embeddable":true,"href":"https:\/\/roveyayinevi.com.tr\/index.php\/wp-json\/wp\/v2\/product_tag?post=730716"}],"curies":[{"name":"wp","href":"https:\/\/api.w.org\/{rel}","templated":true}]}}