{"id":730711,"date":"2025-08-27T21:19:23","date_gmt":"2025-08-27T18:19:23","guid":{"rendered":"https:\/\/roveyayinevi.com.tr\/index.php\/urun\/siyah-pantolon\/"},"modified":"2026-04-16T02:38:35","modified_gmt":"2026-04-15T23:38:35","slug":"siyah-pantolon","status":"publish","type":"product","link":"https:\/\/roveyayinevi.com.tr\/index.php\/urun\/siyah-pantolon\/","title":{"rendered":"Siyah Pantolon"},"content":{"rendered":"<p>Siyah Pantolon hikayesi, Ali\u015fan Kapakl\u0131kaya\u2019n\u0131n bizzat ya\u015fad\u0131\u011f\u0131 ve milyonlar\u0131 derinden etkileyen duygular\u0131n ba\u015f\u0131nda gelmektedir.Anadolu\u2019nun kendi halinde bir k\u00f6y\u00fcnde, bir\u00e7o\u011fumuzun hayat\u0131nda var olan, yoklukla m\u00fccadele eden bir ailenin dramatik \u00f6yk\u00fcs\u00fc\u2026Zorluklar i\u00e7inde b\u00fcy\u00fcmeye ve okumaya \u00e7al\u0131\u015fan bir ailenin \u00e7ocuklar\u0131&#8230; Eve g\u00fc\u00e7l\u00fckle al\u0131nan ve karde\u015flerin s\u0131rayla giyebildi\u011fi bir pantolon&#8230; Ama gelin g\u00f6r\u00fcn ki; o karde\u015flerden biri, tam da siyah pantolonun s\u0131ras\u0131 kendine geldi\u011fi g\u00fcn cennete gidiyor.E\u011fitimci-Yazar Ali\u015fan Kapakl\u0131kaya, sizleri bu kez duygu y\u00fckl\u00fc bir yolculu\u011fa davet ediyor. \u00c7ocuk ya\u015fta vefat eden karde\u015fi Rafet\u2019in ve Siyah Pantolon\u2019un hikayesini okurken kendinizi sorgulayacak; t\u00fcm sevdikleriniz i\u00e7in hayat\u0131n\u0131zda, en \u00e7ok da y\u00fcre\u011finizde kocaman bir yer a\u00e7acaks\u0131n\u0131z!<\/p>\n","protected":false},"excerpt":{"rendered":"<p>Siyah Pantolon hikayesi, Ali\u015fan Kapakl\u0131kaya\u2019n\u0131n bizzat ya\u015fad\u0131\u011f\u0131 ve milyonlar\u0131 derinden etkileyen duygular\u0131n ba\u015f\u0131nda gelmektedir.Anadolu\u2019nun kendi halinde bir k\u00f6y\u00fcnde, bir\u00e7o\u011fumuzun hayat\u0131nda var olan, yoklukla m\u00fccadele eden bir<span class=\"excerpt-hellip\"> [\u2026]<\/span><\/p>\n","protected":false},"featured_media":0,"template":"","meta":{"_monsterinsights_skip_tracking":false,"_monsterinsights_sitenote_active":false,"_monsterinsights_sitenote_note":"","_monsterinsights_sitenote_category":0},"product_brand":[],"product_cat":[12364,12376],"product_tag":[],"class_list":{"0":"post-730711","1":"product","2":"type-product","3":"status-publish","5":"product_cat-genel-konular","6":"product_cat-kisisel-gelisim","7":"pa_cilt-ciltsiz","8":"pa_tur-kitap","9":"pa_yayinevi-yediveren-yayinlari","10":"pa_yazar-alisan-kapaklikaya","12":"first","13":"instock","14":"sale","15":"shipping-taxable","16":"purchasable","17":"product-type-simple"},"_links":{"self":[{"href":"https:\/\/roveyayinevi.com.tr\/index.php\/wp-json\/wp\/v2\/product\/730711","targetHints":{"allow":["GET"]}}],"collection":[{"href":"https:\/\/roveyayinevi.com.tr\/index.php\/wp-json\/wp\/v2\/product"}],"about":[{"href":"https:\/\/roveyayinevi.com.tr\/index.php\/wp-json\/wp\/v2\/types\/product"}],"wp:attachment":[{"href":"https:\/\/roveyayinevi.com.tr\/index.php\/wp-json\/wp\/v2\/media?parent=730711"}],"wp:term":[{"taxonomy":"product_brand","embeddable":true,"href":"https:\/\/roveyayinevi.com.tr\/index.php\/wp-json\/wp\/v2\/product_brand?post=730711"},{"taxonomy":"product_cat","embeddable":true,"href":"https:\/\/roveyayinevi.com.tr\/index.php\/wp-json\/wp\/v2\/product_cat?post=730711"},{"taxonomy":"product_tag","embeddable":true,"href":"https:\/\/roveyayinevi.com.tr\/index.php\/wp-json\/wp\/v2\/product_tag?post=730711"}],"curies":[{"name":"wp","href":"https:\/\/api.w.org\/{rel}","templated":true}]}}