{"id":730707,"date":"2025-08-27T21:19:18","date_gmt":"2025-08-27T18:19:18","guid":{"rendered":"https:\/\/roveyayinevi.com.tr\/index.php\/urun\/itiraflarim-3\/"},"modified":"2026-04-16T02:38:35","modified_gmt":"2026-04-15T23:38:35","slug":"itiraflarim-3","status":"publish","type":"product","link":"https:\/\/roveyayinevi.com.tr\/index.php\/urun\/itiraflarim-3\/","title":{"rendered":"\u0130tiraflar\u0131m"},"content":{"rendered":"<p>Bir aray\u0131\u015f\u0131n tezah\u00fcrlerinden ibaret olan \u0130tiraflar\u0131m, Tolstoy\u2019un, ya\u015fam\u0131n anlam\u0131na dair uzun uzun d\u00fc\u015f\u00fcn\u00fcp b\u00fcy\u00fck bir aray\u0131\u015f i\u00e7inde oldu\u011fu zamanlar\u0131n\u0131, d\u00fc\u015f\u00fcnce kuytuluklar\u0131ndan g\u00fcn y\u00fcz\u00fcne \u00e7\u0131kard\u0131\u011f\u0131 eseridir. D\u00fcnya edebiyat\u0131na \u00f6l\u00fcms\u00fcz eserler veren ve Rus edebiyat\u0131n\u0131n da en \u00f6nemli isimlerinden biri olan Tolstoy\u2019un varolu\u015fa dair her insan gibi sorgulamalar\u0131, hayat\u0131n\u0131n d\u00f6n\u00fcm noktalar\u0131 ve yapt\u0131klar\u0131 bu eserde onu okurlara daha da yak\u0131nla\u015ft\u0131rmakla kalmaz, onu ve eserlerini anlamay\u0131 fazlas\u0131yla kolayla\u015ft\u0131r\u0131r. Bu y\u00f6n\u00fcyle \u0130tiraflar\u0131m, Tolstoy\u2019un ya\u015fama, \u00f6l\u00fcme ve intihara dair d\u00fc\u015f\u00fcncelerini bar\u0131nd\u0131rmas\u0131 bak\u0131m\u0131ndan Tolstoy okuruna \u015fa\u015f\u0131rt\u0131c\u0131 bir otobiyografi eseri sunar. Ailesi, \u00e7ocuklu\u011fu, inan\u00e7lar\u0131, kalbinde ye\u015fermi\u015f k\u00f6t\u00fc d\u00fc\u015f\u00fcnceler ve hatalar\u0131yla ger\u00e7ek bir itiraf metni olan eser, Tolstoy\u2019a dair okumalar\u0131n\u0131zda mutlaka yer vermeniz gereken bir yap\u0131t konumundad\u0131r.<\/p>\n","protected":false},"excerpt":{"rendered":"<p>Bir aray\u0131\u015f\u0131n tezah\u00fcrlerinden ibaret olan \u0130tiraflar\u0131m, Tolstoy\u2019un, ya\u015fam\u0131n anlam\u0131na dair uzun uzun d\u00fc\u015f\u00fcn\u00fcp b\u00fcy\u00fck bir aray\u0131\u015f i\u00e7inde oldu\u011fu zamanlar\u0131n\u0131, d\u00fc\u015f\u00fcnce kuytuluklar\u0131ndan g\u00fcn y\u00fcz\u00fcne \u00e7\u0131kard\u0131\u011f\u0131 eseridir. D\u00fcnya<span class=\"excerpt-hellip\"> [\u2026]<\/span><\/p>\n","protected":false},"featured_media":0,"template":"","meta":{"_monsterinsights_skip_tracking":false,"_monsterinsights_sitenote_active":false,"_monsterinsights_sitenote_note":"","_monsterinsights_sitenote_category":0},"product_brand":[],"product_cat":[12291,12711],"product_tag":[],"class_list":{"0":"post-730707","1":"product","2":"type-product","3":"status-publish","5":"product_cat-edebiyat","6":"product_cat-roman-oyku","7":"pa_cilt-ciltsiz","8":"pa_tur-kitap","9":"pa_yayinevi-iskele-yayincilik","10":"pa_yazar-lev-nikolayevic-tolstoy","12":"first","13":"instock","14":"sale","15":"shipping-taxable","16":"purchasable","17":"product-type-simple"},"_links":{"self":[{"href":"https:\/\/roveyayinevi.com.tr\/index.php\/wp-json\/wp\/v2\/product\/730707","targetHints":{"allow":["GET"]}}],"collection":[{"href":"https:\/\/roveyayinevi.com.tr\/index.php\/wp-json\/wp\/v2\/product"}],"about":[{"href":"https:\/\/roveyayinevi.com.tr\/index.php\/wp-json\/wp\/v2\/types\/product"}],"wp:attachment":[{"href":"https:\/\/roveyayinevi.com.tr\/index.php\/wp-json\/wp\/v2\/media?parent=730707"}],"wp:term":[{"taxonomy":"product_brand","embeddable":true,"href":"https:\/\/roveyayinevi.com.tr\/index.php\/wp-json\/wp\/v2\/product_brand?post=730707"},{"taxonomy":"product_cat","embeddable":true,"href":"https:\/\/roveyayinevi.com.tr\/index.php\/wp-json\/wp\/v2\/product_cat?post=730707"},{"taxonomy":"product_tag","embeddable":true,"href":"https:\/\/roveyayinevi.com.tr\/index.php\/wp-json\/wp\/v2\/product_tag?post=730707"}],"curies":[{"name":"wp","href":"https:\/\/api.w.org\/{rel}","templated":true}]}}