{"id":730694,"date":"2025-08-27T21:19:07","date_gmt":"2025-08-27T18:19:07","guid":{"rendered":"https:\/\/roveyayinevi.com.tr\/index.php\/urun\/bitmeyen-savas-troya-ciltli\/"},"modified":"2026-04-03T02:45:53","modified_gmt":"2026-04-02T23:45:53","slug":"bitmeyen-savas-troya-ciltli","status":"publish","type":"product","link":"https:\/\/roveyayinevi.com.tr\/index.php\/urun\/bitmeyen-savas-troya-ciltli\/","title":{"rendered":"Bitmeyen Sava\u015f Troya (Ciltli)"},"content":{"rendered":"<p>Sava\u015f, korkun\u00e7 ve ac\u0131kl\u0131 yanlar\u0131yla, ama ayn\u0131 zamanda da kahramanl\u0131k \u00f6yk\u00fcleriyle, sanat\u00e7\u0131lara hep ilham vermi\u015ftir. Antik \u00c7a\u011f\u2019\u0131n en b\u00fcy\u00fck destanlar\u0131ndan biri olan \u0130lyada\u2019n\u0131n da konusunu, birle\u015fmi\u015f Yunan kavimleri ile Troyal\u0131lar aras\u0131nda on y\u0131l boyunca s\u00fcren kanl\u0131 sava\u015f olu\u015fturur. Bir t\u00fcrl\u00fc bitmek bilmeyen ve her iki tarafa da \u00f6l\u00fcm ve y\u0131k\u0131m getiren bu sava\u015f, M\u00d6 8. y\u00fczy\u0131lda Homeros ad\u0131ndaki ozan taraf\u0131ndan \u00f6yle harikulade bir dille anlat\u0131lm\u0131\u015ft\u0131r ki bunca zaman sonra bizler bu destans\u0131 \u015fiiri h\u00e2l\u00e2 b\u00fcy\u00fck bir merak ve heyecanla okuruz. Akhilleus\u2019un kuvveti, Hektor\u2019un yi\u011fitli\u011fi kar\u015f\u0131s\u0131nda hayranl\u0131k duyar\u0131z. Yvan Pommaux, sava\u015f\u0131n deh\u015fetini duyuran capcanl\u0131 resimlerle s\u00fcsledi\u011fi kitab\u0131nda, bu b\u00fcy\u00fck destan\u0131 \u00f6z\u00fcn\u00fc koruyup sadele\u015ftirerek sunar gen\u00e7 okurlara. Troya yaln\u0131zca bir sava\u015f\u0131n de\u011fil, tutkusu, gururu, \u00f6fkesi, korkular\u0131 ve cesaretiyle insanl\u0131\u011f\u0131n \u00f6yk\u00fcs\u00fcd\u00fcr. <\/p>\n","protected":false},"excerpt":{"rendered":"<p>Sava\u015f, korkun\u00e7 ve ac\u0131kl\u0131 yanlar\u0131yla, ama ayn\u0131 zamanda da kahramanl\u0131k \u00f6yk\u00fcleriyle, sanat\u00e7\u0131lara hep ilham vermi\u015ftir. Antik \u00c7a\u011f\u2019\u0131n en b\u00fcy\u00fck destanlar\u0131ndan biri olan \u0130lyada\u2019n\u0131n da konusunu, birle\u015fmi\u015f<span class=\"excerpt-hellip\"> [\u2026]<\/span><\/p>\n","protected":false},"featured_media":0,"template":"","meta":{"_monsterinsights_skip_tracking":false,"_monsterinsights_sitenote_active":false,"_monsterinsights_sitenote_note":"","_monsterinsights_sitenote_category":0},"product_brand":[],"product_cat":[12275,12274],"product_tag":[],"class_list":{"0":"post-730694","1":"product","2":"type-product","3":"status-publish","5":"product_cat-6-12-yas-kitaplari","6":"product_cat-cocuk-ve-genclik-kitaplari","7":"pa_cilt-ciltli","8":"pa_tur-kitap","9":"pa_yayinevi-yordam-kitap","10":"pa_yazar-yvan-pommaux","12":"first","13":"instock","14":"sale","15":"shipping-taxable","16":"purchasable","17":"product-type-simple"},"_links":{"self":[{"href":"https:\/\/roveyayinevi.com.tr\/index.php\/wp-json\/wp\/v2\/product\/730694","targetHints":{"allow":["GET"]}}],"collection":[{"href":"https:\/\/roveyayinevi.com.tr\/index.php\/wp-json\/wp\/v2\/product"}],"about":[{"href":"https:\/\/roveyayinevi.com.tr\/index.php\/wp-json\/wp\/v2\/types\/product"}],"wp:attachment":[{"href":"https:\/\/roveyayinevi.com.tr\/index.php\/wp-json\/wp\/v2\/media?parent=730694"}],"wp:term":[{"taxonomy":"product_brand","embeddable":true,"href":"https:\/\/roveyayinevi.com.tr\/index.php\/wp-json\/wp\/v2\/product_brand?post=730694"},{"taxonomy":"product_cat","embeddable":true,"href":"https:\/\/roveyayinevi.com.tr\/index.php\/wp-json\/wp\/v2\/product_cat?post=730694"},{"taxonomy":"product_tag","embeddable":true,"href":"https:\/\/roveyayinevi.com.tr\/index.php\/wp-json\/wp\/v2\/product_tag?post=730694"}],"curies":[{"name":"wp","href":"https:\/\/api.w.org\/{rel}","templated":true}]}}