{"id":730692,"date":"2025-08-27T21:19:05","date_gmt":"2025-08-27T18:19:05","guid":{"rendered":"https:\/\/roveyayinevi.com.tr\/index.php\/urun\/hic-tanimadigim-biri\/"},"modified":"2026-04-16T02:38:35","modified_gmt":"2026-04-15T23:38:35","slug":"hic-tanimadigim-biri","status":"publish","type":"product","link":"https:\/\/roveyayinevi.com.tr\/index.php\/urun\/hic-tanimadigim-biri\/","title":{"rendered":"Hi\u00e7 Tan\u0131mad\u0131\u011f\u0131m Biri"},"content":{"rendered":"<p>\u201cEle\u015ftirmen bu \u00f6nemli bir kitap diye d\u00fc\u015f\u00fcn\u00fcr, \u00e7\u00fcnk\u00fc sava\u015f\u0131 ele almaktad\u0131r. Bu ise \u00f6nemsiz bir kitap, \u00e7\u00fcnk\u00fc oturma odas\u0131ndaki kad\u0131nlar\u0131n duygular\u0131n\u0131 ele al\u0131yor.\u201d Virginia Woolf \/ Kendine Ait Bir Oda     \u0130leriye do\u011fru giden bir trende, yanl\u0131\u015f se\u00e7ilmi\u015f bir koltukta, ters oturuyordu kad\u0131n. Ge\u00e7mi\u015fe, gelece\u011fe, g\u00f6\u011fe ve hi\u00e7 tan\u0131mad\u0131\u011f\u0131 birine bak\u0131yordu pencereden. Bilge Ayg\u00fcn\u2019\u00fcn ilk kurgu kitab\u0131, benzer pencerelerde kimbilir ka\u00e7 kez kar\u015f\u0131la\u015f\u0131p tan\u0131\u015fmay\u0131 ihmal ettiklerimizi hat\u0131rlat\u0131yor.   \u201cDuygular\u0131m, ancak Konya\u2019da olabilecek kadar d\u00fcmd\u00fcz bir ovada d\u00f6rtnala ko\u015fan bir at gibi \u00f6zg\u00fcr&#8230; Ben bir elimle Asya K\u0131tas\u0131\u2019n\u0131, di\u011fer elimle Amerika K\u0131tas\u0131\u2019n\u0131 tutuyorum; uzay bo\u015flu\u011funda vals ad\u0131mlar\u0131 ile d\u00f6n\u00fcyor, d\u00f6n\u00fcyoruz. Ellerimi b\u0131rak\u0131p y\u0131ld\u0131z olup kay\u0131yorum. Marmara Denizi\u2019nden Moby Dick olup \u00e7\u0131k\u0131yorum. Trendeki kendime kuyruk sall\u0131yorum. Sa\u011f\u0131m solum \u00f6n\u00fcm arkam, her yerdeyim. Her \u015fey benden do\u011fuyor, benden uzuyor. Yollar endi\u015felendirmiyor beni, her yere gidebiliyorum. Sonbahar mevsiminde, 24 Kas\u0131m 2019\u2019da, burada, trenin birinci vagonunda cama ba\u015f\u0131n\u0131 dayam\u0131\u015f olan da benim; d\u00f6rtnala ko\u015fan at da&#8230; Bunu kim ink\u00e2r edebilir? Hi\u00e7 mutsuz olmam\u0131\u015f ve olmayacak gibiyim. Zaman\u0131 b\u00fckt\u00fcm i\u015fte. Art\u0131k hayat\u0131m\u0131 sevebilirim.\u201d <\/p>\n","protected":false},"excerpt":{"rendered":"<p>\u201cEle\u015ftirmen bu \u00f6nemli bir kitap diye d\u00fc\u015f\u00fcn\u00fcr, \u00e7\u00fcnk\u00fc sava\u015f\u0131 ele almaktad\u0131r. Bu ise \u00f6nemsiz bir kitap, \u00e7\u00fcnk\u00fc oturma odas\u0131ndaki kad\u0131nlar\u0131n duygular\u0131n\u0131 ele al\u0131yor.\u201d Virginia Woolf \/<span class=\"excerpt-hellip\"> [\u2026]<\/span><\/p>\n","protected":false},"featured_media":0,"template":"","meta":{"_monsterinsights_skip_tracking":false,"_monsterinsights_sitenote_active":false,"_monsterinsights_sitenote_note":"","_monsterinsights_sitenote_category":0},"product_brand":[],"product_cat":[12291,50487],"product_tag":[],"class_list":{"0":"post-730692","1":"product","2":"type-product","3":"status-publish","5":"product_cat-edebiyat","6":"product_cat-kurgu","7":"pa_cilt-ciltsiz","8":"pa_tur-kitap","9":"pa_yayinevi-epsilon-yayinlari","10":"pa_yazar-bilge-aygun","12":"first","13":"instock","14":"sale","15":"shipping-taxable","16":"purchasable","17":"product-type-simple"},"_links":{"self":[{"href":"https:\/\/roveyayinevi.com.tr\/index.php\/wp-json\/wp\/v2\/product\/730692","targetHints":{"allow":["GET"]}}],"collection":[{"href":"https:\/\/roveyayinevi.com.tr\/index.php\/wp-json\/wp\/v2\/product"}],"about":[{"href":"https:\/\/roveyayinevi.com.tr\/index.php\/wp-json\/wp\/v2\/types\/product"}],"wp:attachment":[{"href":"https:\/\/roveyayinevi.com.tr\/index.php\/wp-json\/wp\/v2\/media?parent=730692"}],"wp:term":[{"taxonomy":"product_brand","embeddable":true,"href":"https:\/\/roveyayinevi.com.tr\/index.php\/wp-json\/wp\/v2\/product_brand?post=730692"},{"taxonomy":"product_cat","embeddable":true,"href":"https:\/\/roveyayinevi.com.tr\/index.php\/wp-json\/wp\/v2\/product_cat?post=730692"},{"taxonomy":"product_tag","embeddable":true,"href":"https:\/\/roveyayinevi.com.tr\/index.php\/wp-json\/wp\/v2\/product_tag?post=730692"}],"curies":[{"name":"wp","href":"https:\/\/api.w.org\/{rel}","templated":true}]}}