{"id":730683,"date":"2025-08-27T21:18:56","date_gmt":"2025-08-27T18:18:56","guid":{"rendered":"https:\/\/roveyayinevi.com.tr\/index.php\/urun\/iste-benim-annem-ciltli\/"},"modified":"2026-04-16T02:38:35","modified_gmt":"2026-04-15T23:38:35","slug":"iste-benim-annem-ciltli","status":"publish","type":"product","link":"https:\/\/roveyayinevi.com.tr\/index.php\/urun\/iste-benim-annem-ciltli\/","title":{"rendered":"\u0130\u015fte Benim Annem (Ciltli)"},"content":{"rendered":"<p>Mutlu\u2019nun annesi \u00e7evresinde g\u00f6rd\u00fc\u011f\u00fc di\u011fer annelerden biraz farkl\u0131d\u0131r. Rengarenk giyinir, \u00e7e\u015fit \u00e7e\u015fit sa\u00e7 band\u0131 takar. Biraz da da\u011f\u0131n\u0131k ve sakard\u0131r. Hal b\u00f6yle olunca Mutlu i\u00e7in hayat bazen zorla\u015f\u0131r.Ama de\u011fi\u015fmeyen bir ger\u00e7ek var ki o, annesini her haliyle seviyor ve onunla m\u00fckemmel vakit ge\u00e7iriyor. \u0130\u015fte Benim Annem kitab\u0131n\u0131n kahraman\u0131 Mutlu\u2019nun s\u00fcper kahraman annesiyle tan\u0131\u015fmak ister misin?<\/p>\n","protected":false},"excerpt":{"rendered":"<p>Mutlu\u2019nun annesi \u00e7evresinde g\u00f6rd\u00fc\u011f\u00fc di\u011fer annelerden biraz farkl\u0131d\u0131r. Rengarenk giyinir, \u00e7e\u015fit \u00e7e\u015fit sa\u00e7 band\u0131 takar. Biraz da da\u011f\u0131n\u0131k ve sakard\u0131r. Hal b\u00f6yle olunca Mutlu i\u00e7in hayat<span class=\"excerpt-hellip\"> [\u2026]<\/span><\/p>\n","protected":false},"featured_media":0,"template":"","meta":{"_monsterinsights_skip_tracking":false,"_monsterinsights_sitenote_active":false,"_monsterinsights_sitenote_note":"","_monsterinsights_sitenote_category":0},"product_brand":[],"product_cat":[12275,12274],"product_tag":[],"class_list":{"0":"post-730683","1":"product","2":"type-product","3":"status-publish","5":"product_cat-6-12-yas-kitaplari","6":"product_cat-cocuk-ve-genclik-kitaplari","7":"pa_cilt-ciltli","8":"pa_tur-kitap","9":"pa_yayinevi-abm-yayinevi","10":"pa_yazar-ezgi-berk","12":"first","13":"instock","14":"sale","15":"shipping-taxable","16":"purchasable","17":"product-type-simple"},"_links":{"self":[{"href":"https:\/\/roveyayinevi.com.tr\/index.php\/wp-json\/wp\/v2\/product\/730683","targetHints":{"allow":["GET"]}}],"collection":[{"href":"https:\/\/roveyayinevi.com.tr\/index.php\/wp-json\/wp\/v2\/product"}],"about":[{"href":"https:\/\/roveyayinevi.com.tr\/index.php\/wp-json\/wp\/v2\/types\/product"}],"wp:attachment":[{"href":"https:\/\/roveyayinevi.com.tr\/index.php\/wp-json\/wp\/v2\/media?parent=730683"}],"wp:term":[{"taxonomy":"product_brand","embeddable":true,"href":"https:\/\/roveyayinevi.com.tr\/index.php\/wp-json\/wp\/v2\/product_brand?post=730683"},{"taxonomy":"product_cat","embeddable":true,"href":"https:\/\/roveyayinevi.com.tr\/index.php\/wp-json\/wp\/v2\/product_cat?post=730683"},{"taxonomy":"product_tag","embeddable":true,"href":"https:\/\/roveyayinevi.com.tr\/index.php\/wp-json\/wp\/v2\/product_tag?post=730683"}],"curies":[{"name":"wp","href":"https:\/\/api.w.org\/{rel}","templated":true}]}}