{"id":730675,"date":"2025-08-27T21:18:48","date_gmt":"2025-08-27T18:18:48","guid":{"rendered":"https:\/\/roveyayinevi.com.tr\/index.php\/urun\/kiyamet-gosterisi\/"},"modified":"2026-04-16T02:38:34","modified_gmt":"2026-04-15T23:38:34","slug":"kiyamet-gosterisi","status":"publish","type":"product","link":"https:\/\/roveyayinevi.com.tr\/index.php\/urun\/kiyamet-gosterisi\/","title":{"rendered":"K\u0131yamet G\u00f6sterisi"},"content":{"rendered":"<p>D\u00fcnya Fantazi En \u0130yi Roman \u00d6d\u00fcl\u00fc Aday\u0131   Locus En \u0130yi Fantastik Roman \u00d6d\u00fcl\u00fc Aday\u0131   \u0130nanmak Kiyamet Yalnizca Bir Kere Kopar. Sen Yanli\u015f Yapmayi Birakana Kadar Tekrar Tekrar Denemene \u0130zin Vermezler.   Havada K\u0131yamet Kokusu Var. 1655 Y\u0131l\u0131nda Yaz\u0131lm\u0131\u015f Ve \u015eimdiye Kadarki En Do\u011fru Kehanet Kitab\u0131 Olan Cad\u0131 Agnes \u00c7atlak\u2019\u0131n Kat\u2019\u00ee Ve \u0130sabetli Kehanetleri\u2019ne G\u00f6re, Cumartesi G\u00fcn\u00fc D\u00fcnyan\u0131n Sonu. \u00d6n\u00fcm\u00fczdeki Cumartesi. Ak\u015fam Yeme\u011finden Hemen \u00d6nce.   \u0130yilik Ve K\u00f6t\u00fcl\u00fck Ordular\u0131 Toplan\u0131yor. Atlantis Y\u00fckseliyor. Kurba\u011falar Ya\u011f\u0131yor. \u00d6fke Art\u0131yor. Deccal Uyan\u0131yor. K\u0131sacas\u0131, Her \u015eey B\u00fcy\u00fck Plan\u2019a Uygun Ilerliyor Gibi. Yaln\u0131z Ufak Bir P\u00fcr\u00fcz Var. Binlerce Y\u0131ld\u0131r Insanlar\u0131n Aras\u0131nda Ya\u015fayan Ve Onlar\u0131n Hayat\u0131na Uyum Sa\u011flayan, Birazc\u0131k M\u00fc\u015fk\u00fclpesent Bir Melek Ile Sefahat D\u00fc\u015fk\u00fcn\u00fc Bir Iblis Bu Co\u015fku Dolu \u00c2n\u0131n Geli\u015fini Hi\u00e7 De Iple \u00c7ekmiyor.   Melek Aziraphale Ve \u0130blis Crowley, K\u0131yamet\u2019i Durdurmak Istiyorlarsa Deccal\u2019i (Kendisi Gayet Tatl\u0131 Bir O\u011flan \u00c7ocu\u011fu, Tan\u0131san\u0131z Seversiniz) Ortadan Kald\u0131rmak Zorunda. Ama G\u00f6r\u00fcnen O Ki, Birileri Deccal\u2019i Yanl\u0131\u015f Yere G\u00f6ndermi\u015f.   \u201cNeil Gaiman Hik\u00e2yelerle Dolu Bir Hazine Sand\u0131\u011f\u0131 Ve Elini Hangi I\u015fe Atsa Biz K\u00e2rl\u0131 \u00c7\u0131k\u0131yoruz.\u201d \u2013Stephen King   \u201cGaiman, Zengin Bir Hayal G\u00fcc\u00fcne Ve B\u00fcy\u00fck Konular\u0131 Ustal\u0131kla Anlatma Yetene\u011fine Sahip.\u201d \u2013Philip Pullman   \u201cK\u0131yamet Daha \u00d6nce Hi\u00e7 Bu Kadar E\u011flenceli Olmam\u0131\u015ft\u0131.\u201d \u2013Clive Barker <\/p>\n","protected":false},"excerpt":{"rendered":"<p>D\u00fcnya Fantazi En \u0130yi Roman \u00d6d\u00fcl\u00fc Aday\u0131 Locus En \u0130yi Fantastik Roman \u00d6d\u00fcl\u00fc Aday\u0131 \u0130nanmak Kiyamet Yalnizca Bir Kere Kopar. Sen Yanli\u015f Yapmayi Birakana Kadar Tekrar<span class=\"excerpt-hellip\"> [\u2026]<\/span><\/p>\n","protected":false},"featured_media":0,"template":"","meta":{"_monsterinsights_skip_tracking":false,"_monsterinsights_sitenote_active":false,"_monsterinsights_sitenote_note":"","_monsterinsights_sitenote_category":0},"product_brand":[],"product_cat":[12291,14777],"product_tag":[],"class_list":{"0":"post-730675","1":"product","2":"type-product","3":"status-publish","5":"product_cat-edebiyat","6":"product_cat-fantastik","7":"pa_cilt-ciltsiz","8":"pa_tur-kitap","9":"pa_yayinevi-ithaki-yayinlari","10":"pa_yazar-neil-gaiman-terry-pratchett","12":"first","13":"instock","14":"sale","15":"shipping-taxable","16":"purchasable","17":"product-type-simple"},"_links":{"self":[{"href":"https:\/\/roveyayinevi.com.tr\/index.php\/wp-json\/wp\/v2\/product\/730675","targetHints":{"allow":["GET"]}}],"collection":[{"href":"https:\/\/roveyayinevi.com.tr\/index.php\/wp-json\/wp\/v2\/product"}],"about":[{"href":"https:\/\/roveyayinevi.com.tr\/index.php\/wp-json\/wp\/v2\/types\/product"}],"wp:attachment":[{"href":"https:\/\/roveyayinevi.com.tr\/index.php\/wp-json\/wp\/v2\/media?parent=730675"}],"wp:term":[{"taxonomy":"product_brand","embeddable":true,"href":"https:\/\/roveyayinevi.com.tr\/index.php\/wp-json\/wp\/v2\/product_brand?post=730675"},{"taxonomy":"product_cat","embeddable":true,"href":"https:\/\/roveyayinevi.com.tr\/index.php\/wp-json\/wp\/v2\/product_cat?post=730675"},{"taxonomy":"product_tag","embeddable":true,"href":"https:\/\/roveyayinevi.com.tr\/index.php\/wp-json\/wp\/v2\/product_tag?post=730675"}],"curies":[{"name":"wp","href":"https:\/\/api.w.org\/{rel}","templated":true}]}}