{"id":730661,"date":"2025-08-27T21:18:33","date_gmt":"2025-08-27T18:18:33","guid":{"rendered":"https:\/\/roveyayinevi.com.tr\/index.php\/urun\/toplu-siirler-3\/"},"modified":"2026-04-16T02:38:34","modified_gmt":"2026-04-15T23:38:34","slug":"toplu-siirler-3","status":"publish","type":"product","link":"https:\/\/roveyayinevi.com.tr\/index.php\/urun\/toplu-siirler-3\/","title":{"rendered":"Toplu \u015eiirler"},"content":{"rendered":"<p>\u015fiir kitab\u0131m\u0131, asl\u0131nda kendisi de gizli bir \u015fair olan karde\u015fim Naci Tekin\u2019e ad\u0131yorum. Naci, k\u0131sa \u015fiirleri \u00e7ok iyi yazan bir \u015fairdir. A\u015fa\u011f\u0131da onun k\u0131sa bir \u015fiirine yer vermek istiyorum.\u201d -B\u00fclent Tekin- K\u00fclleri r\u00fczg\u00e2rda savrulan Yan\u0131k sevdalar\u0131z. Nerede topra\u011fa d\u00fc\u015fsek Orada \u00e7i\u00e7ek a\u00e7ar\u0131z<\/p>\n","protected":false},"excerpt":{"rendered":"<p>\u015fiir kitab\u0131m\u0131, asl\u0131nda kendisi de gizli bir \u015fair olan karde\u015fim Naci Tekin\u2019e ad\u0131yorum. Naci, k\u0131sa \u015fiirleri \u00e7ok iyi yazan bir \u015fairdir. A\u015fa\u011f\u0131da onun k\u0131sa bir \u015fiirine<span class=\"excerpt-hellip\"> [\u2026]<\/span><\/p>\n","protected":false},"featured_media":0,"template":"","meta":{"_monsterinsights_skip_tracking":false,"_monsterinsights_sitenote_active":false,"_monsterinsights_sitenote_note":"","_monsterinsights_sitenote_category":0},"product_brand":[],"product_cat":[12291,12509],"product_tag":[],"class_list":{"0":"post-730661","1":"product","2":"type-product","3":"status-publish","5":"product_cat-edebiyat","6":"product_cat-siir","7":"pa_cilt-ciltsiz","8":"pa_tur-kitap","9":"pa_yayinevi-delal-yayinlari","10":"pa_yazar-bulent-tekin","12":"first","13":"instock","14":"sale","15":"shipping-taxable","16":"purchasable","17":"product-type-simple"},"_links":{"self":[{"href":"https:\/\/roveyayinevi.com.tr\/index.php\/wp-json\/wp\/v2\/product\/730661","targetHints":{"allow":["GET"]}}],"collection":[{"href":"https:\/\/roveyayinevi.com.tr\/index.php\/wp-json\/wp\/v2\/product"}],"about":[{"href":"https:\/\/roveyayinevi.com.tr\/index.php\/wp-json\/wp\/v2\/types\/product"}],"wp:attachment":[{"href":"https:\/\/roveyayinevi.com.tr\/index.php\/wp-json\/wp\/v2\/media?parent=730661"}],"wp:term":[{"taxonomy":"product_brand","embeddable":true,"href":"https:\/\/roveyayinevi.com.tr\/index.php\/wp-json\/wp\/v2\/product_brand?post=730661"},{"taxonomy":"product_cat","embeddable":true,"href":"https:\/\/roveyayinevi.com.tr\/index.php\/wp-json\/wp\/v2\/product_cat?post=730661"},{"taxonomy":"product_tag","embeddable":true,"href":"https:\/\/roveyayinevi.com.tr\/index.php\/wp-json\/wp\/v2\/product_tag?post=730661"}],"curies":[{"name":"wp","href":"https:\/\/api.w.org\/{rel}","templated":true}]}}