{"id":730659,"date":"2025-08-27T21:18:31","date_gmt":"2025-08-27T18:18:31","guid":{"rendered":"https:\/\/roveyayinevi.com.tr\/index.php\/urun\/kultur-ve-emperyalizm\/"},"modified":"2026-04-16T02:38:34","modified_gmt":"2026-04-15T23:38:34","slug":"kultur-ve-emperyalizm","status":"publish","type":"product","link":"https:\/\/roveyayinevi.com.tr\/index.php\/urun\/kultur-ve-emperyalizm\/","title":{"rendered":"K\u00fclt\u00fcr ve Emperyalizm"},"content":{"rendered":"<p>K\u00fclt\u00fcr ve Emperyalizm, Edward W. Said\u2019in \u015earkiyat\u00e7\u0131l\u0131k\u2019la ba\u015flad\u0131\u011f\u0131 tasar\u0131n\u0131n bir par\u00e7as\u0131: Bir yandan k\u00fclt\u00fcr\u00fcn, Bat\u0131 \u201cy\u00fcksek k\u00fclt\u00fcr\u00fc\u201dn\u00fcn emperyalizmle ili\u015fkisini sorguluyor, bu ili\u015fkiyi ortaya \u00e7\u0131karmaya \u00e7al\u0131\u015f\u0131yor; bir yandan da maruz kalanlar\u0131n, s\u00f6m\u00fcrgele\u015ftirilenlerin emperyalizme d\u00fc\u015f\u00fcnsel ve edebi direni\u015flerini inceliyor.   Kitaptaki incelemeler Bat\u0131 roman\u0131 ve m\u00fczi\u011fine; Joseph Conrad, Jane Austen, Charles Dickens, Rudyard Kipling, Albert Camus, Andr\u00e9 Gide gibi yazarlar\u0131n yan\u0131 s\u0131ra Verdi\u2019nin Aida\u2019s\u0131na yo\u011funla\u015f\u0131yor. Ele al\u0131nan yap\u0131tlar\u0131n emperyalizme (varsa) neler bor\u00e7lu oldu\u011funu, i\u00e7inde yer ald\u0131klar\u0131 emperyal d\u00fcnyay\u0131, s\u00f6m\u00fcrgeleri, s\u00f6m\u00fcren ile s\u00f6m\u00fcr\u00fclen aras\u0131ndaki ili\u015fkileri ne \u00f6l\u00e7\u00fcde ve nas\u0131l yans\u0131tt\u0131klar\u0131n\u0131, yans\u0131tmad\u0131klar\u0131 takdirde neleri g\u00f6rmezden geldiklerini g\u00f6steriyor, roman\u0131 (ve sanat\u0131) \u201cd\u00fcnya\u201dya ba\u011flayan hatlar\u0131 vurguluyor. Bunu yaparken de yap\u0131tlar\u0131n estetik de\u011ferini k\u00fc\u00e7\u00fcltmemeye \u00f6zellikle \u00f6zen g\u00f6steriyor.   \u00d6te yandan \u0130ngiliz ve Frans\u0131z emperyalizmine maruz kalm\u0131\u015f eski s\u00f6m\u00fcrgelerde geli\u015fen kurtulu\u015f ve ba\u011f\u0131ms\u0131zl\u0131k m\u00fccadelelerine e\u015flik etmi\u015f antiemperyalist d\u00fc\u015f\u00fcncelerin, kuramsal ve edebi tepkilerin i\u00e7eriklerini ara\u015ft\u0131r\u0131yor ve ulus\u00e7uluk, yerlicilik gibi ideolojilerin zaaflar\u0131n\u0131 ve s\u00f6m\u00fcrgelikten \u00e7\u0131km\u0131\u015f \u00fclkelerdeki \u201ciktidar patolojileri\u201dnin sonu\u00e7lar\u0131n\u0131 ele al\u0131yor. Said, her iki d\u00fcnyaya mensup ama ikisine de tam ait olmayan biri olarak, bir yanda tahakk\u00fcm\u00fcn \u00f6b\u00fcr yanda \u201ci\u00e7ine kapanma\u201dn\u0131n alternatifi \u00fcst\u00fcne d\u00fc\u015f\u00fcn\u00fcyor.   Kar\u015f\u0131la\u015ft\u0131rmal\u0131 edebiyat\u0131n yan\u0131 s\u0131ra emperyalizm, d\u00fcnya siyaseti ve kimlik politikalar\u0131na kafa yoranlar i\u00e7in. <\/p>\n","protected":false},"excerpt":{"rendered":"<p>K\u00fclt\u00fcr ve Emperyalizm, Edward W. Said\u2019in \u015earkiyat\u00e7\u0131l\u0131k\u2019la ba\u015flad\u0131\u011f\u0131 tasar\u0131n\u0131n bir par\u00e7as\u0131: Bir yandan k\u00fclt\u00fcr\u00fcn, Bat\u0131 \u201cy\u00fcksek k\u00fclt\u00fcr\u00fc\u201dn\u00fcn emperyalizmle ili\u015fkisini sorguluyor, bu ili\u015fkiyi ortaya \u00e7\u0131karmaya \u00e7al\u0131\u015f\u0131yor; bir<span class=\"excerpt-hellip\"> [\u2026]<\/span><\/p>\n","protected":false},"featured_media":0,"template":"","meta":{"_monsterinsights_skip_tracking":false,"_monsterinsights_sitenote_active":false,"_monsterinsights_sitenote_note":"","_monsterinsights_sitenote_category":0},"product_brand":[],"product_cat":[12370,12304],"product_tag":[],"class_list":{"0":"post-730659","1":"product","2":"type-product","3":"status-publish","5":"product_cat-arastirma-inceleme","6":"product_cat-tarih","7":"pa_cilt-ciltsiz","8":"pa_tur-kitap","9":"pa_yayinevi-metis-yayinlari","10":"pa_yazar-edward-w-said","12":"first","13":"instock","14":"sale","15":"shipping-taxable","16":"purchasable","17":"product-type-simple"},"_links":{"self":[{"href":"https:\/\/roveyayinevi.com.tr\/index.php\/wp-json\/wp\/v2\/product\/730659","targetHints":{"allow":["GET"]}}],"collection":[{"href":"https:\/\/roveyayinevi.com.tr\/index.php\/wp-json\/wp\/v2\/product"}],"about":[{"href":"https:\/\/roveyayinevi.com.tr\/index.php\/wp-json\/wp\/v2\/types\/product"}],"wp:attachment":[{"href":"https:\/\/roveyayinevi.com.tr\/index.php\/wp-json\/wp\/v2\/media?parent=730659"}],"wp:term":[{"taxonomy":"product_brand","embeddable":true,"href":"https:\/\/roveyayinevi.com.tr\/index.php\/wp-json\/wp\/v2\/product_brand?post=730659"},{"taxonomy":"product_cat","embeddable":true,"href":"https:\/\/roveyayinevi.com.tr\/index.php\/wp-json\/wp\/v2\/product_cat?post=730659"},{"taxonomy":"product_tag","embeddable":true,"href":"https:\/\/roveyayinevi.com.tr\/index.php\/wp-json\/wp\/v2\/product_tag?post=730659"}],"curies":[{"name":"wp","href":"https:\/\/api.w.org\/{rel}","templated":true}]}}