{"id":730653,"date":"2025-08-27T21:18:25","date_gmt":"2025-08-27T18:18:25","guid":{"rendered":"https:\/\/roveyayinevi.com.tr\/index.php\/urun\/duanin-ruhu\/"},"modified":"2026-04-16T02:38:34","modified_gmt":"2026-04-15T23:38:34","slug":"duanin-ruhu","status":"publish","type":"product","link":"https:\/\/roveyayinevi.com.tr\/index.php\/urun\/duanin-ruhu\/","title":{"rendered":"Duan\u0131n Ruhu"},"content":{"rendered":"<p>M\u00fcsl\u00fcman bir ailede d\u00fcnyaya geldi\u011fi i\u00e7in, zahmetsizce M\u00fcsl\u00fcman olmu\u015f bizim gibi biri de\u011fil, tam aksine koyu dindar bir H\u0131ristiyan ortam\u0131nda bulundu\u011fu h\u00e2lde, \u0130sl\u00e2m\u2019\u0131 bin bir emek ve \u00e7abayla aray\u0131p bulmu\u015f bir han\u0131mefendiydi Prof. Dr. Eva de Vitray-Meyerovitch. \u0130sl\u00e2m\u2019\u0131n G\u00fclery\u00fcz\u00fc kitab\u0131nda hidayete eri\u015f ser\u00fcvenini geni\u015f\u00e7e anlat\u0131r. Mevl\u00e2na\u2019n\u0131n kitaplar\u0131 sayesinde M\u00fcsl\u00fcman olan ve \u015fimdi Konya\u2019da, \u00e7ok sevdi\u011fi Mevl\u00e2na\u2019s\u0131na yak\u0131n \u00dc\u00e7ler Mezarl\u0131\u011f\u0131\u2019nda bulunan o han\u0131mefendi, Duan\u0131n Ruhu kitab\u0131nda \u0130sl\u00e2m\u2019\u0131n e\u015fsiz g\u00fczelli\u011fini dillendiriyor. Arayarak ve ara\u015ft\u0131rarak buldu\u011fu \u0130sl\u00e2m\u2019\u0131n, Allah\u2019\u0131n insanl\u0131\u011fa nas\u0131l paha bi\u00e7ilmez bir nimeti ve \u00e7ok de\u011ferli bir arma\u011fan\u0131 oldu\u011funu g\u00f6zler \u00f6n\u00fcne seriyor. Ger\u00e7ek huzura ve mutlulu\u011fa da, ancak, g\u00fcndelik hayat\u0131m\u0131zda bu dini hakk\u0131yla ya\u015farsak eri\u015febilece\u011fimize dikkat \u00e7ekiyor.\u0130sl\u00e2m\u2019daki ibadetlerin, namaz\u0131n, orucun, hacc\u0131n ve zek\u00e2t\u0131n, insan\u0131 nas\u0131l insan\u00fcst\u00fc bir h\u00e2le getirdi\u011fini, insan\u0131 nas\u0131l melekle\u015ftirdi\u011fini ve insan\u0131 nas\u0131l g\u00fczelliklerle donatt\u0131\u011f\u0131n\u0131 en ikna edici bir dille izah ediyor. Tek ve ger\u00e7ek sevgilinin Allah oldu\u011funu h\u00fccrelerine kadar duyup, hissetmi\u015f ve ya\u015fam\u0131\u015f, evliya mertebesindeki bu han\u0131mefendi, okuruna, o e\u015fsiz Sevgili\u2019ye ula\u015fabilmenin ve O\u2019nunla bulu\u015fabilmenin yollar\u0131n\u0131 g\u00f6steriyor.<\/p>\n","protected":false},"excerpt":{"rendered":"<p>M\u00fcsl\u00fcman bir ailede d\u00fcnyaya geldi\u011fi i\u00e7in, zahmetsizce M\u00fcsl\u00fcman olmu\u015f bizim gibi biri de\u011fil, tam aksine koyu dindar bir H\u0131ristiyan ortam\u0131nda bulundu\u011fu h\u00e2lde, \u0130sl\u00e2m\u2019\u0131 bin bir emek<span class=\"excerpt-hellip\"> [\u2026]<\/span><\/p>\n","protected":false},"featured_media":0,"template":"","meta":{"_monsterinsights_skip_tracking":false,"_monsterinsights_sitenote_active":false,"_monsterinsights_sitenote_note":"","_monsterinsights_sitenote_category":0},"product_brand":[],"product_cat":[12718,12719,12720],"product_tag":[],"class_list":{"0":"post-730653","1":"product","2":"type-product","3":"status-publish","5":"product_cat-din","6":"product_cat-islam","7":"product_cat-tasavvuf-mezhepler-tarikatlar","8":"pa_cilt-ciltsiz","9":"pa_tur-kitap","10":"pa_yayinevi-sufi-kitap","11":"pa_yazar-eva-de-vitray-meyerovitch","13":"first","14":"instock","15":"sale","16":"shipping-taxable","17":"purchasable","18":"product-type-simple"},"_links":{"self":[{"href":"https:\/\/roveyayinevi.com.tr\/index.php\/wp-json\/wp\/v2\/product\/730653","targetHints":{"allow":["GET"]}}],"collection":[{"href":"https:\/\/roveyayinevi.com.tr\/index.php\/wp-json\/wp\/v2\/product"}],"about":[{"href":"https:\/\/roveyayinevi.com.tr\/index.php\/wp-json\/wp\/v2\/types\/product"}],"wp:attachment":[{"href":"https:\/\/roveyayinevi.com.tr\/index.php\/wp-json\/wp\/v2\/media?parent=730653"}],"wp:term":[{"taxonomy":"product_brand","embeddable":true,"href":"https:\/\/roveyayinevi.com.tr\/index.php\/wp-json\/wp\/v2\/product_brand?post=730653"},{"taxonomy":"product_cat","embeddable":true,"href":"https:\/\/roveyayinevi.com.tr\/index.php\/wp-json\/wp\/v2\/product_cat?post=730653"},{"taxonomy":"product_tag","embeddable":true,"href":"https:\/\/roveyayinevi.com.tr\/index.php\/wp-json\/wp\/v2\/product_tag?post=730653"}],"curies":[{"name":"wp","href":"https:\/\/api.w.org\/{rel}","templated":true}]}}