{"id":730641,"date":"2025-08-27T21:18:13","date_gmt":"2025-08-27T18:18:13","guid":{"rendered":"https:\/\/roveyayinevi.com.tr\/index.php\/urun\/ihlamurlar-altinda-gezinti\/"},"modified":"2026-04-16T02:38:34","modified_gmt":"2026-04-15T23:38:34","slug":"ihlamurlar-altinda-gezinti","status":"publish","type":"product","link":"https:\/\/roveyayinevi.com.tr\/index.php\/urun\/ihlamurlar-altinda-gezinti\/","title":{"rendered":"Ihlamurlar Alt\u0131nda Gezinti"},"content":{"rendered":"<p>18. y\u00fczy\u0131l Alman edebiyat\u0131n\u0131n \u00f6nde gelen isimlerinden Friedrich Schiller dramlar\u0131yla Alman tiyatrosunun standart repertuvar\u0131nda yer al\u0131r. Ayn\u0131 zamanda bir \u00f6yk\u00fcc\u00fc de oldu\u011fu pek bilinmez.   Schiller, dramlar\u0131nda oldu\u011fu gibi \u00f6yk\u00fclerinde de sahicilik aray\u0131\u015f\u0131na girer ve karakterlerinin psikolojik geli\u015fimine odaklan\u0131r. Ceza ve yarg\u0131 sistemi de dahil olmak \u00fczere toplumsal meselelerin salt insan\u0131 g\u00f6z ard\u0131 etti\u011fini d\u00fc\u015f\u00fcnen Schiller, insan psikolojisine e\u011filir. Bu \u00f6yk\u00fclerde ahlaki ikileme d\u00fc\u015fen, umutsuzlu\u011fa s\u00fcr\u00fcklenen, su\u00e7a itilen insan\u0131n a\u00e7maz\u0131n\u0131 ya\u015far\u0131z.   Ihlamurlar Alt\u0131nda Gezinti ba\u015fl\u0131\u011f\u0131 alt\u0131nda toplad\u0131\u011f\u0131m\u0131z bu k\u00fc\u00e7\u00fck kitap, Schiller\u2019in 1782-1792 y\u0131llar\u0131 aras\u0131nda kaleme ald\u0131\u011f\u0131 \u00f6yk\u00fclerini i\u00e7eriyor. <\/p>\n","protected":false},"excerpt":{"rendered":"<p>18. y\u00fczy\u0131l Alman edebiyat\u0131n\u0131n \u00f6nde gelen isimlerinden Friedrich Schiller dramlar\u0131yla Alman tiyatrosunun standart repertuvar\u0131nda yer al\u0131r. Ayn\u0131 zamanda bir \u00f6yk\u00fcc\u00fc de oldu\u011fu pek bilinmez. Schiller, dramlar\u0131nda<span class=\"excerpt-hellip\"> [\u2026]<\/span><\/p>\n","protected":false},"featured_media":0,"template":"","meta":{"_monsterinsights_skip_tracking":false,"_monsterinsights_sitenote_active":false,"_monsterinsights_sitenote_note":"","_monsterinsights_sitenote_category":0},"product_brand":[],"product_cat":[12291,12711],"product_tag":[],"class_list":{"0":"post-730641","1":"product","2":"type-product","3":"status-publish","5":"product_cat-edebiyat","6":"product_cat-roman-oyku","7":"pa_cilt-ciltsiz","8":"pa_tur-kitap","9":"pa_yayinevi-can-yayinlari","10":"pa_yazar-friedrich-schiller","12":"first","13":"instock","14":"sale","15":"shipping-taxable","16":"purchasable","17":"product-type-simple"},"_links":{"self":[{"href":"https:\/\/roveyayinevi.com.tr\/index.php\/wp-json\/wp\/v2\/product\/730641","targetHints":{"allow":["GET"]}}],"collection":[{"href":"https:\/\/roveyayinevi.com.tr\/index.php\/wp-json\/wp\/v2\/product"}],"about":[{"href":"https:\/\/roveyayinevi.com.tr\/index.php\/wp-json\/wp\/v2\/types\/product"}],"wp:attachment":[{"href":"https:\/\/roveyayinevi.com.tr\/index.php\/wp-json\/wp\/v2\/media?parent=730641"}],"wp:term":[{"taxonomy":"product_brand","embeddable":true,"href":"https:\/\/roveyayinevi.com.tr\/index.php\/wp-json\/wp\/v2\/product_brand?post=730641"},{"taxonomy":"product_cat","embeddable":true,"href":"https:\/\/roveyayinevi.com.tr\/index.php\/wp-json\/wp\/v2\/product_cat?post=730641"},{"taxonomy":"product_tag","embeddable":true,"href":"https:\/\/roveyayinevi.com.tr\/index.php\/wp-json\/wp\/v2\/product_tag?post=730641"}],"curies":[{"name":"wp","href":"https:\/\/api.w.org\/{rel}","templated":true}]}}