{"id":730636,"date":"2025-08-27T21:18:07","date_gmt":"2025-08-27T18:18:07","guid":{"rendered":"https:\/\/roveyayinevi.com.tr\/index.php\/urun\/lanetli-krallar-1-demir-kral\/"},"modified":"2026-04-16T02:38:33","modified_gmt":"2026-04-15T23:38:33","slug":"lanetli-krallar-1-demir-kral","status":"publish","type":"product","link":"https:\/\/roveyayinevi.com.tr\/index.php\/urun\/lanetli-krallar-1-demir-kral\/","title":{"rendered":"Lanetli Krallar -1 Demir Kral"},"content":{"rendered":"<p>\u201cLanetli Krallar\u2019da bir tarihi romandan beklenecek her \u015fey var: Demir krallar ve bo\u011fdurulan krali\u00e7eler, sava\u015flar ve ihanetler, yalan ve \u015fehvet, kand\u0131rmaca, hanedanlar\u0131n rekabeti, Tap\u0131nak \u015e\u00f6valyeleri\u2019nin gizemi, do\u011fumda de\u011fi\u015ftirilen bebekler, k\u0131l\u0131\u00e7 ve g\u00fcnah, b\u00fcy\u00fck bir hanedan\u0131n \u00e7\u00f6k\u00fc\u015f\u00fc; \u00fcstelik tamam\u0131na yak\u0131n\u0131 do\u011frudan kronikler ve tarih sayfalar\u0131ndan al\u0131nma. Emin olun, Capet ve Plantagenet\u2019lerin, Stark\u2019lar ve Lannister\u2019lardan geri kal\u0131r yan\u0131 yok. Bana g\u00f6re Maurice Druon, Alexandre Dumas\u2019dan sonra Fransa\u2019dan \u00e7\u0131kan en b\u00fcy\u00fck tarihi romanc\u0131.\u201d \u2013 George R. R. Martin\u2019in sunu\u015f yaz\u0131s\u0131ndan Maurice Druon&#8217;un, Frans\u0131z Capet Hanedan\u0131&#8217;n\u0131n \u00e7\u00f6k\u00fc\u015f\u00fcnden Y\u00fcz Y\u0131l Sava\u015flar\u0131&#8217;n\u0131n ba\u015flang\u0131c\u0131na uzanan \u00e7alkant\u0131l\u0131 d\u00f6nemi ustal\u0131kla aktard\u0131\u011f\u0131 epik tarihi roman serisi, Ahmet Deniz Altunba\u015f&#8217;\u0131n \u00f6zenli \u00e7evirisi ile sonunda T\u00fcrk\u00e7ede! <\/p>\n","protected":false},"excerpt":{"rendered":"<p>\u201cLanetli Krallar\u2019da bir tarihi romandan beklenecek her \u015fey var: Demir krallar ve bo\u011fdurulan krali\u00e7eler, sava\u015flar ve ihanetler, yalan ve \u015fehvet, kand\u0131rmaca, hanedanlar\u0131n rekabeti, Tap\u0131nak \u015e\u00f6valyeleri\u2019nin gizemi,<span class=\"excerpt-hellip\"> [\u2026]<\/span><\/p>\n","protected":false},"featured_media":0,"template":"","meta":{"_monsterinsights_skip_tracking":false,"_monsterinsights_sitenote_active":false,"_monsterinsights_sitenote_note":"","_monsterinsights_sitenote_category":0},"product_brand":[],"product_cat":[12291,50487],"product_tag":[],"class_list":{"0":"post-730636","1":"product","2":"type-product","3":"status-publish","5":"product_cat-edebiyat","6":"product_cat-kurgu","7":"pa_cilt-ciltsiz","8":"pa_tur-kitap","9":"pa_yayinevi-epsilon-yayinlari","10":"pa_yazar-maurice-druon","12":"first","13":"instock","14":"sale","15":"shipping-taxable","16":"purchasable","17":"product-type-simple"},"_links":{"self":[{"href":"https:\/\/roveyayinevi.com.tr\/index.php\/wp-json\/wp\/v2\/product\/730636","targetHints":{"allow":["GET"]}}],"collection":[{"href":"https:\/\/roveyayinevi.com.tr\/index.php\/wp-json\/wp\/v2\/product"}],"about":[{"href":"https:\/\/roveyayinevi.com.tr\/index.php\/wp-json\/wp\/v2\/types\/product"}],"wp:attachment":[{"href":"https:\/\/roveyayinevi.com.tr\/index.php\/wp-json\/wp\/v2\/media?parent=730636"}],"wp:term":[{"taxonomy":"product_brand","embeddable":true,"href":"https:\/\/roveyayinevi.com.tr\/index.php\/wp-json\/wp\/v2\/product_brand?post=730636"},{"taxonomy":"product_cat","embeddable":true,"href":"https:\/\/roveyayinevi.com.tr\/index.php\/wp-json\/wp\/v2\/product_cat?post=730636"},{"taxonomy":"product_tag","embeddable":true,"href":"https:\/\/roveyayinevi.com.tr\/index.php\/wp-json\/wp\/v2\/product_tag?post=730636"}],"curies":[{"name":"wp","href":"https:\/\/api.w.org\/{rel}","templated":true}]}}