{"id":730633,"date":"2025-08-27T21:18:04","date_gmt":"2025-08-27T18:18:04","guid":{"rendered":"https:\/\/roveyayinevi.com.tr\/index.php\/urun\/tuvalin-ardindaki-tarih\/"},"modified":"2026-04-16T02:38:33","modified_gmt":"2026-04-15T23:38:33","slug":"tuvalin-ardindaki-tarih","status":"publish","type":"product","link":"https:\/\/roveyayinevi.com.tr\/index.php\/urun\/tuvalin-ardindaki-tarih\/","title":{"rendered":"Tuvalin Ard\u0131ndaki Tarih"},"content":{"rendered":"<p>De\u011ferli ara\u015ft\u0131rmac\u0131, yazar ve ressam Celal Binzet; \u201cTuvalin Ard\u0131ndaki Tarih\u201dte, \u00fcst\u00fcn sanat\u00e7\u0131lar\u0131n, tarihin \u00e7e\u015fitli d\u00f6nemlerinde yapt\u0131klar\u0131 ve uygar insanl\u0131\u011fa arma\u011fan ettikleri resimlerin gerisindeki ya\u015fanm\u0131\u015fl\u0131klar\u0131, yap\u0131tlar\u0131 yaratanlar\u0131 etkileyen toplumsal ve bireysel olaylar\u0131, ger\u00e7ekleri ve \u00f6yk\u00fcleri anlat\u0131yor. Ve, vars\u0131l bir sanat m\u00fczesinde ziyaret\u00e7ilerini gezdiren usta ve donan\u0131ml\u0131 bir rehber gibi; sanatsever her insan\u0131n mutlaka akl\u0131n\u0131n bir k\u00f6\u015fesinde olan \u00fcnl\u00fc resimler i\u00e7in \u201cne zaman, neden, nas\u0131l ve hangi ko\u015fullarda yap\u0131ld\u0131klar\u0131\u201d gibi sorular\u0131n yan\u0131tlar\u0131n\u0131 k\u0131vrak bir kalem ve yaz\u0131nsal bir bi\u00e7emle veriyor.<\/p>\n","protected":false},"excerpt":{"rendered":"<p>De\u011ferli ara\u015ft\u0131rmac\u0131, yazar ve ressam Celal Binzet; \u201cTuvalin Ard\u0131ndaki Tarih\u201dte, \u00fcst\u00fcn sanat\u00e7\u0131lar\u0131n, tarihin \u00e7e\u015fitli d\u00f6nemlerinde yapt\u0131klar\u0131 ve uygar insanl\u0131\u011fa arma\u011fan ettikleri resimlerin gerisindeki ya\u015fanm\u0131\u015fl\u0131klar\u0131, yap\u0131tlar\u0131 yaratanlar\u0131<span class=\"excerpt-hellip\"> [\u2026]<\/span><\/p>\n","protected":false},"featured_media":0,"template":"","meta":{"_monsterinsights_skip_tracking":false,"_monsterinsights_sitenote_active":false,"_monsterinsights_sitenote_note":"","_monsterinsights_sitenote_category":0},"product_brand":[],"product_cat":[12408,14197],"product_tag":[],"class_list":{"0":"post-730633","1":"product","2":"type-product","3":"status-publish","5":"product_cat-sanat","6":"product_cat-sanat-tarihi","7":"pa_cilt-ciltsiz","8":"pa_tur-kitap","9":"pa_yayinevi-cumhuriyet-kitaplari","10":"pa_yazar-a-celal-binzet","12":"first","13":"instock","14":"sale","15":"shipping-taxable","16":"purchasable","17":"product-type-simple"},"_links":{"self":[{"href":"https:\/\/roveyayinevi.com.tr\/index.php\/wp-json\/wp\/v2\/product\/730633","targetHints":{"allow":["GET"]}}],"collection":[{"href":"https:\/\/roveyayinevi.com.tr\/index.php\/wp-json\/wp\/v2\/product"}],"about":[{"href":"https:\/\/roveyayinevi.com.tr\/index.php\/wp-json\/wp\/v2\/types\/product"}],"wp:attachment":[{"href":"https:\/\/roveyayinevi.com.tr\/index.php\/wp-json\/wp\/v2\/media?parent=730633"}],"wp:term":[{"taxonomy":"product_brand","embeddable":true,"href":"https:\/\/roveyayinevi.com.tr\/index.php\/wp-json\/wp\/v2\/product_brand?post=730633"},{"taxonomy":"product_cat","embeddable":true,"href":"https:\/\/roveyayinevi.com.tr\/index.php\/wp-json\/wp\/v2\/product_cat?post=730633"},{"taxonomy":"product_tag","embeddable":true,"href":"https:\/\/roveyayinevi.com.tr\/index.php\/wp-json\/wp\/v2\/product_tag?post=730633"}],"curies":[{"name":"wp","href":"https:\/\/api.w.org\/{rel}","templated":true}]}}