{"id":730612,"date":"2025-08-27T21:17:34","date_gmt":"2025-08-27T18:17:34","guid":{"rendered":"https:\/\/roveyayinevi.com.tr\/index.php\/urun\/altinci-kogus-3\/"},"modified":"2026-04-16T02:38:33","modified_gmt":"2026-04-15T23:38:33","slug":"altinci-kogus-3","status":"publish","type":"product","link":"https:\/\/roveyayinevi.com.tr\/index.php\/urun\/altinci-kogus-3\/","title":{"rendered":"Alt\u0131nc\u0131 Ko\u011fu\u015f"},"content":{"rendered":"<p>Evet hastay\u0131m. Lakin d\u0131\u015far\u0131da onlarca, y\u00fczlerce deli dola\u015f\u0131yor hepsi \u00f6zg\u00fcrler zira sizin cehaletiniz onlar\u0131 ay\u0131rt etmekten acizdir.\u201d \u0130van Dmitri\u00e7, Alt\u0131nc\u0131 Ko\u011fu\u015fta ni\u00e7in tedavi g\u00f6r\u00fcyor? Bu s\u00f6zlerin sahibi bir deli olabilir mi? Yoksa el birli\u011fi ile delirtildi mi? Sistemin \u00e7arklar\u0131 aras\u0131nda ezildik\u00e7e \u00e7\u0131\u011fl\u0131klar\u0131 duyulan ve bunun sonucunda hastaneye kapat\u0131lan ka\u00e7 ki\u015fi vard\u0131r? K\u0131sa \u00f6yk\u00fcn\u00fcn y\u00fcz ak\u0131 Anton \u00c7ehov sizi insanl\u0131k, toplum ve birey \u00fczerine d\u00fc\u015f\u00fcnmeye ve sorgulamaya davet ediyor. <\/p>\n","protected":false},"excerpt":{"rendered":"<p>Evet hastay\u0131m. Lakin d\u0131\u015far\u0131da onlarca, y\u00fczlerce deli dola\u015f\u0131yor hepsi \u00f6zg\u00fcrler zira sizin cehaletiniz onlar\u0131 ay\u0131rt etmekten acizdir.\u201d \u0130van Dmitri\u00e7, Alt\u0131nc\u0131 Ko\u011fu\u015fta ni\u00e7in tedavi g\u00f6r\u00fcyor? Bu s\u00f6zlerin<span class=\"excerpt-hellip\"> [\u2026]<\/span><\/p>\n","protected":false},"featured_media":0,"template":"","meta":{"_monsterinsights_skip_tracking":false,"_monsterinsights_sitenote_active":false,"_monsterinsights_sitenote_note":"","_monsterinsights_sitenote_category":0},"product_brand":[],"product_cat":[12291,18202],"product_tag":[],"class_list":{"0":"post-730612","1":"product","2":"type-product","3":"status-publish","5":"product_cat-edebiyat","6":"product_cat-hikaye","7":"pa_cilt-ciltsiz","8":"pa_tur-kitap","9":"pa_yayinevi-fol-kitap","10":"pa_yazar-anton-pavlovic-cehov","12":"first","13":"instock","14":"sale","15":"shipping-taxable","16":"purchasable","17":"product-type-simple"},"_links":{"self":[{"href":"https:\/\/roveyayinevi.com.tr\/index.php\/wp-json\/wp\/v2\/product\/730612","targetHints":{"allow":["GET"]}}],"collection":[{"href":"https:\/\/roveyayinevi.com.tr\/index.php\/wp-json\/wp\/v2\/product"}],"about":[{"href":"https:\/\/roveyayinevi.com.tr\/index.php\/wp-json\/wp\/v2\/types\/product"}],"wp:attachment":[{"href":"https:\/\/roveyayinevi.com.tr\/index.php\/wp-json\/wp\/v2\/media?parent=730612"}],"wp:term":[{"taxonomy":"product_brand","embeddable":true,"href":"https:\/\/roveyayinevi.com.tr\/index.php\/wp-json\/wp\/v2\/product_brand?post=730612"},{"taxonomy":"product_cat","embeddable":true,"href":"https:\/\/roveyayinevi.com.tr\/index.php\/wp-json\/wp\/v2\/product_cat?post=730612"},{"taxonomy":"product_tag","embeddable":true,"href":"https:\/\/roveyayinevi.com.tr\/index.php\/wp-json\/wp\/v2\/product_tag?post=730612"}],"curies":[{"name":"wp","href":"https:\/\/api.w.org\/{rel}","templated":true}]}}