{"id":730600,"date":"2025-08-27T21:17:22","date_gmt":"2025-08-27T18:17:22","guid":{"rendered":"https:\/\/roveyayinevi.com.tr\/index.php\/urun\/alfabe-ve-matbuat\/"},"modified":"2026-04-16T02:38:33","modified_gmt":"2026-04-15T23:38:33","slug":"alfabe-ve-matbuat","status":"publish","type":"product","link":"https:\/\/roveyayinevi.com.tr\/index.php\/urun\/alfabe-ve-matbuat\/","title":{"rendered":"Alfabe ve Matbuat"},"content":{"rendered":"<p>Tu\u0308rkiye\u2019de 1 Kas\u0131m 1928\u2019de kabul edilen Alfabe Devrimi, Arap harfli Tu\u0308rkc\u0327e yaz\u0131 sistemine oranla okumay\u0131 ve yazmay\u0131 kolaylas\u0327t\u0131rmas\u0131n\u0131n yan\u0131 s\u0131ra, siyasal retorig\u0306ini Osmanl\u0131 gec\u0327mis\u0327inden kopus\u0327 u\u0308zerinden tan\u0131mlayan Erken Cumhuriyet modernles\u0327mesinin yeni yu\u0308zu\u0308nu\u0308 olus\u0327turdu. Yeni alfabeyle okuma yazma eg\u0306itimi seferberlig\u0306inde Millet Mektepleri, u\u0308lkede milli\u0302 matbuat ku\u0308ltu\u0308ru\u0308nu\u0308n olus\u0327turulmas\u0131nda ise Matbuat Umum Mu\u0308du\u0308rlu\u0308g\u0306u\u0308 idaresinde 1934\u2019te yap\u0131land\u0131r\u0131lan matbuat rejimi etkin rol oynad\u0131.Erken Cumhuriyet do\u0308nemi Tu\u0308rkiye\u2019sinde matbuat rejimi, 1930\u2019larda Avrupa, ABD ve Sovyetler Birlig\u0306i\u2019nde yu\u0308ru\u0308tu\u0308len matbuat rejimlerindeki gibi siyasal iktidarlar\u0131n denetimine giren resmi\u0302 ve hususi yay\u0131mc\u0131l\u0131g\u0306\u0131 merkezi politikalarla s\u0327ekillendirmesi ve k\u0131rsal bo\u0308lgelere ulas\u0327abilen yay\u0131n faaliyetleriyle resmi\u0302 modernles\u0327me ideolojisini kitlelere benimsetmesi ac\u0327\u0131s\u0131ndan etkili bir ku\u0308ltu\u0308r yo\u0308netimiydi. 1930\u2019larda sosyalist, fas\u0327ist veya liberal rejimlerin kitle iletis\u0327iminde ve eg\u0306itim politikalar\u0131nda etkin rol alan matbuat rejimlerinin ortak hedefi, resmi\u0302 modernles\u0327me ideolojisini toplumsal ku\u0308ltu\u0308re do\u0308nu\u0308s\u0327tu\u0308rebilmekti.Alfabe ve Matbuat, Erken Cumhuriyet do\u0308nemi Tu\u0308rkiye\u2019sinde ulusun ins\u0327as\u0131 so\u0308yleminin, alfabe kitaplar\u0131ndan resmi\u0302 propaganda yay\u0131nlar\u0131na uzanan genis\u0327 o\u0308lc\u0327ekteki matbuat u\u0308ru\u0308nleriyle somutlas\u0327t\u0131r\u0131lmas\u0131n\u0131n ve kitlelere as\u0327\u0131lanmas\u0131n\u0131n on y\u0131ll\u0131k siyasetini inceliyor. Yay\u0131n, Tu\u0308rkiye\u2019de milli\u0302 yaz\u0131l\u0131 ku\u0308ltu\u0308ru\u0308 belirleyen Alfabe Devrimi\u2019nin ve milli\u0302 matbuat ku\u0308ltu\u0308ru\u0308nu\u0308 bic\u0327imlendiren matbuat rejiminin gelis\u0327im su\u0308rec\u0327lerini, Tu\u0308rkiye\u2019nin koms\u0327usu ve mu\u0308ttefiki olan siyasal rejimlerle 1920\u2019li ve 1930\u2019lu y\u0131llarda kurdug\u0306u ku\u0308ltu\u0308rel ilis\u0327kiler u\u0308zerinden kars\u0327\u0131las\u0327t\u0131rarak ele almay\u0131 ve iki du\u0308nya savas\u0327\u0131 aras\u0131nda Tu\u0308rkiye\u2019deki uluslas\u0327ma siyasetinde o\u0308ne c\u0327\u0131kan milli\u0302 matbuat ku\u0308ltu\u0308ru\u0308nu\u0308 yeniden okumay\u0131 o\u0308neriyor.<\/p>\n","protected":false},"excerpt":{"rendered":"<p>Tu\u0308rkiye\u2019de 1 Kas\u0131m 1928\u2019de kabul edilen Alfabe Devrimi, Arap harfli Tu\u0308rkc\u0327e yaz\u0131 sistemine oranla okumay\u0131 ve yazmay\u0131 kolaylas\u0327t\u0131rmas\u0131n\u0131n yan\u0131 s\u0131ra, siyasal retorig\u0306ini Osmanl\u0131 gec\u0327mis\u0327inden kopus\u0327 u\u0308zerinden<span class=\"excerpt-hellip\"> [\u2026]<\/span><\/p>\n","protected":false},"featured_media":0,"template":"","meta":{"_monsterinsights_skip_tracking":false,"_monsterinsights_sitenote_active":false,"_monsterinsights_sitenote_note":"","_monsterinsights_sitenote_category":0},"product_brand":[],"product_cat":[12304,14128],"product_tag":[],"class_list":{"0":"post-730600","1":"product","2":"type-product","3":"status-publish","5":"product_cat-tarih","6":"product_cat-yakin-tarih","7":"pa_cilt-ciltsiz","8":"pa_tur-kitap","9":"pa_yayinevi-koc-universitesi-yayinlari","10":"pa_yazar-sinan-niyazioglu","12":"first","13":"instock","14":"sale","15":"shipping-taxable","16":"purchasable","17":"product-type-simple"},"_links":{"self":[{"href":"https:\/\/roveyayinevi.com.tr\/index.php\/wp-json\/wp\/v2\/product\/730600","targetHints":{"allow":["GET"]}}],"collection":[{"href":"https:\/\/roveyayinevi.com.tr\/index.php\/wp-json\/wp\/v2\/product"}],"about":[{"href":"https:\/\/roveyayinevi.com.tr\/index.php\/wp-json\/wp\/v2\/types\/product"}],"wp:attachment":[{"href":"https:\/\/roveyayinevi.com.tr\/index.php\/wp-json\/wp\/v2\/media?parent=730600"}],"wp:term":[{"taxonomy":"product_brand","embeddable":true,"href":"https:\/\/roveyayinevi.com.tr\/index.php\/wp-json\/wp\/v2\/product_brand?post=730600"},{"taxonomy":"product_cat","embeddable":true,"href":"https:\/\/roveyayinevi.com.tr\/index.php\/wp-json\/wp\/v2\/product_cat?post=730600"},{"taxonomy":"product_tag","embeddable":true,"href":"https:\/\/roveyayinevi.com.tr\/index.php\/wp-json\/wp\/v2\/product_tag?post=730600"}],"curies":[{"name":"wp","href":"https:\/\/api.w.org\/{rel}","templated":true}]}}