{"id":730590,"date":"2025-08-27T21:17:11","date_gmt":"2025-08-27T18:17:11","guid":{"rendered":"https:\/\/roveyayinevi.com.tr\/index.php\/urun\/acaba-nerede\/"},"modified":"2026-04-16T02:38:33","modified_gmt":"2026-04-15T23:38:33","slug":"acaba-nerede","status":"publish","type":"product","link":"https:\/\/roveyayinevi.com.tr\/index.php\/urun\/acaba-nerede\/","title":{"rendered":"Acaba Nerede?"},"content":{"rendered":"<p>Herkesin kaybetti\u011fi bir \u015feyler var.Bazen bir oyuncak, bazen bir \u00e7orap, bazen anahtar&#8230;Bazen zaman kaybederiz&#8230;Bazen de gidece\u011fimiz yolu&#8230;Bir \u015feyleri kaybediyorsak bulabiliriz de.Umudumuzu kaybetmedi\u011fimiz s\u00fcrece. <\/p>\n","protected":false},"excerpt":{"rendered":"<p>Herkesin kaybetti\u011fi bir \u015feyler var.Bazen bir oyuncak, bazen bir \u00e7orap, bazen anahtar&#8230;Bazen zaman kaybederiz&#8230;Bazen de gidece\u011fimiz yolu&#8230;Bir \u015feyleri kaybediyorsak bulabiliriz de.Umudumuzu kaybetmedi\u011fimiz s\u00fcrece.<\/p>\n","protected":false},"featured_media":0,"template":"","meta":{"_monsterinsights_skip_tracking":false,"_monsterinsights_sitenote_active":false,"_monsterinsights_sitenote_note":"","_monsterinsights_sitenote_category":0},"product_brand":[],"product_cat":[12913,12274],"product_tag":[],"class_list":{"0":"post-730590","1":"product","2":"type-product","3":"status-publish","5":"product_cat-3-6-yas-kitaplari","6":"product_cat-cocuk-ve-genclik-kitaplari","7":"pa_cilt-ciltsiz","8":"pa_tur-kitap","9":"pa_yayinevi-masalperest","10":"pa_yazar-eylul-senyurek-altas","12":"first","13":"instock","14":"sale","15":"shipping-taxable","16":"purchasable","17":"product-type-simple"},"_links":{"self":[{"href":"https:\/\/roveyayinevi.com.tr\/index.php\/wp-json\/wp\/v2\/product\/730590","targetHints":{"allow":["GET"]}}],"collection":[{"href":"https:\/\/roveyayinevi.com.tr\/index.php\/wp-json\/wp\/v2\/product"}],"about":[{"href":"https:\/\/roveyayinevi.com.tr\/index.php\/wp-json\/wp\/v2\/types\/product"}],"wp:attachment":[{"href":"https:\/\/roveyayinevi.com.tr\/index.php\/wp-json\/wp\/v2\/media?parent=730590"}],"wp:term":[{"taxonomy":"product_brand","embeddable":true,"href":"https:\/\/roveyayinevi.com.tr\/index.php\/wp-json\/wp\/v2\/product_brand?post=730590"},{"taxonomy":"product_cat","embeddable":true,"href":"https:\/\/roveyayinevi.com.tr\/index.php\/wp-json\/wp\/v2\/product_cat?post=730590"},{"taxonomy":"product_tag","embeddable":true,"href":"https:\/\/roveyayinevi.com.tr\/index.php\/wp-json\/wp\/v2\/product_tag?post=730590"}],"curies":[{"name":"wp","href":"https:\/\/api.w.org\/{rel}","templated":true}]}}