{"id":730584,"date":"2025-08-27T21:17:05","date_gmt":"2025-08-27T18:17:05","guid":{"rendered":"https:\/\/roveyayinevi.com.tr\/index.php\/urun\/evren-sayilarla-konusur\/"},"modified":"2026-04-16T02:38:32","modified_gmt":"2026-04-15T23:38:32","slug":"evren-sayilarla-konusur","status":"publish","type":"product","link":"https:\/\/roveyayinevi.com.tr\/index.php\/urun\/evren-sayilarla-konusur\/","title":{"rendered":"Evren Say\u0131larla Konu\u015fur"},"content":{"rendered":"<p>\u201cEinstein tam bir ka\u00e7\u0131k.\u201d Gen\u00e7 ve ukala Robert Oppenheimer, 1935 y\u0131l\u0131n\u0131n ba\u015flar\u0131nda Princeton\u2019da Einstein\u2019\u0131 ziyaret etmesinin ard\u0131ndan, d\u00fcnyan\u0131n en \u00fcnl\u00fc bilim insan\u0131n\u0131 bu \u015fekilde tan\u0131mlam\u0131\u015ft\u0131. Einstein o d\u00f6nemde yakla- \u015f\u0131k on y\u0131ld\u0131r yeni ve c\u00fcretk\u00e2r bir teori geli\u015ftirmeye \u00e7al\u0131\u015f\u0131yordu ve bu teori, Oppenheimer ve di\u011ferlerinin g\u00f6z\u00fcnde Princeton\u2019daki bilge adam\u0131n yoldan \u00e7\u0131km\u0131\u015f oldu\u011funu \u00e7e\u015fitli \u015fekillerde g\u00f6steriyordu. G\u00f6r\u00fcnd\u00fc\u011f\u00fc kadar\u0131yla Eins- tein, maddeyi en k\u00fc\u00e7\u00fck \u00f6l\u00e7ekte anlamak ad\u0131na kuantum teorisi arac\u0131l\u0131\u011f\u0131yla at\u0131lan ad\u0131mlar\u0131 g\u00f6rmezden gelmekteydi. C\u00fcretk\u00e2r bir yeni teori aray\u0131\u015f\u0131ndayd\u0131; amac\u0131 \u015fa\u015f\u0131rt\u0131c\u0131 deneysel ke\u015fiflere kar\u015f\u0131l\u0131k vermek de\u011fil, entelekt\u00fcel bir d\u00fc\u015f\u00fcnce al\u0131\u015ft\u0131rmas\u0131 ger\u00e7ekle\u015ftirmekti; yaln\u0131zca hayal g\u00fcc\u00fcn\u00fc kullan\u0131yordu, deste\u011fi de matematikti. Bu yakla\u015f\u0131m o d\u00f6nemin bilim insanlar\u0131 aras\u0131nda pop\u00fcler olmasa da, en se\u00e7kin haleflerinden baz\u0131lar\u0131n\u0131n g\u00fcn\u00fcm\u00fczde ara\u015ft\u0131rma d\u00fcnyas\u0131n\u0131n \u00f6n saflar\u0131nda ba\u015far\u0131yla kulland\u0131\u011f\u0131 bir metoda \u00f6nc\u00fcl\u00fck etmi\u015f oluyordu.\u201cKitab\u0131n dili g\u00fczel, okumas\u0131 keyifli ve \u00e7ok derin bilgilere dayan\u0131yor. G\u00fcn\u00fcm\u00fczde evrenin i\u015fleyi\u015fini anlatan en pop\u00fcler ve en \u015f\u0131k teorilerin test edilmesi giderek daha zor bir hal al\u0131yor, hatta imk\u00e2ns\u0131zla\u015f\u0131yor; ama Farmelo ustal\u0131kla yazd\u0131\u011f\u0131 bu kitab\u0131nda, bu teorilerin bizi ger\u00e7ekli\u011fin kalbinde yatan derin matemati\u011fe g\u00f6t\u00fcrd\u00fc\u011f\u00fcn\u00fc s\u00f6yl\u00fcyor.\u201dRoger Highfield, Londra Bilim M\u00fczesi D\u0131\u015f \u0130li\u015fkiler Direkt\u00f6r\u00fc\u201cFarmelo, matematikle teorik fizik aras\u0131ndaki hareketli dans\u0131n ge\u00e7mi\u015fini b\u00fcy\u00fck ustal\u0131kla anlat\u0131rken, bizi Newton\u2019dan al\u0131p Einstein\u2019a, sicim teorisine ve daha da \u00f6tesine g\u00f6t\u00fcr\u00fcyor. Bu kitap, bu iki disiplinin ge\u00e7mi\u015fiyle veya bug\u00fcn\u00fcyle ilgilenen herkesin okumas\u0131 gereken bir eser konumunda.\u201dJacob Bourjaily (Fizik B\u00f6l\u00fcm\u00fc), Uluslararas\u0131 Niels Bohr Akademisi, Kopenhag \u00dcniversitesi<\/p>\n","protected":false},"excerpt":{"rendered":"<p>\u201cEinstein tam bir ka\u00e7\u0131k.\u201d Gen\u00e7 ve ukala Robert Oppenheimer, 1935 y\u0131l\u0131n\u0131n ba\u015flar\u0131nda Princeton\u2019da Einstein\u2019\u0131 ziyaret etmesinin ard\u0131ndan, d\u00fcnyan\u0131n en \u00fcnl\u00fc bilim insan\u0131n\u0131 bu \u015fekilde tan\u0131mlam\u0131\u015ft\u0131. Einstein<span class=\"excerpt-hellip\"> [\u2026]<\/span><\/p>\n","protected":false},"featured_media":0,"template":"","meta":{"_monsterinsights_skip_tracking":false,"_monsterinsights_sitenote_active":false,"_monsterinsights_sitenote_note":"","_monsterinsights_sitenote_category":0},"product_brand":[],"product_cat":[13005,15998],"product_tag":[],"class_list":{"0":"post-730584","1":"product","2":"type-product","3":"status-publish","5":"product_cat-bilim-muhendislik","6":"product_cat-bilim-tarihi","7":"pa_cilt-ciltsiz","8":"pa_tur-kitap","9":"pa_yayinevi-ayrinti-yayinlari","10":"pa_yazar-graham-farmelo","12":"first","13":"instock","14":"sale","15":"shipping-taxable","16":"purchasable","17":"product-type-simple"},"_links":{"self":[{"href":"https:\/\/roveyayinevi.com.tr\/index.php\/wp-json\/wp\/v2\/product\/730584","targetHints":{"allow":["GET"]}}],"collection":[{"href":"https:\/\/roveyayinevi.com.tr\/index.php\/wp-json\/wp\/v2\/product"}],"about":[{"href":"https:\/\/roveyayinevi.com.tr\/index.php\/wp-json\/wp\/v2\/types\/product"}],"wp:attachment":[{"href":"https:\/\/roveyayinevi.com.tr\/index.php\/wp-json\/wp\/v2\/media?parent=730584"}],"wp:term":[{"taxonomy":"product_brand","embeddable":true,"href":"https:\/\/roveyayinevi.com.tr\/index.php\/wp-json\/wp\/v2\/product_brand?post=730584"},{"taxonomy":"product_cat","embeddable":true,"href":"https:\/\/roveyayinevi.com.tr\/index.php\/wp-json\/wp\/v2\/product_cat?post=730584"},{"taxonomy":"product_tag","embeddable":true,"href":"https:\/\/roveyayinevi.com.tr\/index.php\/wp-json\/wp\/v2\/product_tag?post=730584"}],"curies":[{"name":"wp","href":"https:\/\/api.w.org\/{rel}","templated":true}]}}

Evren Sayılarla Konuşur

<p>“Einstein tam bir kaçık.” Genç ve ukala Robert Oppenheimer, 1935 yılının başlarında Princeton’da Einstein’ı ziyaret etmesinin ardından, dünyanın en ünlü bilim insanını bu şekilde tanımlamıştı. Einstein o dönemde yakla- şık on yıldır yeni ve cüretkâr bir teori geliştirmeye çalışıyordu ve bu teori, Oppenheimer ve diğerlerinin gözünde Princeton’daki bilge adamın yoldan çıkmış olduğunu çeşitli şekillerde gösteriyordu. Göründüğü kadarıyla Eins- tein, maddeyi en küçük ölçekte anlamak adına kuantum teorisi aracılığıyla atılan adımları görmezden gelmekteydi. Cüretkâr bir yeni teori arayışındaydı; amacı şaşırtıcı deneysel keşiflere karşılık vermek değil, entelektüel bir düşünce alıştırması gerçekleştirmekti; yalnızca hayal gücünü kullanıyordu, desteği de matematikti. Bu yaklaşım o dönemin bilim insanları arasında popüler olmasa da, en seçkin haleflerinden bazılarının günümüzde araştırma dünyasının ön saflarında başarıyla kullandığı bir metoda öncülük etmiş oluyordu.“Kitabın dili güzel, okuması keyifli ve çok derin bilgilere dayanıyor. Günümüzde evrenin işleyişini anlatan en popüler ve en şık teorilerin test edilmesi giderek daha zor bir hal alıyor, hatta imkânsızlaşıyor; ama Farmelo ustalıkla yazdığı bu kitabında, bu teorilerin bizi gerçekliğin kalbinde yatan derin matematiğe götürdüğünü söylüyor.”Roger Highfield, Londra Bilim Müzesi Dış İlişkiler Direktörü“Farmelo, matematikle teorik fizik arasındaki hareketli dansın geçmişini büyük ustalıkla anlatırken, bizi Newton’dan alıp Einstein’a, sicim teorisine ve daha da ötesine götürüyor. Bu kitap, bu iki disiplinin geçmişiyle veya bugünüyle ilgilenen herkesin okuması gereken bir eser konumunda.”Jacob Bourjaily (Fizik Bölümü), Uluslararası Niels Bohr Akademisi, Kopenhag Üniversitesi</p>

<p>“Einstein tam bir kaçık.” Genç ve ukala Robert Oppenheimer, 1935 yılının başlarında Princeton’da Einstein’ı ziyaret etmesinin ardından, dünyanın en ünlü bilim insanını bu şekilde tanımlamıştı. Einstein<span class="excerpt-hellip"> […]</span></p>
