{"id":730581,"date":"2025-08-27T21:17:01","date_gmt":"2025-08-27T18:17:01","guid":{"rendered":"https:\/\/roveyayinevi.com.tr\/index.php\/urun\/ektelesi-serisi\/"},"modified":"2025-10-14T06:36:58","modified_gmt":"2025-10-14T03:36:58","slug":"ektelesi-serisi","status":"publish","type":"product","link":"https:\/\/roveyayinevi.com.tr\/index.php\/urun\/ektelesi-serisi\/","title":{"rendered":"Ektelesi Serisi"},"content":{"rendered":"<p>Ektelesi Serisinin; d\u00f6rt karakteri, d\u00f6rt farkl\u0131 yazar taraf\u0131ndan yaz\u0131lm\u0131\u015ft\u0131r.AYKAN: \u201cAksak Karga Alkan dedi ki; \u201cKorumakla y\u00fck\u00fcml\u00fc oldu\u011fumuz insan \u0131rk\u0131 kendini yaratan Tanr\u0131\u2019ya dahi ba\u015fkald\u0131rd\u0131. Onlar yok edilmeli hatta bizlerin i\u00e7inde olan insani taraf\u0131m\u0131z dahi yok edilmeli. Karga \u0131rk\u0131, yar\u0131 karga formunda ya\u015famal\u0131 ve insan formuna giren \u00f6ld\u00fcr\u00fclmeli\u2026 Bizler tekrar u\u00e7man\u0131n sadece g\u00f6rev de\u011fil \u00f6zg\u00fcrl\u00fck oldu\u011funu hat\u0131rlamal\u0131y\u0131z.\u201dBaz\u0131 ideolojiler vard\u0131r, dillendirilir ama ya\u015fama adapte edilmez, edilemez. Belki ben ideolojimi dillendirmi\u015f olabilirim ama bunun tam olarak ger\u00e7ekle\u015fmesini istiyor muyum emin de\u011filim. Ya\u015fam kayna\u011f\u0131 nefes almak gibi g\u00f6r\u00fcnse de ak\u0131ll\u0131 varl\u0131klar\u0131n ya\u015fam kayna\u011f\u0131 yasad\u0131r. Yasa olmazsa ya\u015famlar biter. Ger\u00e7i do\u011fru yasalar\u0131n i\u00e7inde de biten ya\u015famlar olabilir. Olsun bu say\u0131 az\u0131nl\u0131kta kal\u0131r.\u201cPe\u015fimden u\u00e7un\u2026 Yasalar\u0131m\u0131z\u0131 korumak i\u00e7in pe\u015fimde ya\u015fay\u0131n\u2026 ve \u00f6ld\u00fc\u011f\u00fcn\u00fczde huzuru bulun.\u201d dedim. Ve ba\u011flar\u0131n\u0131 \u00e7\u00f6zd\u00fcm.ADR\u0130AN: \u201cNefretim, akan bir nehir gibi s\u00fcrekli kendini yeniliyor suratlar\u0131n\u0131z\u0131 g\u00f6r\u00fcnce.\u201dDistopik bir ya\u015famd\u0131r Adrian!Ektelesi serisinin \u0130dam Seremonisi\u2019nde d\u00f6v\u00fc\u015fmeye mahk\u00fbm edilen d\u00f6rd\u00fcnc\u00fc karakteri Adrian, \u00fctopik ya\u015famlar\u0131n aras\u0131nda g\u00f6rd\u00fc\u011f\u00fc\/g\u00f6rmek istedi\u011fi ve t\u00fcm bedeninin yan\u0131nda ruhunun da kanla kapland\u0131\u011f\u0131 bir hayat hik\u00e2yesidir.\u201cE\u011fer insanlar bilseydi bizim soyumuzu ve onlar\u0131 korumak i\u00e7in g\u00f6revlendirildi\u011fimizi, eminim, bir g\u00fcn isyan edebilece\u011fimizin korkusundan \u00f6l\u00fcrlerdi! Tanr\u0131\u2019ysa bir ressam gibi b\u00fct\u00fcn f\u0131r\u00e7alar\u0131n\u0131 tuvalin \u00fcst\u00fcnde par\u00e7alay\u0131p biz ulu Karga \u0130nsanlar\u0131; insanlardan daha ak\u0131ll\u0131, hayvanlardan daha asil olarak yaratm\u0131\u015ft\u0131.\u201dSVE\u0130N: \u0130nsanl\u0131\u011f\u0131 g\u00f6lgelerin aras\u0131ndan gizlice korumakta olan yar\u0131 karga yar\u0131 insan \u0131rk\u0131n\u0131n \u00fcyesi Svein Larian, do\u011farken annesini, on ya\u015f\u0131ndayken babas\u0131n\u0131 kaybetmi\u015fti. Hi\u00e7bir \u015feyi kalmam\u0131\u015fken benli\u011fini her \u015feyiyle ona adayaca\u011f\u0131 kad\u0131nla tan\u0131\u015ft\u0131. Hayat\u0131n\u0131n d\u00f6n\u00fcm noktas\u0131nda olan Svein, tapt\u0131\u011f\u0131 kad\u0131n\u0131n g\u00f6zetiminde b\u00fcy\u00fcrken, bu kad\u0131n\u0131n emirleri do\u011frultusunda dostlar\u0131n\u0131 bile g\u00f6z\u00fcn\u00fc k\u0131rpmadan \u00f6ld\u00fcrebilen bir makineye d\u00f6n\u00fc\u015fecekti. Ald\u0131\u011f\u0131 son emirle \u0130dam Senfonisi\u2019ne giden Svein, \u00f6l\u00fcmle burun buruna gelecekti ve bunun \u00f6d\u00fcl\u00fc tapt\u0131\u011f\u0131 kad\u0131n ile \u00f6zg\u00fcrce ya\u015fayaca\u011f\u0131 bir hayat olacakt\u0131.VEGTER: Kiral\u0131k bedenimden kurtulman\u0131n rahatl\u0131\u011f\u0131yla g\u00f6\u011fe do\u011fru y\u00fckselmeye devam ederken zihnimin kontrol\u00fcn\u00fc kaybetmi\u015f; i\u00e7 i\u00e7e girmi\u015f, birbiriyle ahenkli yedi g\u00f6k katman\u0131n\u0131n b\u00fcy\u00fcs\u00fcne kap\u0131lm\u0131\u015ft\u0131m. Yedi paralel evreni \u00e7epe\u00e7evre ku\u015fatan k\u00fcrsi kat\u0131 ve t\u00fcm bunlar\u0131n da \u00fczerindeki ar\u015f\u0131n ve her \u015feyin yarat\u0131c\u0131s\u0131 olan ger\u00e7ek Tanr\u0131\u2019n\u0131n hissi h\u00fccrelerimde dola\u015fmaya ba\u015flam\u0131\u015ft\u0131. Niteli\u011fini tam olarak bilemedi\u011fim anti-madde evreni i\u00e7erisinde g\u00f6kler aras\u0131 ge\u00e7i\u015f noktalar\u0131n\u0131, kap\u0131lar\u0131, g\u00f6klerin bucaklar\u0131n\u0131 g\u00f6rebiliyor ancak daha ilerisine ge\u00e7emiyordum. \u015eeytan tohumu sahte tanr\u0131lar\u0131n kat\u0131ndayd\u0131m. Hesapla\u015fma vakti gelmi\u015fti. Zeus\u2019un k\u0131z\u0131 ve Apollon\u2019un k\u0131z karde\u015fi sonsuz bakire Artemis\u2019in soyundan gelen annem Drjan\u2019\u0131n rahmine \u00fcflendi\u011fim g\u00fcne \u015f\u00fck\u00fcrler olsun.<\/p>\n","protected":false},"excerpt":{"rendered":"<p>Ektelesi Serisinin; d\u00f6rt karakteri, d\u00f6rt farkl\u0131 yazar taraf\u0131ndan yaz\u0131lm\u0131\u015ft\u0131r.AYKAN: \u201cAksak Karga Alkan dedi ki; \u201cKorumakla y\u00fck\u00fcml\u00fc oldu\u011fumuz insan \u0131rk\u0131 kendini yaratan Tanr\u0131\u2019ya dahi ba\u015fkald\u0131rd\u0131. Onlar yok<span class=\"excerpt-hellip\"> [\u2026]<\/span><\/p>\n","protected":false},"featured_media":0,"template":"","meta":{"_monsterinsights_skip_tracking":false,"_monsterinsights_sitenote_active":false,"_monsterinsights_sitenote_note":"","_monsterinsights_sitenote_category":0},"product_brand":[],"product_cat":[12291,14777],"product_tag":[],"class_list":{"0":"post-730581","1":"product","2":"type-product","3":"status-publish","5":"product_cat-edebiyat","6":"product_cat-fantastik","7":"pa_cilt-ciltsiz","8":"pa_tur-kitap","9":"pa_yayinevi-vaveyla-yayincilik","10":"pa_yazar-vaveyla-yayincilik-kolektif","12":"first","13":"instock","14":"sale","15":"shipping-taxable","16":"purchasable","17":"product-type-simple"},"_links":{"self":[{"href":"https:\/\/roveyayinevi.com.tr\/index.php\/wp-json\/wp\/v2\/product\/730581","targetHints":{"allow":["GET"]}}],"collection":[{"href":"https:\/\/roveyayinevi.com.tr\/index.php\/wp-json\/wp\/v2\/product"}],"about":[{"href":"https:\/\/roveyayinevi.com.tr\/index.php\/wp-json\/wp\/v2\/types\/product"}],"wp:attachment":[{"href":"https:\/\/roveyayinevi.com.tr\/index.php\/wp-json\/wp\/v2\/media?parent=730581"}],"wp:term":[{"taxonomy":"product_brand","embeddable":true,"href":"https:\/\/roveyayinevi.com.tr\/index.php\/wp-json\/wp\/v2\/product_brand?post=730581"},{"taxonomy":"product_cat","embeddable":true,"href":"https:\/\/roveyayinevi.com.tr\/index.php\/wp-json\/wp\/v2\/product_cat?post=730581"},{"taxonomy":"product_tag","embeddable":true,"href":"https:\/\/roveyayinevi.com.tr\/index.php\/wp-json\/wp\/v2\/product_tag?post=730581"}],"curies":[{"name":"wp","href":"https:\/\/api.w.org\/{rel}","templated":true}]}}