{"id":730564,"date":"2025-08-27T21:16:45","date_gmt":"2025-08-27T18:16:45","guid":{"rendered":"https:\/\/roveyayinevi.com.tr\/index.php\/urun\/emile-durkheim-seti-8-kitap-takim\/"},"modified":"2026-04-16T02:38:32","modified_gmt":"2026-04-15T23:38:32","slug":"emile-durkheim-seti-8-kitap-takim","status":"publish","type":"product","link":"https:\/\/roveyayinevi.com.tr\/index.php\/urun\/emile-durkheim-seti-8-kitap-takim\/","title":{"rendered":"Emile Durkheim Seti (8 Kitap Tak\u0131m)"},"content":{"rendered":"<p>Emile Durkheim 20. Y\u00fczy\u0131l toplumbilimcileri aras\u0131nda \u00f6nemli bir yeri olan bilim adam\u0131d\u0131r. Toplumbiliminin kendine \u00f6zg\u00fc konusu, y\u00f6ntemi ve uygulama teknikleri \u00fczerine uygulamal\u0131 bir\u00e7ok \u00e7al\u0131\u015fma yapm\u0131\u015ft\u0131r. 1896&#8217;da kurup 1913&#8217;e de\u011fin yay\u0131m\u0131n\u0131 s\u00fcrd\u00fcrd\u00fc\u011f\u00fc l&#8217;Annee Socioloque dergisindeki incelemeleri \u00f6zellikle an\u0131lmaya de\u011ferdir. Bu katk\u0131lar\u0131 nedeniyle her toplumbilim \u00f6\u011frencisi ve \u00f6\u011freticisi i\u00e7in vazge\u00e7ilmez bir kaynak olma \u00f6zelli\u011fini hep koruyacakt\u0131r.1) E\u011fitim ve Sosyoloji2) Sosyoloji ve Eylem3) \u0130ntihar4) Toplumsal \u0130\u015f B\u00f6l\u00fc\u00f6\u00fc5) Sosyolojinin Y\u00f6ntem Kurallar\u01316) Sosyoloji Dersleri7) Dinsel Ya\u015fam\u0131n \u0130lk Bi\u00e7imleri8) Ahlak E\u011fitimi<\/p>\n","protected":false},"excerpt":{"rendered":"<p>Emile Durkheim 20. Y\u00fczy\u0131l toplumbilimcileri aras\u0131nda \u00f6nemli bir yeri olan bilim adam\u0131d\u0131r. Toplumbiliminin kendine \u00f6zg\u00fc konusu, y\u00f6ntemi ve uygulama teknikleri \u00fczerine uygulamal\u0131 bir\u00e7ok \u00e7al\u0131\u015fma yapm\u0131\u015ft\u0131r. 1896&#8217;da<span class=\"excerpt-hellip\"> [\u2026]<\/span><\/p>\n","protected":false},"featured_media":0,"template":"","meta":{"_monsterinsights_skip_tracking":false,"_monsterinsights_sitenote_active":false,"_monsterinsights_sitenote_note":"","_monsterinsights_sitenote_category":0},"product_brand":[],"product_cat":[12325,12324],"product_tag":[],"class_list":{"0":"post-730564","1":"product","2":"type-product","3":"status-publish","5":"product_cat-diger-sosyoloji","6":"product_cat-sosyoloji","7":"pa_cilt-takim","8":"pa_tur-kitap","9":"pa_yayinevi-cem-yayinevi","10":"pa_yazar-emile-durkheim","12":"first","13":"instock","14":"sale","15":"shipping-taxable","16":"purchasable","17":"product-type-simple"},"_links":{"self":[{"href":"https:\/\/roveyayinevi.com.tr\/index.php\/wp-json\/wp\/v2\/product\/730564","targetHints":{"allow":["GET"]}}],"collection":[{"href":"https:\/\/roveyayinevi.com.tr\/index.php\/wp-json\/wp\/v2\/product"}],"about":[{"href":"https:\/\/roveyayinevi.com.tr\/index.php\/wp-json\/wp\/v2\/types\/product"}],"wp:attachment":[{"href":"https:\/\/roveyayinevi.com.tr\/index.php\/wp-json\/wp\/v2\/media?parent=730564"}],"wp:term":[{"taxonomy":"product_brand","embeddable":true,"href":"https:\/\/roveyayinevi.com.tr\/index.php\/wp-json\/wp\/v2\/product_brand?post=730564"},{"taxonomy":"product_cat","embeddable":true,"href":"https:\/\/roveyayinevi.com.tr\/index.php\/wp-json\/wp\/v2\/product_cat?post=730564"},{"taxonomy":"product_tag","embeddable":true,"href":"https:\/\/roveyayinevi.com.tr\/index.php\/wp-json\/wp\/v2\/product_tag?post=730564"}],"curies":[{"name":"wp","href":"https:\/\/api.w.org\/{rel}","templated":true}]}}