{"id":730562,"date":"2025-08-27T21:16:43","date_gmt":"2025-08-27T18:16:43","guid":{"rendered":"https:\/\/roveyayinevi.com.tr\/index.php\/urun\/turkcede-zit-anlamli-kelimeler-sozlugu\/"},"modified":"2026-04-16T02:38:32","modified_gmt":"2026-04-15T23:38:32","slug":"turkcede-zit-anlamli-kelimeler-sozlugu","status":"publish","type":"product","link":"https:\/\/roveyayinevi.com.tr\/index.php\/urun\/turkcede-zit-anlamli-kelimeler-sozlugu\/","title":{"rendered":"T\u00fcrk\u00e7ede Z\u0131t Anlaml\u0131 Kelimeler S\u00f6zl\u00fc\u011f\u00fc"},"content":{"rendered":"<p>E\u015f anlaml\u0131l\u0131k kavram\u0131 ilk \u00e7a\u011fdan g\u00fcn\u00fcm\u00fcze de\u011fin, filozoflar ve dil bilimcilerce s\u00fcrekli tart\u0131\u015f\u0131lm\u0131\u015f; de\u011fi\u015fik tan\u0131m ve \u00f6l\u00e7\u00fctler ileri s\u00fcr\u00fclm\u00fc\u015ft\u00fcr. \u201cBirbirinin yerine \u00f6tekisinin konulmas\u0131 sonucunda ortaya \u00e7\u0131kan c\u00fcmlelerin anlam\u0131 de\u011fi\u015fmiyorsa bu s\u00f6zc\u00fckler e\u015f anlaml\u0131d\u0131r.\u201d g\u00f6r\u00fc\u015f\u00fc bunlardan biridir. Ancak bir\u00e7ok dil bilimci e\u015f anlaml\u0131 diye tan\u0131mlanan s\u00f6zc\u00fckler aras\u0131nda kesin bir anlam e\u015fitli\u011fi olamayaca\u011f\u0131n\u0131, bunlar\u0131n az veya \u00e7ok anlam farkl\u0131l\u0131klar\u0131 i\u00e7erdi\u011fini vurgulam\u0131\u015flard\u0131r. Bu nedenle de e\u015f anlaml\u0131l\u0131\u011f\u0131n kar\u015f\u0131l\u0131kl\u0131 yer de\u011fi\u015febilirlik ko\u015fuluna ba\u011flanmas\u0131na kar\u015f\u0131 \u00e7\u0131km\u0131\u015flar; bu t\u00fcr s\u00f6zc\u00fcklerin yak\u0131n anlaml\u0131 olarak tan\u0131mlanmas\u0131 gerekti\u011fini belirtmi\u015flerdir. Dil bilimciler, e\u015f anlaml\u0131l\u0131\u011f\u0131n tan\u0131m\u0131nda farkl\u0131 farkl\u0131 d\u00fc\u015f\u00fcnseler de yaz\u0131l\u0131\u015flar\u0131 farkl\u0131 \u201canlamlar\u0131 ayn\u0131 veya birbirine \u00e7ok yak\u0131n olan s\u00f6zc\u00fcklerin\u201d e\u015f anlaml\u0131 olarak kabullenmi\u015flerdir. S\u00f6zl\u00fc\u011f\u00fcm\u00fcz\u00fcn haz\u0131rlanmas\u0131nda bu tan\u0131m do\u011frultusunda \u00e7al\u0131\u015f\u0131lm\u0131\u015ft\u0131r. Madde ba\u015f\u0131 olan s\u00f6zlerin e\u015f anlaml\u0131lar\u0131 verilirken, s\u0131ras\u0131yla anlamca t\u00fcrleri, k\u00f6kenleri, varsa mecazi anlamlar\u0131, halk dilinde kullan\u0131mlar\u0131, argo kar\u015f\u0131l\u0131klar\u0131, matematik, hukuk, ekonomi, t\u0131p, felsefe vb. alanlardaki terimlerle ili\u015fkileri k\u0131saltmalar\u0131yla verilmi\u015ftir. Ayr\u0131ca Arap\u00e7a ve Fars\u00e7adan dilimize girmi\u015f t\u00fcremi\u015f yap\u0131l\u0131 s\u00f6zc\u00fcklerin k\u00f6kleri, ekleri ayr\u0131larak ait olduklar\u0131 k\u00f6ken belirtilmi\u015ftir.<\/p>\n","protected":false},"excerpt":{"rendered":"<p>E\u015f anlaml\u0131l\u0131k kavram\u0131 ilk \u00e7a\u011fdan g\u00fcn\u00fcm\u00fcze de\u011fin, filozoflar ve dil bilimcilerce s\u00fcrekli tart\u0131\u015f\u0131lm\u0131\u015f; de\u011fi\u015fik tan\u0131m ve \u00f6l\u00e7\u00fctler ileri s\u00fcr\u00fclm\u00fc\u015ft\u00fcr. \u201cBirbirinin yerine \u00f6tekisinin konulmas\u0131 sonucunda ortaya \u00e7\u0131kan<span class=\"excerpt-hellip\"> [\u2026]<\/span><\/p>\n","protected":false},"featured_media":0,"template":"","meta":{"_monsterinsights_skip_tracking":false,"_monsterinsights_sitenote_active":false,"_monsterinsights_sitenote_note":"","_monsterinsights_sitenote_category":0},"product_brand":[],"product_cat":[12566,13611],"product_tag":[],"class_list":{"0":"post-730562","1":"product","2":"type-product","3":"status-publish","5":"product_cat-egitim","6":"product_cat-sozlukler-ve-konusma-kilavuzlari","7":"pa_cilt-ciltsiz","8":"pa_tur-kitap","9":"pa_yayinevi-inkilap-kitabevi","10":"pa_yazar-ertugrul-karsan","12":"first","13":"instock","14":"sale","15":"shipping-taxable","16":"purchasable","17":"product-type-simple"},"_links":{"self":[{"href":"https:\/\/roveyayinevi.com.tr\/index.php\/wp-json\/wp\/v2\/product\/730562","targetHints":{"allow":["GET"]}}],"collection":[{"href":"https:\/\/roveyayinevi.com.tr\/index.php\/wp-json\/wp\/v2\/product"}],"about":[{"href":"https:\/\/roveyayinevi.com.tr\/index.php\/wp-json\/wp\/v2\/types\/product"}],"wp:attachment":[{"href":"https:\/\/roveyayinevi.com.tr\/index.php\/wp-json\/wp\/v2\/media?parent=730562"}],"wp:term":[{"taxonomy":"product_brand","embeddable":true,"href":"https:\/\/roveyayinevi.com.tr\/index.php\/wp-json\/wp\/v2\/product_brand?post=730562"},{"taxonomy":"product_cat","embeddable":true,"href":"https:\/\/roveyayinevi.com.tr\/index.php\/wp-json\/wp\/v2\/product_cat?post=730562"},{"taxonomy":"product_tag","embeddable":true,"href":"https:\/\/roveyayinevi.com.tr\/index.php\/wp-json\/wp\/v2\/product_tag?post=730562"}],"curies":[{"name":"wp","href":"https:\/\/api.w.org\/{rel}","templated":true}]}}