{"id":730559,"date":"2025-08-27T21:16:40","date_gmt":"2025-08-27T18:16:40","guid":{"rendered":"https:\/\/roveyayinevi.com.tr\/index.php\/urun\/ergenlik-ya-da-merhaba-huzun\/"},"modified":"2026-04-03T02:45:50","modified_gmt":"2026-04-02T23:45:50","slug":"ergenlik-ya-da-merhaba-huzun","status":"publish","type":"product","link":"https:\/\/roveyayinevi.com.tr\/index.php\/urun\/ergenlik-ya-da-merhaba-huzun\/","title":{"rendered":"Ergenlik ya da Merhaba H\u00fcz\u00fcn"},"content":{"rendered":"<p>\u0130nsan ya\u015fam\u0131n\u0131n ilk d\u00f6n\u00fc\u015f\u00fcm\u00fc fet\u00fcsten bebekli\u011fe ge\u00e7i\u015f olan do\u011fumdur, ikinci d\u00f6n\u00fc\u015f\u00fcm \u00e7ocukluktan eri\u015fkinli\u011fe ge\u00e7i\u015f olan ergenliktir. Son d\u00f6n\u00fc\u015f\u00fcm ise canl\u0131 olma halinden cans\u0131zl\u0131\u011fa ge\u00e7i\u015f olan \u00f6l\u00fcmd\u00fcr. Sonun ba\u015flang\u0131c\u0131 do\u011fumdur, ancak sonun ba\u015flang\u0131c\u0131n\u0131n fark\u0131na var\u0131lmas\u0131 ergenlikte olur. \u00d6yleyse ergenlik bir son-ba\u015flang\u0131\u00e7 olman\u0131n z\u0131tl\u0131\u011f\u0131 ve tuhafl\u0131\u011f\u0131yla, ikinci do\u011fum olarak, bireyi biricik \u00f6l\u00fcm\u00fcne haz\u0131rlayan ve kabullenmesini sa\u011flayan bir s\u00fcre\u00e7 olacakt\u0131r.   \u0130stanbul Psikanaliz Derne\u011fi\u2019nin kurucu ba\u015fkan\u0131 ve T\u00fcrkiye\u2019de psikanalizi kurumsal-la\u015ft\u0131ran say\u0131l\u0131 isimlerden biri olan Talat Parman\u2019\u0131n 90\u2019l\u0131 y\u0131llarda kaleme ald\u0131\u011f\u0131 bu yaz\u0131lar, cinsellikten a\u015fka, aile ili\u015fkilerinden beden patolojilerine uzanan bir yelpazede, \u201cnormali\u201d ya da \u201chakikati\u201d arayan ergenin uzun ve zorlu yolculu\u011funa e\u015flik ediyor. <\/p>\n","protected":false},"excerpt":{"rendered":"<p>\u0130nsan ya\u015fam\u0131n\u0131n ilk d\u00f6n\u00fc\u015f\u00fcm\u00fc fet\u00fcsten bebekli\u011fe ge\u00e7i\u015f olan do\u011fumdur, ikinci d\u00f6n\u00fc\u015f\u00fcm \u00e7ocukluktan eri\u015fkinli\u011fe ge\u00e7i\u015f olan ergenliktir. Son d\u00f6n\u00fc\u015f\u00fcm ise canl\u0131 olma halinden cans\u0131zl\u0131\u011fa ge\u00e7i\u015f olan \u00f6l\u00fcmd\u00fcr.<span class=\"excerpt-hellip\"> [\u2026]<\/span><\/p>\n","protected":false},"featured_media":0,"template":"","meta":{"_monsterinsights_skip_tracking":false,"_monsterinsights_sitenote_active":false,"_monsterinsights_sitenote_note":"","_monsterinsights_sitenote_category":0},"product_brand":[],"product_cat":[12389,12388],"product_tag":[],"class_list":{"0":"post-730559","1":"product","2":"type-product","3":"status-publish","5":"product_cat-diger-felsefe","6":"product_cat-felsefe","7":"pa_cilt-ciltsiz","8":"pa_tur-kitap","9":"pa_yayinevi-yapi-kredi-yayinlari","10":"pa_yazar-talat-parman","12":"first","13":"instock","14":"sale","15":"shipping-taxable","16":"purchasable","17":"product-type-simple"},"_links":{"self":[{"href":"https:\/\/roveyayinevi.com.tr\/index.php\/wp-json\/wp\/v2\/product\/730559","targetHints":{"allow":["GET"]}}],"collection":[{"href":"https:\/\/roveyayinevi.com.tr\/index.php\/wp-json\/wp\/v2\/product"}],"about":[{"href":"https:\/\/roveyayinevi.com.tr\/index.php\/wp-json\/wp\/v2\/types\/product"}],"wp:attachment":[{"href":"https:\/\/roveyayinevi.com.tr\/index.php\/wp-json\/wp\/v2\/media?parent=730559"}],"wp:term":[{"taxonomy":"product_brand","embeddable":true,"href":"https:\/\/roveyayinevi.com.tr\/index.php\/wp-json\/wp\/v2\/product_brand?post=730559"},{"taxonomy":"product_cat","embeddable":true,"href":"https:\/\/roveyayinevi.com.tr\/index.php\/wp-json\/wp\/v2\/product_cat?post=730559"},{"taxonomy":"product_tag","embeddable":true,"href":"https:\/\/roveyayinevi.com.tr\/index.php\/wp-json\/wp\/v2\/product_tag?post=730559"}],"curies":[{"name":"wp","href":"https:\/\/api.w.org\/{rel}","templated":true}]}}