{"id":730558,"date":"2025-08-27T21:16:40","date_gmt":"2025-08-27T18:16:40","guid":{"rendered":"https:\/\/roveyayinevi.com.tr\/index.php\/urun\/almanya-mektuplari\/"},"modified":"2026-04-16T02:38:32","modified_gmt":"2026-04-15T23:38:32","slug":"almanya-mektuplari","status":"publish","type":"product","link":"https:\/\/roveyayinevi.com.tr\/index.php\/urun\/almanya-mektuplari\/","title":{"rendered":"Almanya Mektuplar\u0131"},"content":{"rendered":"<p>Halit Ziya\u2019n\u0131n 1915\u2019te Pe\u015fte, Viyana, M\u00fcnih, N\u00fcrnberg, Leipzig, Berlin, Hamburg, Hannover, Frankfurt, Heidelberg, Bremen gibi kentlerde 84 g\u00fcn s\u00fcren yolculu\u011fu boyunca g\u00fcnl\u00fck gibi yazd\u0131\u011f\u0131 k\u0131rk mektuptan olu\u015fuyor Almanya Mektuplar\u0131. Tan\u00een gazetesindeki yay\u0131m\u0131 59 say\u0131 s\u00fcren mektuplar Halit Ziya\u2019n\u0131n izlenimlerinden, g\u00f6zlem ve incelemelerinden \u00e7\u0131kard\u0131\u011f\u0131 sonu\u00e7larla, duygu ve d\u00fc\u015f\u00fcnceleriyle dolu. \u00d6zg\u00fcr \u0130lde\u015f\u2019in \u00e7eviri yaz\u0131s\u0131yla ilk kez kitap halinde yay\u0131mlanan mektuplarda yazar\u0131n dili ve yaz\u0131m bi\u00e7imi korundu. Gezilen yerlerin o zamanki foto\u011fraflar\u0131yla, kapsaml\u0131 s\u00f6zl\u00fc\u011f\u00fcyle, ki\u015fi ve yer adlar\u0131 dizinleriyle Halit Ziya k\u00fclliyat\u0131n\u0131n \u00f6nemli bir eksi\u011fi tamamland\u0131. \u00c7\u00f6k\u00fc\u015f, da\u011f\u0131l\u0131\u015f ve sava\u015f d\u00f6neminde se\u00e7kin bir Osmanl\u0131 ayd\u0131n\u0131n\u0131n Avrupa\u2019daki modern ya\u015famdan nas\u0131l etkilendi\u011fini g\u00f6steren, her bak\u0131mdan de\u011ferli bir kitap Almanya Mektuplar\u0131.   \u201cNe zaman g\u00fczel bir oyuncak g\u00f6rse \u00e7ocuklar\u0131n\u0131 d\u00fc\u015f\u00fcnen bir baba hissiyle b\u00fct\u00fcn g\u00f6r\u00fclen \u015feylerden sonra hay\u00e2limin memleketime akan bir cerey\u00e2n\u0131 var. Bu g\u00e2yet tabi\u00eedir. Sack \u00c7iftli\u011fi\u2019nde de hep Anadolu\u2019nun i\u015fleyecek kollara muntaz\u0131r b\u00ee-enh\u00e2 topraklar\u0131n\u0131 d\u00fc\u015f\u00fcnd\u00fcm; ve hep oraya bu cihazlardan, o bizzat m\u00fcteharrik ve faal anbarlardan, samanl\u0131klardan koydum; sonra hepsini birden bir nefh-i \u00fcm\u00eed \u00fcf\u00fcrerek bu \u00e7arh\u0131 d\u00f6nd\u00fcrd\u00fcm; ve fakir Anadolu\u2019nun \u00fcst\u00fcne bir alt\u0131n ya\u011fmuru ya\u011fd\u0131rd\u0131m.\u201d <\/p>\n","protected":false},"excerpt":{"rendered":"<p>Halit Ziya\u2019n\u0131n 1915\u2019te Pe\u015fte, Viyana, M\u00fcnih, N\u00fcrnberg, Leipzig, Berlin, Hamburg, Hannover, Frankfurt, Heidelberg, Bremen gibi kentlerde 84 g\u00fcn s\u00fcren yolculu\u011fu boyunca g\u00fcnl\u00fck gibi yazd\u0131\u011f\u0131 k\u0131rk mektuptan<span class=\"excerpt-hellip\"> [\u2026]<\/span><\/p>\n","protected":false},"featured_media":0,"template":"","meta":{"_monsterinsights_skip_tracking":false,"_monsterinsights_sitenote_active":false,"_monsterinsights_sitenote_note":"","_monsterinsights_sitenote_category":0},"product_brand":[],"product_cat":[13946,12304],"product_tag":[],"class_list":{"0":"post-730558","1":"product","2":"type-product","3":"status-publish","5":"product_cat-biyografi-otobiyografi","6":"product_cat-tarih","7":"pa_cilt-ciltsiz","8":"pa_tur-kitap","9":"pa_yayinevi-yapi-kredi-yayinlari","10":"pa_yazar-halit-ziya-usakligil","12":"first","13":"instock","14":"sale","15":"shipping-taxable","16":"purchasable","17":"product-type-simple"},"_links":{"self":[{"href":"https:\/\/roveyayinevi.com.tr\/index.php\/wp-json\/wp\/v2\/product\/730558","targetHints":{"allow":["GET"]}}],"collection":[{"href":"https:\/\/roveyayinevi.com.tr\/index.php\/wp-json\/wp\/v2\/product"}],"about":[{"href":"https:\/\/roveyayinevi.com.tr\/index.php\/wp-json\/wp\/v2\/types\/product"}],"wp:attachment":[{"href":"https:\/\/roveyayinevi.com.tr\/index.php\/wp-json\/wp\/v2\/media?parent=730558"}],"wp:term":[{"taxonomy":"product_brand","embeddable":true,"href":"https:\/\/roveyayinevi.com.tr\/index.php\/wp-json\/wp\/v2\/product_brand?post=730558"},{"taxonomy":"product_cat","embeddable":true,"href":"https:\/\/roveyayinevi.com.tr\/index.php\/wp-json\/wp\/v2\/product_cat?post=730558"},{"taxonomy":"product_tag","embeddable":true,"href":"https:\/\/roveyayinevi.com.tr\/index.php\/wp-json\/wp\/v2\/product_tag?post=730558"}],"curies":[{"name":"wp","href":"https:\/\/api.w.org\/{rel}","templated":true}]}}