{"id":730536,"date":"2025-08-27T21:16:16","date_gmt":"2025-08-27T18:16:16","guid":{"rendered":"https:\/\/roveyayinevi.com.tr\/index.php\/urun\/kalemlerin-gece-macerasi\/"},"modified":"2026-04-16T02:38:31","modified_gmt":"2026-04-15T23:38:31","slug":"kalemlerin-gece-macerasi","status":"publish","type":"product","link":"https:\/\/roveyayinevi.com.tr\/index.php\/urun\/kalemlerin-gece-macerasi\/","title":{"rendered":"Kalemlerin Gece Maceras\u0131"},"content":{"rendered":"<p>\u00c7izmek, boyamak, resim yapmak boya kalemlerinin en b\u00fcy\u00fck e\u011flencesiydi. Her g\u00fcn Berk\u2019in eve gelmesini ve resim yapmas\u0131n\u0131 d\u00f6rt g\u00f6zle bekliyorlard\u0131. Ama o g\u00fcn hi\u00e7 de bekledikleri gibi olmad\u0131. Berk eve geldi\u011finde \u00e7ok yorgundu ve erkenden uyudu. Boya kalemlerinin can\u0131 pek s\u0131k\u0131ld\u0131 bu i\u015fe. B\u00fct\u00fcn geceyi bu kutunun i\u00e7inde mi ge\u00e7ireceklerdi? Hay\u0131\u0131\u0131r! Sonunda kutudan \u00e7\u0131kmaya karar verdiler. Ve i\u015fte macera b\u00f6yle ba\u015flad\u0131. <\/p>\n","protected":false},"excerpt":{"rendered":"<p>\u00c7izmek, boyamak, resim yapmak boya kalemlerinin en b\u00fcy\u00fck e\u011flencesiydi. Her g\u00fcn Berk\u2019in eve gelmesini ve resim yapmas\u0131n\u0131 d\u00f6rt g\u00f6zle bekliyorlard\u0131. Ama o g\u00fcn hi\u00e7 de bekledikleri<span class=\"excerpt-hellip\"> [\u2026]<\/span><\/p>\n","protected":false},"featured_media":0,"template":"","meta":{"_monsterinsights_skip_tracking":false,"_monsterinsights_sitenote_active":false,"_monsterinsights_sitenote_note":"","_monsterinsights_sitenote_category":0},"product_brand":[],"product_cat":[12913,12274],"product_tag":[],"class_list":{"0":"post-730536","1":"product","2":"type-product","3":"status-publish","5":"product_cat-3-6-yas-kitaplari","6":"product_cat-cocuk-ve-genclik-kitaplari","7":"pa_cilt-ciltsiz","8":"pa_tur-kitap","9":"pa_yayinevi-potikare-yayincilik","10":"pa_yazar-nuran-kansu","12":"first","13":"instock","14":"sale","15":"shipping-taxable","16":"purchasable","17":"product-type-simple"},"_links":{"self":[{"href":"https:\/\/roveyayinevi.com.tr\/index.php\/wp-json\/wp\/v2\/product\/730536","targetHints":{"allow":["GET"]}}],"collection":[{"href":"https:\/\/roveyayinevi.com.tr\/index.php\/wp-json\/wp\/v2\/product"}],"about":[{"href":"https:\/\/roveyayinevi.com.tr\/index.php\/wp-json\/wp\/v2\/types\/product"}],"wp:attachment":[{"href":"https:\/\/roveyayinevi.com.tr\/index.php\/wp-json\/wp\/v2\/media?parent=730536"}],"wp:term":[{"taxonomy":"product_brand","embeddable":true,"href":"https:\/\/roveyayinevi.com.tr\/index.php\/wp-json\/wp\/v2\/product_brand?post=730536"},{"taxonomy":"product_cat","embeddable":true,"href":"https:\/\/roveyayinevi.com.tr\/index.php\/wp-json\/wp\/v2\/product_cat?post=730536"},{"taxonomy":"product_tag","embeddable":true,"href":"https:\/\/roveyayinevi.com.tr\/index.php\/wp-json\/wp\/v2\/product_tag?post=730536"}],"curies":[{"name":"wp","href":"https:\/\/api.w.org\/{rel}","templated":true}]}}