{"id":730521,"date":"2025-08-27T21:16:02","date_gmt":"2025-08-27T18:16:02","guid":{"rendered":"https:\/\/roveyayinevi.com.tr\/index.php\/urun\/ya-baskasi-olsaydim-alfabe-bulutu-1\/"},"modified":"2026-04-16T02:38:31","modified_gmt":"2026-04-15T23:38:31","slug":"ya-baskasi-olsaydim-alfabe-bulutu-1","status":"publish","type":"product","link":"https:\/\/roveyayinevi.com.tr\/index.php\/urun\/ya-baskasi-olsaydim-alfabe-bulutu-1\/","title":{"rendered":"Ya Ba\u015fkas\u0131 Olsayd\u0131m? &#8211; Alfabe Bulutu 1"},"content":{"rendered":"<p>\u00c7ok uzun zaman \u00f6nce, insanlar yazmaya ihtiya\u00e7 duyduklar\u0131n\u0131 anlad\u0131lar. Ancak bunu nas\u0131l yapacaklar\u0131n\u0131 bilmiyorlard\u0131. Tam o s\u0131rada, d\u00fcnyaya en yak\u0131n bulut olan Alfabe Bulutu\u2019nda ya\u015famlar\u0131n\u0131 s\u00fcrd\u00fcren harfler, insanlarla ileti\u015fime ge\u00e7ip onlara yaz\u0131y\u0131 \u00f6\u011frettiler. Alfabe Bulutu\u2019nun d\u00fczenli ziyaret\u00e7ilerinden Alp G\u00f6kalp, bu dizide bizlere baz\u0131 bulut sakinlerinin hik\u00e2yelerini anlat\u0131yor\u2026 S harfi, hayat\u0131n\u0131 \u00e7ok s\u0131radan ve s\u0131k\u0131c\u0131 bulmaya ba\u015flam\u0131\u015ft\u0131. Evi, bah\u00e7esi, giysileri, g\u00fcnl\u00fck al\u0131\u015fkanl\u0131klar\u0131\u2026 Her \u015fey ona basit ve zevksiz geliyordu. Bir yandan da Alfabe Bulutu\u2019nun en sayg\u0131n harfi A\u2019n\u0131n g\u00f6rkemli hayat\u0131n\u0131 yak\u0131ndan takip ediyor, onun gibi ya\u015faman\u0131n hayalini kuruyordu. Sonra d\u00fc\u015f\u00fcnd\u00fc\u2026 A ile yer de\u011fi\u015ftirse, mutlu olabilir miydi?<\/p>\n","protected":false},"excerpt":{"rendered":"<p>\u00c7ok uzun zaman \u00f6nce, insanlar yazmaya ihtiya\u00e7 duyduklar\u0131n\u0131 anlad\u0131lar. Ancak bunu nas\u0131l yapacaklar\u0131n\u0131 bilmiyorlard\u0131. Tam o s\u0131rada, d\u00fcnyaya en yak\u0131n bulut olan Alfabe Bulutu\u2019nda ya\u015famlar\u0131n\u0131 s\u00fcrd\u00fcren<span class=\"excerpt-hellip\"> [\u2026]<\/span><\/p>\n","protected":false},"featured_media":0,"template":"","meta":{"_monsterinsights_skip_tracking":false,"_monsterinsights_sitenote_active":false,"_monsterinsights_sitenote_note":"","_monsterinsights_sitenote_category":0},"product_brand":[],"product_cat":[12275,12274],"product_tag":[],"class_list":{"0":"post-730521","1":"product","2":"type-product","3":"status-publish","5":"product_cat-6-12-yas-kitaplari","6":"product_cat-cocuk-ve-genclik-kitaplari","7":"pa_cilt-ciltsiz","8":"pa_tur-kitap","9":"pa_yayinevi-can-cocuk-yayinlari","10":"pa_yazar-alp-gokalp","12":"first","13":"instock","14":"sale","15":"shipping-taxable","16":"purchasable","17":"product-type-simple"},"_links":{"self":[{"href":"https:\/\/roveyayinevi.com.tr\/index.php\/wp-json\/wp\/v2\/product\/730521","targetHints":{"allow":["GET"]}}],"collection":[{"href":"https:\/\/roveyayinevi.com.tr\/index.php\/wp-json\/wp\/v2\/product"}],"about":[{"href":"https:\/\/roveyayinevi.com.tr\/index.php\/wp-json\/wp\/v2\/types\/product"}],"wp:attachment":[{"href":"https:\/\/roveyayinevi.com.tr\/index.php\/wp-json\/wp\/v2\/media?parent=730521"}],"wp:term":[{"taxonomy":"product_brand","embeddable":true,"href":"https:\/\/roveyayinevi.com.tr\/index.php\/wp-json\/wp\/v2\/product_brand?post=730521"},{"taxonomy":"product_cat","embeddable":true,"href":"https:\/\/roveyayinevi.com.tr\/index.php\/wp-json\/wp\/v2\/product_cat?post=730521"},{"taxonomy":"product_tag","embeddable":true,"href":"https:\/\/roveyayinevi.com.tr\/index.php\/wp-json\/wp\/v2\/product_tag?post=730521"}],"curies":[{"name":"wp","href":"https:\/\/api.w.org\/{rel}","templated":true}]}}