{"id":730516,"date":"2025-08-27T21:15:58","date_gmt":"2025-08-27T18:15:58","guid":{"rendered":"https:\/\/roveyayinevi.com.tr\/index.php\/urun\/hos-seyler-zamani\/"},"modified":"2026-04-16T02:38:31","modified_gmt":"2026-04-15T23:38:31","slug":"hos-seyler-zamani","status":"publish","type":"product","link":"https:\/\/roveyayinevi.com.tr\/index.php\/urun\/hos-seyler-zamani\/","title":{"rendered":"Ho\u015f \u015eeyler Zaman\u0131"},"content":{"rendered":"<p>yiliklere ivedilik gerek\u2026 S\u0131radan bir yemek ka\u015f\u0131\u011f\u0131, ama sap\u0131 bir metre uzunlu\u011funda. Konuklar e\u011fer \u00e7orbay\u0131 i\u00e7ebilirlerse ard\u0131ndan enfes yemekler servis edilecek ama i\u00e7emezlerse hi\u00e7bir yemek servis edilmeyecek. \u00c7orbay\u0131 i\u00e7meleri i\u00e7in verilen ka\u015f\u0131k, \u2018sevgi ka\u015f\u0131\u011f\u0131\u2019. Konuklar\u0131n kar\u0131nlar\u0131 a\u00e7. \u00c7orba nefis! Ard\u0131ndan gelecek yemekleri hayal etmek bile g\u00fc\u00e7. Fakat \u00e7orbay\u0131 nas\u0131l i\u00e7ecekler? \u00c7orbay\u0131 i\u00e7meye g\u00fc\u00e7leri yetecek mi? Ad\u0131na inat, ka\u015f\u0131k b\u00fcy\u00fck bir engel olarak duruyor \u00f6nlerinde. Nereden bakt\u0131klar\u0131na g\u00f6re de\u011fi\u015fecek her \u015fey: Ka\u015f\u0131klar engel mi, imk\u00e2n m\u0131? Sait Edip Akda\u011f, sevgide s\u00f6ze de\u011fil \u00f6ze kilitlenmeyi anlat\u0131yor; sevgi sarmal\u0131nda sat\u0131r harmanl\u0131yor; okura y\u00fcrek mevsimi sombaharlardan, kutlu cemrelerin d\u00fc\u015f\u00fc\u015f\u00fcnden dem vuruyor. y\u00fcre\u011fim g\u00f6k\u00e7\u00fcl bir edip ku\u015f, d\u00fcn ve bug\u00fcn her \u015fey daha de\u011fi\u015fik daha ho\u015f. d\u00fc\u015fleri ku\u015fand\u0131m, zaman\u0131n \u00f6zengisinden as\u0131l\u0131p, heybeme sevgi doldurdum. yar\u0131nlar atlas yoku\u015f.<\/p>\n","protected":false},"excerpt":{"rendered":"<p>yiliklere ivedilik gerek\u2026 S\u0131radan bir yemek ka\u015f\u0131\u011f\u0131, ama sap\u0131 bir metre uzunlu\u011funda. Konuklar e\u011fer \u00e7orbay\u0131 i\u00e7ebilirlerse ard\u0131ndan enfes yemekler servis edilecek ama i\u00e7emezlerse hi\u00e7bir yemek servis<span class=\"excerpt-hellip\"> [\u2026]<\/span><\/p>\n","protected":false},"featured_media":0,"template":"","meta":{"_monsterinsights_skip_tracking":false,"_monsterinsights_sitenote_active":false,"_monsterinsights_sitenote_note":"","_monsterinsights_sitenote_category":0},"product_brand":[],"product_cat":[12291,12711],"product_tag":[],"class_list":{"0":"post-730516","1":"product","2":"type-product","3":"status-publish","5":"product_cat-edebiyat","6":"product_cat-roman-oyku","7":"pa_cilt-ciltsiz","8":"pa_tur-kitap","9":"pa_yayinevi-hayykitap","10":"pa_yazar-sait-edip-akdag","12":"first","13":"instock","14":"sale","15":"shipping-taxable","16":"purchasable","17":"product-type-simple"},"_links":{"self":[{"href":"https:\/\/roveyayinevi.com.tr\/index.php\/wp-json\/wp\/v2\/product\/730516","targetHints":{"allow":["GET"]}}],"collection":[{"href":"https:\/\/roveyayinevi.com.tr\/index.php\/wp-json\/wp\/v2\/product"}],"about":[{"href":"https:\/\/roveyayinevi.com.tr\/index.php\/wp-json\/wp\/v2\/types\/product"}],"wp:attachment":[{"href":"https:\/\/roveyayinevi.com.tr\/index.php\/wp-json\/wp\/v2\/media?parent=730516"}],"wp:term":[{"taxonomy":"product_brand","embeddable":true,"href":"https:\/\/roveyayinevi.com.tr\/index.php\/wp-json\/wp\/v2\/product_brand?post=730516"},{"taxonomy":"product_cat","embeddable":true,"href":"https:\/\/roveyayinevi.com.tr\/index.php\/wp-json\/wp\/v2\/product_cat?post=730516"},{"taxonomy":"product_tag","embeddable":true,"href":"https:\/\/roveyayinevi.com.tr\/index.php\/wp-json\/wp\/v2\/product_tag?post=730516"}],"curies":[{"name":"wp","href":"https:\/\/api.w.org\/{rel}","templated":true}]}}