{"id":730510,"date":"2025-08-27T21:15:53","date_gmt":"2025-08-27T18:15:53","guid":{"rendered":"https:\/\/roveyayinevi.com.tr\/index.php\/urun\/islam-dunyasi-fikri\/"},"modified":"2026-04-16T02:38:31","modified_gmt":"2026-04-15T23:38:31","slug":"islam-dunyasi-fikri","status":"publish","type":"product","link":"https:\/\/roveyayinevi.com.tr\/index.php\/urun\/islam-dunyasi-fikri\/","title":{"rendered":"\u0130slam D\u00fcnyas\u0131 Fikri"},"content":{"rendered":"<p>\u0130slam D\u00fcnyas\u0131 Fikri \u00f6zg\u00fcn ve \u00f6nemli bir kitap.Cemil Ayd\u0131n, modernli\u011fin hem M\u00fcsl\u00fcmanlar\u0131n d\u00fcnyadaki evrensel rolleri \u00fczerine kendi alg\u0131lar\u0131n\u0131, hem de onlar\u0131n d\u00fcnyadaki yeri \u00fczerine bizim alg\u0131lar\u0131m\u0131z\u0131 nas\u0131l \u015fekillendirdi\u011fini g\u00f6rmek i\u00e7in evrensel bir mercek sunuyor.\u2013III. Edmund Burke Cemil Ayd\u0131n, \u201c\u0130slam d\u00fcnyas\u0131\u201dna bak\u0131\u015f a\u00e7\u0131m\u0131z\u0131n nas\u0131l olu\u015ftu\u011funu ve geli\u015fti\u011fini sorguluyor ve bu ifadenin g\u00fcnl\u00fck s\u00f6ylemlerimizdeki \u00f6nemine nas\u0131l kavu\u015ftu\u011funu bizlere g\u00f6steriyor. Sekiz muhte\u015fem b\u00f6l\u00fcmde, belirli bir tarihsel ve siyasal \u00e7er\u00e7evede \u0130slam\u0131 bir k\u00fclt\u00fcr ve uygarl\u0131k gelene\u011fi olarak ele al\u0131p, \u0130slam d\u00fcnyas\u0131n\u0131n anahatlar\u0131n\u0131 \u00e7iziyor.\u2013Ebrahim Moosa<\/p>\n","protected":false},"excerpt":{"rendered":"<p>\u0130slam D\u00fcnyas\u0131 Fikri \u00f6zg\u00fcn ve \u00f6nemli bir kitap.Cemil Ayd\u0131n, modernli\u011fin hem M\u00fcsl\u00fcmanlar\u0131n d\u00fcnyadaki evrensel rolleri \u00fczerine kendi alg\u0131lar\u0131n\u0131, hem de onlar\u0131n d\u00fcnyadaki yeri \u00fczerine bizim alg\u0131lar\u0131m\u0131z\u0131<span class=\"excerpt-hellip\"> [\u2026]<\/span><\/p>\n","protected":false},"featured_media":0,"template":"","meta":{"_monsterinsights_skip_tracking":false,"_monsterinsights_sitenote_active":false,"_monsterinsights_sitenote_note":"","_monsterinsights_sitenote_category":0},"product_brand":[],"product_cat":[13036,12718,12719],"product_tag":[],"class_list":{"0":"post-730510","1":"product","2":"type-product","3":"status-publish","5":"product_cat-arastirma-inceleme-islam","6":"product_cat-din","7":"product_cat-islam","8":"pa_cilt-ciltsiz","9":"pa_tur-kitap","10":"pa_yayinevi-alfa-yayinlari","11":"pa_yazar-cemil-aydin","13":"first","14":"instock","15":"sale","16":"shipping-taxable","17":"purchasable","18":"product-type-simple"},"_links":{"self":[{"href":"https:\/\/roveyayinevi.com.tr\/index.php\/wp-json\/wp\/v2\/product\/730510","targetHints":{"allow":["GET"]}}],"collection":[{"href":"https:\/\/roveyayinevi.com.tr\/index.php\/wp-json\/wp\/v2\/product"}],"about":[{"href":"https:\/\/roveyayinevi.com.tr\/index.php\/wp-json\/wp\/v2\/types\/product"}],"wp:attachment":[{"href":"https:\/\/roveyayinevi.com.tr\/index.php\/wp-json\/wp\/v2\/media?parent=730510"}],"wp:term":[{"taxonomy":"product_brand","embeddable":true,"href":"https:\/\/roveyayinevi.com.tr\/index.php\/wp-json\/wp\/v2\/product_brand?post=730510"},{"taxonomy":"product_cat","embeddable":true,"href":"https:\/\/roveyayinevi.com.tr\/index.php\/wp-json\/wp\/v2\/product_cat?post=730510"},{"taxonomy":"product_tag","embeddable":true,"href":"https:\/\/roveyayinevi.com.tr\/index.php\/wp-json\/wp\/v2\/product_tag?post=730510"}],"curies":[{"name":"wp","href":"https:\/\/api.w.org\/{rel}","templated":true}]}}