{"id":730507,"date":"2025-08-27T21:15:50","date_gmt":"2025-08-27T18:15:50","guid":{"rendered":"https:\/\/roveyayinevi.com.tr\/index.php\/urun\/cocuk-psiklojisi-ve-ruh-sagligi\/"},"modified":"2026-04-16T02:38:31","modified_gmt":"2026-04-15T23:38:31","slug":"cocuk-psiklojisi-ve-ruh-sagligi","status":"publish","type":"product","link":"https:\/\/roveyayinevi.com.tr\/index.php\/urun\/cocuk-psiklojisi-ve-ruh-sagligi\/","title":{"rendered":"\u00c7ocuk Psiklojisi Ve Ruh Sa\u011fl\u0131\u011f\u0131"},"content":{"rendered":"<p>Ki\u015finin ideal benli\u011fi, k\u00fc\u00e7\u00fck ya\u015flardan itibaren yak\u0131n \u00e7evresinin \u00e7ocu\u011fa kar\u015f\u0131 olumlu tutum ve davran\u0131\u015flar i\u00e7erisinde olmas\u0131 ve ona d\u00f6n\u00fck ego geli\u015ftirici bir dil kullanmas\u0131na ba\u011fl\u0131 olarak geli\u015fmektedir.\u201d  Kitap, \u00e7ocukluk \u00e7a\u011f\u0131 travmalar\u0131, \u00e7ocuklarda g\u00f6r\u00fclen uyumsuz davran\u0131\u015flar\u0131n nedenleri ve ba\u015f etme y\u00f6ntemleri, ileti\u015fim ve \u00e7ocukla do\u011fru ileti\u015fim kurma yollar\u0131, ki\u015filik bozukluklar\u0131, \u00f6zel gereksinimli \u00e7ocu\u011fu olan ailelerin tepkilerini anlama onlara yard\u0131m ve dan\u0131\u015fmanl\u0131k, bo\u015fanma, \u00f6l\u00fcm ve \u00e7ocuk ruh sa\u011fl\u0131\u011f\u0131, psikoloji, sa\u011fl\u0131k ve ruh sa\u011fl\u0131\u011f\u0131 kavramlar\u0131, ki\u015filik tipleri, ruh sa\u011fl\u0131\u011f\u0131 modelleri,  \u00e7ocuklar\u0131n ruh sa\u011fl\u0131\u011f\u0131n\u0131 g\u00fc\u00e7lendirmenin yollar\u0131, ki\u015filik ve ki\u015filik geli\u015fimi, \u00e7ocu\u011fun benlik geli\u015fiminde anne-baban\u0131n rol\u00fc, savunma mekanizmalar\u0131,  ruh sa\u011fl\u0131\u011f\u0131 ba\u011flam\u0131nda ki\u015filik geli\u015fimi kuramlar\u0131, do\u011fum s\u0131ras\u0131n\u0131n psikolojik etkileri, kimlik geli\u015fimi ve \u00f6zellikleri gibi konular\u0131 i\u00e7ermektedir.<\/p>\n","protected":false},"excerpt":{"rendered":"<p>Ki\u015finin ideal benli\u011fi, k\u00fc\u00e7\u00fck ya\u015flardan itibaren yak\u0131n \u00e7evresinin \u00e7ocu\u011fa kar\u015f\u0131 olumlu tutum ve davran\u0131\u015flar i\u00e7erisinde olmas\u0131 ve ona d\u00f6n\u00fck ego geli\u015ftirici bir dil kullanmas\u0131na ba\u011fl\u0131 olarak<span class=\"excerpt-hellip\"> [\u2026]<\/span><\/p>\n","protected":false},"featured_media":0,"template":"","meta":{"_monsterinsights_skip_tracking":false,"_monsterinsights_sitenote_active":false,"_monsterinsights_sitenote_note":"","_monsterinsights_sitenote_category":0},"product_brand":[],"product_cat":[12573,12566],"product_tag":[],"class_list":{"0":"post-730507","1":"product","2":"type-product","3":"status-publish","5":"product_cat-akademik-kitaplar","6":"product_cat-egitim","7":"pa_cilt-ciltsiz","8":"pa_tur-kitap","9":"pa_yayinevi-egiten-kitap","10":"pa_yazar-ilhan-cicek","12":"first","13":"instock","14":"sale","15":"shipping-taxable","16":"purchasable","17":"product-type-simple"},"_links":{"self":[{"href":"https:\/\/roveyayinevi.com.tr\/index.php\/wp-json\/wp\/v2\/product\/730507","targetHints":{"allow":["GET"]}}],"collection":[{"href":"https:\/\/roveyayinevi.com.tr\/index.php\/wp-json\/wp\/v2\/product"}],"about":[{"href":"https:\/\/roveyayinevi.com.tr\/index.php\/wp-json\/wp\/v2\/types\/product"}],"wp:attachment":[{"href":"https:\/\/roveyayinevi.com.tr\/index.php\/wp-json\/wp\/v2\/media?parent=730507"}],"wp:term":[{"taxonomy":"product_brand","embeddable":true,"href":"https:\/\/roveyayinevi.com.tr\/index.php\/wp-json\/wp\/v2\/product_brand?post=730507"},{"taxonomy":"product_cat","embeddable":true,"href":"https:\/\/roveyayinevi.com.tr\/index.php\/wp-json\/wp\/v2\/product_cat?post=730507"},{"taxonomy":"product_tag","embeddable":true,"href":"https:\/\/roveyayinevi.com.tr\/index.php\/wp-json\/wp\/v2\/product_tag?post=730507"}],"curies":[{"name":"wp","href":"https:\/\/api.w.org\/{rel}","templated":true}]}}