{"id":730505,"date":"2025-08-27T21:15:48","date_gmt":"2025-08-27T18:15:48","guid":{"rendered":"https:\/\/roveyayinevi.com.tr\/index.php\/urun\/bu-kitap-cok-sacma-ya-da-degil\/"},"modified":"2026-04-08T02:47:13","modified_gmt":"2026-04-07T23:47:13","slug":"bu-kitap-cok-sacma-ya-da-degil","status":"publish","type":"product","link":"https:\/\/roveyayinevi.com.tr\/index.php\/urun\/bu-kitap-cok-sacma-ya-da-degil\/","title":{"rendered":"Bu Kitap \u00c7ok Sa\u00e7ma\u2026 Ya Da De\u011fil"},"content":{"rendered":"<p>Lapa lapa pamuk \u015feker ya\u011fan s\u0131ms\u0131cak bir k\u0131\u015f g\u00fcn\u00fcnde; kelebekler bavullar\u0131yla tatile gidiyor, g\u00fcller \u00e7ikolatal\u0131 pasta yiyor, havu\u00e7lar da seksek oynuyordu. T\u00fcm bu s\u0131radanl\u0131\u011f\u0131n ortas\u0131nda, garip olan bir \u015fey vard\u0131\u2026 Ama Defne bunun ne oldu\u011funu bir t\u00fcrl\u00fc \u00e7\u00f6zemiyordu. Pervaneli \u015fapkas\u0131yla havada s\u00fcz\u00fclen panda, \u015eair Leylek ve di\u011fer dostlar\u0131yla birlikte Defne bu garipli\u011fi bulmaya kararl\u0131yd\u0131.   \u015eu an elinde, d\u00fcnyan\u0131n en sa\u00e7ma kitab\u0131n\u0131 tutuyorsun. Bir saniye&#8230; Belki de bu, d\u00fcnyan\u0131n en mant\u0131kl\u0131 kitab\u0131d\u0131r. Kim bilebilir ki? En iyisi, kitab\u0131 oku ve nas\u0131l oldu\u011funa sen karar ver. <\/p>\n","protected":false},"excerpt":{"rendered":"<p>Lapa lapa pamuk \u015feker ya\u011fan s\u0131ms\u0131cak bir k\u0131\u015f g\u00fcn\u00fcnde; kelebekler bavullar\u0131yla tatile gidiyor, g\u00fcller \u00e7ikolatal\u0131 pasta yiyor, havu\u00e7lar da seksek oynuyordu. T\u00fcm bu s\u0131radanl\u0131\u011f\u0131n ortas\u0131nda, garip<span class=\"excerpt-hellip\"> [\u2026]<\/span><\/p>\n","protected":false},"featured_media":0,"template":"","meta":{"_monsterinsights_skip_tracking":false,"_monsterinsights_sitenote_active":false,"_monsterinsights_sitenote_note":"","_monsterinsights_sitenote_category":0},"product_brand":[],"product_cat":[12274,12284],"product_tag":[],"class_list":{"0":"post-730505","1":"product","2":"type-product","3":"status-publish","5":"product_cat-cocuk-ve-genclik-kitaplari","6":"product_cat-hikayeler","7":"pa_cilt-ciltsiz","8":"pa_tur-kitap","9":"pa_yayinevi-ithaki-yayinlari","10":"pa_yazar-hanzade-servi","12":"first","13":"instock","14":"sale","15":"shipping-taxable","16":"purchasable","17":"product-type-simple"},"_links":{"self":[{"href":"https:\/\/roveyayinevi.com.tr\/index.php\/wp-json\/wp\/v2\/product\/730505","targetHints":{"allow":["GET"]}}],"collection":[{"href":"https:\/\/roveyayinevi.com.tr\/index.php\/wp-json\/wp\/v2\/product"}],"about":[{"href":"https:\/\/roveyayinevi.com.tr\/index.php\/wp-json\/wp\/v2\/types\/product"}],"wp:attachment":[{"href":"https:\/\/roveyayinevi.com.tr\/index.php\/wp-json\/wp\/v2\/media?parent=730505"}],"wp:term":[{"taxonomy":"product_brand","embeddable":true,"href":"https:\/\/roveyayinevi.com.tr\/index.php\/wp-json\/wp\/v2\/product_brand?post=730505"},{"taxonomy":"product_cat","embeddable":true,"href":"https:\/\/roveyayinevi.com.tr\/index.php\/wp-json\/wp\/v2\/product_cat?post=730505"},{"taxonomy":"product_tag","embeddable":true,"href":"https:\/\/roveyayinevi.com.tr\/index.php\/wp-json\/wp\/v2\/product_tag?post=730505"}],"curies":[{"name":"wp","href":"https:\/\/api.w.org\/{rel}","templated":true}]}}