{"id":730504,"date":"2025-08-27T21:15:47","date_gmt":"2025-08-27T18:15:47","guid":{"rendered":"https:\/\/roveyayinevi.com.tr\/index.php\/urun\/kati-olmayan-seyler\/"},"modified":"2026-04-16T02:38:31","modified_gmt":"2026-04-15T23:38:31","slug":"kati-olmayan-seyler","status":"publish","type":"product","link":"https:\/\/roveyayinevi.com.tr\/index.php\/urun\/kati-olmayan-seyler\/","title":{"rendered":"Kat\u0131 Olmayan \u015eeyler"},"content":{"rendered":"<p>Yaln\u0131zca \u00e7ocuklar\u0131n bildikleri bir lisan var. Yal\u0131n, sahici, \u00fcrk\u00fct\u00fcc\u00fc bir lisan. Her \u015feyi oldu\u011fu gibi s\u00f6yleyen, yamas\u0131z, s\u00fcss\u00fcz, hatta \u00e7\u0131plak. Sadece konu\u015fmuyorlar \u00fcstelik onunla, bak\u0131p g\u00f6rmeyi, dinleyip anlamay\u0131 da beceriyorlar. Baz\u0131s\u0131 b\u00fcy\u00fcr b\u00fcy\u00fcmez unutuyor bu lisan\u0131, baz\u0131s\u0131 hi\u00e7 \u00e7\u0131karm\u0131yor akl\u0131ndan.   Nil\u00fcfer Altunkaya, Kat\u0131 Olmayan \u015eeyler kitab\u0131yla yaln\u0131zca \u00e7ocuklar\u0131n konu\u015ftu\u011fu tertemiz bir lisan sunuyor bize. Olan\u0131 allay\u0131p pullamadan, saf ger\u00e7ekli\u011fiyle g\u00f6steriyor okura. Kimi zaman arka soka\u011f\u0131m\u0131zdan ge\u00e7iyor, kimi zaman da uzak bir gelecekten sesleniyor bize.   \u201cYaz geceleri insan\u0131n akl\u0131n\u0131 ba\u015f\u0131ndan al\u0131yor. Yaz mevsiminin tenimde soluk al\u0131p veren, her \u015feyi ku\u015fatan, bo\u015fluklar\u0131 dolduran bir gecesini daha ya\u015f\u0131yor olmak. Sadece bu. G\u00f6r\u00fcnmez olmak istiyorum. Zaten g\u00f6lge gibiyim. Kendimin g\u00f6lgesi. Tek bir ki\u015fi olmaya \u00e7al\u0131\u015fan ruhumdaki kalabal\u0131\u011f\u0131n g\u00f6lgesi. \u0130\u015fte b\u00fct\u00fcn bunlar \u00e7ok zor.\u201d <\/p>\n","protected":false},"excerpt":{"rendered":"<p>Yaln\u0131zca \u00e7ocuklar\u0131n bildikleri bir lisan var. Yal\u0131n, sahici, \u00fcrk\u00fct\u00fcc\u00fc bir lisan. Her \u015feyi oldu\u011fu gibi s\u00f6yleyen, yamas\u0131z, s\u00fcss\u00fcz, hatta \u00e7\u0131plak. Sadece konu\u015fmuyorlar \u00fcstelik onunla, bak\u0131p g\u00f6rmeyi,<span class=\"excerpt-hellip\"> [\u2026]<\/span><\/p>\n","protected":false},"featured_media":0,"template":"","meta":{"_monsterinsights_skip_tracking":false,"_monsterinsights_sitenote_active":false,"_monsterinsights_sitenote_note":"","_monsterinsights_sitenote_category":0},"product_brand":[],"product_cat":[12291,12711],"product_tag":[],"class_list":{"0":"post-730504","1":"product","2":"type-product","3":"status-publish","5":"product_cat-edebiyat","6":"product_cat-roman-oyku","7":"pa_cilt-ciltsiz","8":"pa_tur-kitap","9":"pa_yayinevi-ithaki-yayinlari","10":"pa_yazar-nilufer-altunkaya","12":"first","13":"instock","14":"sale","15":"shipping-taxable","16":"purchasable","17":"product-type-simple"},"_links":{"self":[{"href":"https:\/\/roveyayinevi.com.tr\/index.php\/wp-json\/wp\/v2\/product\/730504","targetHints":{"allow":["GET"]}}],"collection":[{"href":"https:\/\/roveyayinevi.com.tr\/index.php\/wp-json\/wp\/v2\/product"}],"about":[{"href":"https:\/\/roveyayinevi.com.tr\/index.php\/wp-json\/wp\/v2\/types\/product"}],"wp:attachment":[{"href":"https:\/\/roveyayinevi.com.tr\/index.php\/wp-json\/wp\/v2\/media?parent=730504"}],"wp:term":[{"taxonomy":"product_brand","embeddable":true,"href":"https:\/\/roveyayinevi.com.tr\/index.php\/wp-json\/wp\/v2\/product_brand?post=730504"},{"taxonomy":"product_cat","embeddable":true,"href":"https:\/\/roveyayinevi.com.tr\/index.php\/wp-json\/wp\/v2\/product_cat?post=730504"},{"taxonomy":"product_tag","embeddable":true,"href":"https:\/\/roveyayinevi.com.tr\/index.php\/wp-json\/wp\/v2\/product_tag?post=730504"}],"curies":[{"name":"wp","href":"https:\/\/api.w.org\/{rel}","templated":true}]}}