{"id":730502,"date":"2025-08-27T21:15:45","date_gmt":"2025-08-27T18:15:45","guid":{"rendered":"https:\/\/roveyayinevi.com.tr\/index.php\/urun\/operadaki-hayalet-3\/"},"modified":"2026-04-16T02:38:31","modified_gmt":"2026-04-15T23:38:31","slug":"operadaki-hayalet-3","status":"publish","type":"product","link":"https:\/\/roveyayinevi.com.tr\/index.php\/urun\/operadaki-hayalet-3\/","title":{"rendered":"Operadaki Hayalet"},"content":{"rendered":"<p>&#8220;Yaz\u0131lm\u0131\u015f en g\u00fc\u00e7l\u00fc gotik romanslardan biri.\u201d \u2013New York Times   Gaston Leroux\u2019nun bir\u00e7ok defa beyaz perdeye uyarlanan, m\u00fczikaliyle y\u0131llard\u0131r izleyicilerin haf\u0131zas\u0131na kaz\u0131nan, okurlara Frankenstein\u2019\u0131n canavar\u0131 ve Dracula gibi unutulmaz bir karakteri tan\u0131tan Operadaki Hayalet gotik edebiyat\u0131n en \u00f6nemli romanlar\u0131ndan biri.   Paris Operas\u0131\u2019n\u0131n karanl\u0131k koridorlar\u0131nda bir hayaletin dola\u015ft\u0131\u011f\u0131 dedikodusu herkesin kula\u011f\u0131ndad\u0131r. Kimse bu hayaleti g\u00f6rmemi\u015ftir, sadece g\u00fczel ve yetenekli bir \u015fark\u0131c\u0131 olan Christine Daa\u00e9 duyabilmi\u015ftir sesini. Hayalet, onun M\u00fczik Mele\u011fi, \u00f6\u011fretmenidir. Ancak Christine\u2019e \u00e2\u015f\u0131k olan, eski dostu Chagny Vikontu ona yak\u0131nla\u015fmaya ba\u015flay\u0131nca Hayalet\u2019in k\u0131skan\u00e7l\u0131\u011f\u0131 da tehlikeli boyutlara ula\u015f\u0131r.   Bir hayalet mi o? Yoksa hem g\u00f6ky\u00fcz\u00fcne hem de yery\u00fcz\u00fcne ait biri mi? <\/p>\n","protected":false},"excerpt":{"rendered":"<p>&#8220;Yaz\u0131lm\u0131\u015f en g\u00fc\u00e7l\u00fc gotik romanslardan biri.\u201d \u2013New York Times Gaston Leroux\u2019nun bir\u00e7ok defa beyaz perdeye uyarlanan, m\u00fczikaliyle y\u0131llard\u0131r izleyicilerin haf\u0131zas\u0131na kaz\u0131nan, okurlara Frankenstein\u2019\u0131n canavar\u0131 ve Dracula<span class=\"excerpt-hellip\"> [\u2026]<\/span><\/p>\n","protected":false},"featured_media":0,"template":"","meta":{"_monsterinsights_skip_tracking":false,"_monsterinsights_sitenote_active":false,"_monsterinsights_sitenote_note":"","_monsterinsights_sitenote_category":0},"product_brand":[],"product_cat":[12291,17033],"product_tag":[],"class_list":{"0":"post-730502","1":"product","2":"type-product","3":"status-publish","5":"product_cat-edebiyat","6":"product_cat-korku-gerilim","7":"pa_cilt-ciltsiz","8":"pa_tur-kitap","9":"pa_yayinevi-ithaki-yayinlari","10":"pa_yazar-gaston-leroux","12":"first","13":"instock","14":"sale","15":"shipping-taxable","16":"purchasable","17":"product-type-simple"},"_links":{"self":[{"href":"https:\/\/roveyayinevi.com.tr\/index.php\/wp-json\/wp\/v2\/product\/730502","targetHints":{"allow":["GET"]}}],"collection":[{"href":"https:\/\/roveyayinevi.com.tr\/index.php\/wp-json\/wp\/v2\/product"}],"about":[{"href":"https:\/\/roveyayinevi.com.tr\/index.php\/wp-json\/wp\/v2\/types\/product"}],"wp:attachment":[{"href":"https:\/\/roveyayinevi.com.tr\/index.php\/wp-json\/wp\/v2\/media?parent=730502"}],"wp:term":[{"taxonomy":"product_brand","embeddable":true,"href":"https:\/\/roveyayinevi.com.tr\/index.php\/wp-json\/wp\/v2\/product_brand?post=730502"},{"taxonomy":"product_cat","embeddable":true,"href":"https:\/\/roveyayinevi.com.tr\/index.php\/wp-json\/wp\/v2\/product_cat?post=730502"},{"taxonomy":"product_tag","embeddable":true,"href":"https:\/\/roveyayinevi.com.tr\/index.php\/wp-json\/wp\/v2\/product_tag?post=730502"}],"curies":[{"name":"wp","href":"https:\/\/api.w.org\/{rel}","templated":true}]}}