{"id":730488,"date":"2025-08-27T21:15:31","date_gmt":"2025-08-27T18:15:31","guid":{"rendered":"https:\/\/roveyayinevi.com.tr\/index.php\/urun\/fasist-kimdir\/"},"modified":"2026-04-16T02:38:30","modified_gmt":"2026-04-15T23:38:30","slug":"fasist-kimdir","status":"publish","type":"product","link":"https:\/\/roveyayinevi.com.tr\/index.php\/urun\/fasist-kimdir\/","title":{"rendered":"Fa\u015fist Kimdir?"},"content":{"rendered":"<p>\u201cFa\u015fizme d\u00f6n\u00fc\u015f, Umberto Eco\u2019nun \u2018Ebedi Fa\u015fizm\u2019 ba\u015fl\u0131kl\u0131 makalesiyle, b\u00fcy\u00fck bir s\u00fckseyle yeniden tedav\u00fcle girdi. Bu makalenin okunma bi\u00e7imi, yazar\u0131n, \u2018ebedi fa\u015fizm en masum kisvelere b\u00fcr\u00fcnerek geri d\u00f6nebilir\u2019 ve \u2018g\u00f6revimizin onun maskesini d\u00fc\u015f\u00fcrmek ve d\u00fcnyan\u0131n her yerinde her g\u00fcn ortaya \u00e7\u0131kan yeni bi\u00e7imlerinden her birine dikkat \u00e7ekmek\u2019 uyar\u0131s\u0131n\u0131 yaparken s\u00f6ylediklerinin tam tersi etkiler yaratabilir diye d\u00fc\u015f\u00fcn\u00fcyorum.\u201dEmilio GentileFa\u015fizmi tarihte kalm\u0131\u015f \u201cantika\u201d bir olay olarak g\u00f6rmek bir u\u00e7taysa, her otoriter ve bask\u0131c\u0131 rejimi fa\u015fistlikle itham etmek de \u00f6teki u\u00e7tur. \u0130kisi de g\u00fcn\u00fcm\u00fczde fa\u015fizm benzeri sonu\u00e7lara yol a\u00e7abilecek olan hareketler ve ideolojik \u00f6\u011feler kar\u015f\u0131s\u0131nda insanlar\u0131 duyars\u0131z ve at\u0131l k\u0131labilir. Emilio Gentile, Fa\u015fist Kimdir? ba\u015fl\u0131kl\u0131 kitab\u0131nda, fa\u015fizm kavram\u0131n\u0131n genel bir hakaret s\u00f6zc\u00fc\u011f\u00fcne d\u00f6n\u00fc\u015fmesinin bu sak\u0131ncalar\u0131na dikkat \u00e7ekiyor. Fa\u015fizmin \u0130talya\u2019da bir y\u00fczy\u0131l \u00f6nce ortaya \u00e7\u0131karken sahip oldu\u011fu \u00f6rg\u00fctsel, k\u00fclt\u00fcrel ve kurumsal boyutlar\u0131n \u00f6zg\u00fcl niteli\u011fini hat\u0131rlat\u0131yor.Kitaba T\u00fcrkiye\u2019de fa\u015fizm kavram\u0131n\u0131n serenc\u00e2m\u0131 \u00fczerine kapsaml\u0131 bir giri\u015f yaz\u0131s\u0131 yazan Tan\u0131l Bora\u2019n\u0131n da i\u015faret etti\u011fi gibi, Gentile\u2019nin kitab\u0131n\u0131 okurken, fa\u015fizm kavram\u0131n\u0131n soldaki enflasyonist kullan\u0131m\u0131n\u0131n vahim anti-demokratik ve fa\u015fizan siyaset, ideoloji ve pratiklere kar\u015f\u0131 g\u00fc\u00e7l\u00fc bir duyarl\u0131l\u0131k olu\u015fmas\u0131n\u0131 engellemi\u015f olabilece\u011fi sorusu kar\u015f\u0131m\u0131za \u00e7\u0131k\u0131yor.<\/p>\n","protected":false},"excerpt":{"rendered":"<p>\u201cFa\u015fizme d\u00f6n\u00fc\u015f, Umberto Eco\u2019nun \u2018Ebedi Fa\u015fizm\u2019 ba\u015fl\u0131kl\u0131 makalesiyle, b\u00fcy\u00fck bir s\u00fckseyle yeniden tedav\u00fcle girdi. Bu makalenin okunma bi\u00e7imi, yazar\u0131n, \u2018ebedi fa\u015fizm en masum kisvelere b\u00fcr\u00fcnerek geri<span class=\"excerpt-hellip\"> [\u2026]<\/span><\/p>\n","protected":false},"featured_media":0,"template":"","meta":{"_monsterinsights_skip_tracking":false,"_monsterinsights_sitenote_active":false,"_monsterinsights_sitenote_note":"","_monsterinsights_sitenote_category":0},"product_brand":[],"product_cat":[13590,12337],"product_tag":[],"class_list":{"0":"post-730488","1":"product","2":"type-product","3":"status-publish","5":"product_cat-arastirma-inceleme-politika-siyaset","6":"product_cat-politika-siyaset","7":"pa_cilt-ciltsiz","8":"pa_tur-kitap","9":"pa_yayinevi-iletisim-yayinlari","10":"pa_yazar-emilio-gentile","12":"first","13":"instock","14":"sale","15":"shipping-taxable","16":"purchasable","17":"product-type-simple"},"_links":{"self":[{"href":"https:\/\/roveyayinevi.com.tr\/index.php\/wp-json\/wp\/v2\/product\/730488","targetHints":{"allow":["GET"]}}],"collection":[{"href":"https:\/\/roveyayinevi.com.tr\/index.php\/wp-json\/wp\/v2\/product"}],"about":[{"href":"https:\/\/roveyayinevi.com.tr\/index.php\/wp-json\/wp\/v2\/types\/product"}],"wp:attachment":[{"href":"https:\/\/roveyayinevi.com.tr\/index.php\/wp-json\/wp\/v2\/media?parent=730488"}],"wp:term":[{"taxonomy":"product_brand","embeddable":true,"href":"https:\/\/roveyayinevi.com.tr\/index.php\/wp-json\/wp\/v2\/product_brand?post=730488"},{"taxonomy":"product_cat","embeddable":true,"href":"https:\/\/roveyayinevi.com.tr\/index.php\/wp-json\/wp\/v2\/product_cat?post=730488"},{"taxonomy":"product_tag","embeddable":true,"href":"https:\/\/roveyayinevi.com.tr\/index.php\/wp-json\/wp\/v2\/product_tag?post=730488"}],"curies":[{"name":"wp","href":"https:\/\/api.w.org\/{rel}","templated":true}]}}