{"id":730486,"date":"2025-08-27T21:15:29","date_gmt":"2025-08-27T18:15:29","guid":{"rendered":"https:\/\/roveyayinevi.com.tr\/index.php\/urun\/dogayi-emegi-yasami-korumak\/"},"modified":"2026-04-16T02:38:30","modified_gmt":"2026-04-15T23:38:30","slug":"dogayi-emegi-yasami-korumak","status":"publish","type":"product","link":"https:\/\/roveyayinevi.com.tr\/index.php\/urun\/dogayi-emegi-yasami-korumak\/","title":{"rendered":"Do\u011fay\u0131, Eme\u011fi, Ya\u015fam\u0131 Korumak"},"content":{"rendered":"<p>\u201cPatriyarkal emperyalist kapitalist sistem durdurulmazsa her kriz ya\u015fam \u00fczerinde bir \u00f6ncekinden daha da \u015fiddetli, geri al\u0131namaz ekolojik y\u0131k\u0131mlar\u0131\u2026 beraberinde getirecektir. K\u00fcresel iklim krizi, sa\u011fl\u0131k krizi, g\u0131da krizi, t\u00fcrlerin yok olu\u015fu, halklar\u0131n canl\u0131lar\u0131n bar\u0131nma hakk\u0131n\u0131n yok edilmesi, halklar\u0131n zorla yerinden edilmesi, yoksulluk, a\u00e7l\u0131k, i\u015f\u00e7i s\u0131n\u0131f\u0131n\u0131n, emek\u00e7ilerin ya\u015fam g\u00fcvencelerinin ve \u00f6zl\u00fck haklar\u0131n\u0131n yok edili\u015fi, ekolojik sistemlerin y\u0131k\u0131m\u0131 \u00f6nlenemez boyuta ula\u015facakt\u0131r. Bu olgu, ya\u015fam\u0131 yeniden kurmak i\u00e7in hepimize, t\u00fcm halklara sorumluluk y\u00fcklemektedir.\u201dBeyza \u00dcst\u00fcnDo\u011fay\u0131 korumak, suyu korumak, ya\u015fam\u0131 korumak i\u00e7in duyarl\u0131l\u0131k, m\u00fccadele \u2013 ve siyaset! Bu kadar yal\u0131n bir meselesi var, Do\u011fay\u0131, Eme\u011fi, Ya\u015fam\u0131 Korumak\u2019\u0131n. Beyza \u00dcst\u00fcn, bilim insan\u0131 donan\u0131m\u0131yla ama her \u015feyden \u00f6nce bir ekolojik-politik eylemci olarak, \u00fclkenin ve d\u00fcnyan\u0131n ya\u015fam kaynaklar\u0131na y\u00f6nelen \u00f6l\u00fcmc\u00fcl tehdide ve pandemiyle sermayenin \u201ch\u0131z ortakl\u0131\u011f\u0131na\u201d dikkat \u00e7ekiyor. G\u00fc\u00e7 ve \u015fiddet kullanarak, zorla yerinden ederek, el koyarak uygulanan y\u0131k\u0131c\u0131 ve yay\u0131lmac\u0131 politikalar\u0131 te\u015fhir ediyor. Sald\u0131r\u0131lara itiraz\u0131n \u201cya\u015fam\u0131 savunan\u201d \u00f6fkesiyle yap\u0131yor bunu<\/p>\n","protected":false},"excerpt":{"rendered":"<p>\u201cPatriyarkal emperyalist kapitalist sistem durdurulmazsa her kriz ya\u015fam \u00fczerinde bir \u00f6ncekinden daha da \u015fiddetli, geri al\u0131namaz ekolojik y\u0131k\u0131mlar\u0131\u2026 beraberinde getirecektir. K\u00fcresel iklim krizi, sa\u011fl\u0131k krizi, g\u0131da<span class=\"excerpt-hellip\"> [\u2026]<\/span><\/p>\n","protected":false},"featured_media":0,"template":"","meta":{"_monsterinsights_skip_tracking":false,"_monsterinsights_sitenote_active":false,"_monsterinsights_sitenote_note":"","_monsterinsights_sitenote_category":0},"product_brand":[],"product_cat":[23323,12364],"product_tag":[],"class_list":{"0":"post-730486","1":"product","2":"type-product","3":"status-publish","5":"product_cat-ekoloji","6":"product_cat-genel-konular","7":"pa_cilt-ciltsiz","8":"pa_tur-kitap","9":"pa_yayinevi-iletisim-yayinlari","10":"pa_yazar-beyza-ustun","12":"first","13":"instock","14":"sale","15":"shipping-taxable","16":"purchasable","17":"product-type-simple"},"_links":{"self":[{"href":"https:\/\/roveyayinevi.com.tr\/index.php\/wp-json\/wp\/v2\/product\/730486","targetHints":{"allow":["GET"]}}],"collection":[{"href":"https:\/\/roveyayinevi.com.tr\/index.php\/wp-json\/wp\/v2\/product"}],"about":[{"href":"https:\/\/roveyayinevi.com.tr\/index.php\/wp-json\/wp\/v2\/types\/product"}],"wp:attachment":[{"href":"https:\/\/roveyayinevi.com.tr\/index.php\/wp-json\/wp\/v2\/media?parent=730486"}],"wp:term":[{"taxonomy":"product_brand","embeddable":true,"href":"https:\/\/roveyayinevi.com.tr\/index.php\/wp-json\/wp\/v2\/product_brand?post=730486"},{"taxonomy":"product_cat","embeddable":true,"href":"https:\/\/roveyayinevi.com.tr\/index.php\/wp-json\/wp\/v2\/product_cat?post=730486"},{"taxonomy":"product_tag","embeddable":true,"href":"https:\/\/roveyayinevi.com.tr\/index.php\/wp-json\/wp\/v2\/product_tag?post=730486"}],"curies":[{"name":"wp","href":"https:\/\/api.w.org\/{rel}","templated":true}]}}