{"id":730476,"date":"2025-08-27T21:15:20","date_gmt":"2025-08-27T18:15:20","guid":{"rendered":"https:\/\/roveyayinevi.com.tr\/index.php\/urun\/masumiyetin-icin-savas\/"},"modified":"2026-04-16T02:38:30","modified_gmt":"2026-04-15T23:38:30","slug":"masumiyetin-icin-savas","status":"publish","type":"product","link":"https:\/\/roveyayinevi.com.tr\/index.php\/urun\/masumiyetin-icin-savas\/","title":{"rendered":"Masumiyetin \u0130\u00e7in Sava\u015f"},"content":{"rendered":"<p>Miranda Wood evine d\u00f6nd\u00fc\u011f\u00fcnde eski sevgilisi ve patronu Richard\u2019\u0131 yata\u011f\u0131nda \u00f6ld\u00fcr\u00fclm\u00fc\u015f bulur. B\u00fct\u00fcn kan\u0131tlar gen\u00e7 kad\u0131n\u0131n aleyhindedir ve su\u00e7suzlu\u011funu ispatlayabilmek i\u00e7in \u00f6n\u00fcnde \u00e7ok az bir zaman vard\u0131r. Yerel bir gazetenin sahibi olan Richard\u2019\u0131n san\u0131landan fazla d\u00fc\u015fman\u0131 oldu\u011funu ke\u015ffetmek Miranda\u2019y\u0131 \u015fa\u015f\u0131rtsa da takip edebilece\u011fi yepyeni ipu\u00e7lar\u0131na ula\u015f\u0131r. Ara\u015ft\u0131rmas\u0131 derinle\u015ftik\u00e7e bu i\u015fin d\u00fc\u015f\u00fcnd\u00fc\u011f\u00fcnden \u00e7ok daha kapsaml\u0131 ve karma\u015f\u0131k oldu\u011funu anlar. \u00dcstelik art\u0131k pe\u015finde onu \u00f6ld\u00fcrmek isteyen birileri de vard\u0131r. Kendini bir \u00f6l\u00fcm kal\u0131m sava\u015f\u0131n\u0131n i\u00e7inde bulan Miranda\u2019n\u0131n ne pahas\u0131na olursa olsun ger\u00e7e\u011fi ortaya \u00e7\u0131karmaktan ba\u015fka yolu kalmam\u0131\u015ft\u0131r. Uluslararas\u0131 \u00e7ok satan romanlar\u0131n yazar\u0131 Tess Gerritsen b\u00fcy\u00fck bir ustal\u0131kla, tempoyu hi\u00e7 d\u00fc\u015f\u00fcrmeden okurunu s\u00fcrprizlerle dolu heyecanl\u0131 ve romantik bir maceraya \u00e7\u0131kar\u0131yor.  <\/p>\n","protected":false},"excerpt":{"rendered":"<p>Miranda Wood evine d\u00f6nd\u00fc\u011f\u00fcnde eski sevgilisi ve patronu Richard\u2019\u0131 yata\u011f\u0131nda \u00f6ld\u00fcr\u00fclm\u00fc\u015f bulur. B\u00fct\u00fcn kan\u0131tlar gen\u00e7 kad\u0131n\u0131n aleyhindedir ve su\u00e7suzlu\u011funu ispatlayabilmek i\u00e7in \u00f6n\u00fcnde \u00e7ok az bir zaman<span class=\"excerpt-hellip\"> [\u2026]<\/span><\/p>\n","protected":false},"featured_media":0,"template":"","meta":{"_monsterinsights_skip_tracking":false,"_monsterinsights_sitenote_active":false,"_monsterinsights_sitenote_note":"","_monsterinsights_sitenote_category":0},"product_brand":[],"product_cat":[12291,17033],"product_tag":[],"class_list":{"0":"post-730476","1":"product","2":"type-product","3":"status-publish","5":"product_cat-edebiyat","6":"product_cat-korku-gerilim","7":"pa_cilt-ciltsiz","8":"pa_tur-kitap","9":"pa_yayinevi-dogan-kitap","10":"pa_yazar-tess-gerritsen","12":"first","13":"instock","14":"sale","15":"shipping-taxable","16":"purchasable","17":"product-type-simple"},"_links":{"self":[{"href":"https:\/\/roveyayinevi.com.tr\/index.php\/wp-json\/wp\/v2\/product\/730476","targetHints":{"allow":["GET"]}}],"collection":[{"href":"https:\/\/roveyayinevi.com.tr\/index.php\/wp-json\/wp\/v2\/product"}],"about":[{"href":"https:\/\/roveyayinevi.com.tr\/index.php\/wp-json\/wp\/v2\/types\/product"}],"wp:attachment":[{"href":"https:\/\/roveyayinevi.com.tr\/index.php\/wp-json\/wp\/v2\/media?parent=730476"}],"wp:term":[{"taxonomy":"product_brand","embeddable":true,"href":"https:\/\/roveyayinevi.com.tr\/index.php\/wp-json\/wp\/v2\/product_brand?post=730476"},{"taxonomy":"product_cat","embeddable":true,"href":"https:\/\/roveyayinevi.com.tr\/index.php\/wp-json\/wp\/v2\/product_cat?post=730476"},{"taxonomy":"product_tag","embeddable":true,"href":"https:\/\/roveyayinevi.com.tr\/index.php\/wp-json\/wp\/v2\/product_tag?post=730476"}],"curies":[{"name":"wp","href":"https:\/\/api.w.org\/{rel}","templated":true}]}}