{"id":730465,"date":"2025-08-27T21:15:07","date_gmt":"2025-08-27T18:15:07","guid":{"rendered":"https:\/\/roveyayinevi.com.tr\/index.php\/urun\/gucunu-kesfet\/"},"modified":"2026-04-16T02:38:30","modified_gmt":"2026-04-15T23:38:30","slug":"gucunu-kesfet","status":"publish","type":"product","link":"https:\/\/roveyayinevi.com.tr\/index.php\/urun\/gucunu-kesfet\/","title":{"rendered":"G\u00fcc\u00fcn\u00fc Ke\u015ffet"},"content":{"rendered":"<p>Power Thoughts \u201cG\u00fc\u00e7l\u00fc D\u00fc\u015f\u00fcnceler\u201din kurucusu Nathalie Costa\u2019n\u0131n katk\u0131lar\u0131yla, Beth Cox taraf\u0131ndan yaz\u0131ld\u0131, Vicky Barker resimledi. Blue Peter Book \u00d6d\u00fcl\u00fc 2018 \u00c7ocuklar\u0131n zihinlerini \u00f6zg\u00fcr b\u0131rakmak, onlar\u0131n kendilerine g\u00fcvenlerinin geli\u015fmesine f\u0131rsat verir. Bu kitapla, \u00e7ocuklar denenmi\u015f ve test edilmi\u015f teknikleri kullanarak empati kurmay\u0131 ve i\u00e7sel g\u00fc\u00e7lerini bulmay\u0131 \u00f6\u011frenecekler. Bu kitaptaki etkinlikler, \u00e7ocuklar\u0131n ya\u015fad\u0131\u011f\u0131m\u0131z d\u00fcnyada huzuru yakalamalar\u0131na, yo\u011fun duygular\u0131n\u0131 anlay\u0131p kucaklamalar\u0131na ve i\u00e7lerindeki mucizeyi ke\u015ffetmelerine yard\u0131mc\u0131 olmak amac\u0131yla tasarland\u0131. <\/p>\n","protected":false},"excerpt":{"rendered":"<p>Power Thoughts \u201cG\u00fc\u00e7l\u00fc D\u00fc\u015f\u00fcnceler\u201din kurucusu Nathalie Costa\u2019n\u0131n katk\u0131lar\u0131yla, Beth Cox taraf\u0131ndan yaz\u0131ld\u0131, Vicky Barker resimledi. Blue Peter Book \u00d6d\u00fcl\u00fc 2018 \u00c7ocuklar\u0131n zihinlerini \u00f6zg\u00fcr b\u0131rakmak, onlar\u0131n kendilerine<span class=\"excerpt-hellip\"> [\u2026]<\/span><\/p>\n","protected":false},"featured_media":0,"template":"","meta":{"_monsterinsights_skip_tracking":false,"_monsterinsights_sitenote_active":false,"_monsterinsights_sitenote_note":"","_monsterinsights_sitenote_category":0},"product_brand":[],"product_cat":[12275,12274],"product_tag":[],"class_list":{"0":"post-730465","1":"product","2":"type-product","3":"status-publish","5":"product_cat-6-12-yas-kitaplari","6":"product_cat-cocuk-ve-genclik-kitaplari","7":"pa_cilt-ciltsiz","8":"pa_tur-kitap","9":"pa_yayinevi-dogan-egmont-yayincilik","10":"pa_yazar-beth-cox","12":"first","13":"instock","14":"sale","15":"shipping-taxable","16":"purchasable","17":"product-type-simple"},"_links":{"self":[{"href":"https:\/\/roveyayinevi.com.tr\/index.php\/wp-json\/wp\/v2\/product\/730465","targetHints":{"allow":["GET"]}}],"collection":[{"href":"https:\/\/roveyayinevi.com.tr\/index.php\/wp-json\/wp\/v2\/product"}],"about":[{"href":"https:\/\/roveyayinevi.com.tr\/index.php\/wp-json\/wp\/v2\/types\/product"}],"wp:attachment":[{"href":"https:\/\/roveyayinevi.com.tr\/index.php\/wp-json\/wp\/v2\/media?parent=730465"}],"wp:term":[{"taxonomy":"product_brand","embeddable":true,"href":"https:\/\/roveyayinevi.com.tr\/index.php\/wp-json\/wp\/v2\/product_brand?post=730465"},{"taxonomy":"product_cat","embeddable":true,"href":"https:\/\/roveyayinevi.com.tr\/index.php\/wp-json\/wp\/v2\/product_cat?post=730465"},{"taxonomy":"product_tag","embeddable":true,"href":"https:\/\/roveyayinevi.com.tr\/index.php\/wp-json\/wp\/v2\/product_tag?post=730465"}],"curies":[{"name":"wp","href":"https:\/\/api.w.org\/{rel}","templated":true}]}}