{"id":730464,"date":"2025-08-27T21:15:06","date_gmt":"2025-08-27T18:15:06","guid":{"rendered":"https:\/\/roveyayinevi.com.tr\/index.php\/urun\/minik-fare-kukredi\/"},"modified":"2026-04-16T02:38:30","modified_gmt":"2026-04-15T23:38:30","slug":"minik-fare-kukredi","status":"publish","type":"product","link":"https:\/\/roveyayinevi.com.tr\/index.php\/urun\/minik-fare-kukredi\/","title":{"rendered":"Minik Fare K\u00fckredi"},"content":{"rendered":"<p>20\u2019den fazla dile \u00e7evrildi!   K\u00dcKREYEBiLMEK i\u00e7in KOCAMAN olmak zorunda de\u011filsin.   Ufac\u0131k tefecik olmak her zaman \u00e7ok kolay de\u011fil.  Minik fare, i\u00e7indeki cesareti bulmak ve k\u00fckremeyi \u00f6\u011frenmek i\u00e7in \u00e7\u0131kt\u0131\u011f\u0131 bu yolculukta, en k\u00fc\u00e7\u00fck canl\u0131n\u0131n bile bir aslan\u0131n y\u00fcre\u011fine sahip olabilece\u011fini ke\u015ffediyor. <\/p>\n","protected":false},"excerpt":{"rendered":"<p>20\u2019den fazla dile \u00e7evrildi! K\u00dcKREYEBiLMEK i\u00e7in KOCAMAN olmak zorunda de\u011filsin. Ufac\u0131k tefecik olmak her zaman \u00e7ok kolay de\u011fil. Minik fare, i\u00e7indeki cesareti bulmak ve k\u00fckremeyi \u00f6\u011frenmek<span class=\"excerpt-hellip\"> [\u2026]<\/span><\/p>\n","protected":false},"featured_media":0,"template":"","meta":{"_monsterinsights_skip_tracking":false,"_monsterinsights_sitenote_active":false,"_monsterinsights_sitenote_note":"","_monsterinsights_sitenote_category":0},"product_brand":[],"product_cat":[12913,12274],"product_tag":[],"class_list":{"0":"post-730464","1":"product","2":"type-product","3":"status-publish","5":"product_cat-3-6-yas-kitaplari","6":"product_cat-cocuk-ve-genclik-kitaplari","7":"pa_cilt-ciltsiz","8":"pa_tur-kitap","9":"pa_yayinevi-ucanfil-ozel-urun","10":"pa_yazar-rachel-bright","12":"first","13":"instock","14":"sale","15":"shipping-taxable","16":"purchasable","17":"product-type-simple"},"_links":{"self":[{"href":"https:\/\/roveyayinevi.com.tr\/index.php\/wp-json\/wp\/v2\/product\/730464","targetHints":{"allow":["GET"]}}],"collection":[{"href":"https:\/\/roveyayinevi.com.tr\/index.php\/wp-json\/wp\/v2\/product"}],"about":[{"href":"https:\/\/roveyayinevi.com.tr\/index.php\/wp-json\/wp\/v2\/types\/product"}],"wp:attachment":[{"href":"https:\/\/roveyayinevi.com.tr\/index.php\/wp-json\/wp\/v2\/media?parent=730464"}],"wp:term":[{"taxonomy":"product_brand","embeddable":true,"href":"https:\/\/roveyayinevi.com.tr\/index.php\/wp-json\/wp\/v2\/product_brand?post=730464"},{"taxonomy":"product_cat","embeddable":true,"href":"https:\/\/roveyayinevi.com.tr\/index.php\/wp-json\/wp\/v2\/product_cat?post=730464"},{"taxonomy":"product_tag","embeddable":true,"href":"https:\/\/roveyayinevi.com.tr\/index.php\/wp-json\/wp\/v2\/product_tag?post=730464"}],"curies":[{"name":"wp","href":"https:\/\/api.w.org\/{rel}","templated":true}]}}