{"id":730461,"date":"2025-08-27T21:15:03","date_gmt":"2025-08-27T18:15:03","guid":{"rendered":"https:\/\/roveyayinevi.com.tr\/index.php\/urun\/kira-kiralina-ciltli\/"},"modified":"2026-04-16T02:38:30","modified_gmt":"2026-04-15T23:38:30","slug":"kira-kiralina-ciltli","status":"publish","type":"product","link":"https:\/\/roveyayinevi.com.tr\/index.php\/urun\/kira-kiralina-ciltli\/","title":{"rendered":"Kira Kiralina (Ciltli)"},"content":{"rendered":"<p>Panait Istrati\u2019nin ilk yap\u0131tlar\u0131ndan olan Kira Kiralina, 1924 y\u0131l\u0131nda yay\u0131mland\u0131\u011f\u0131nda b\u00fcy\u00fck ilgi toplad\u0131 ve yazar\u0131n gelecek \u015f\u00f6hretinde b\u00fcy\u00fck pay sahibi oldu. Adrien Zograffi adl\u0131 kahraman\u0131n\u0131n ad\u0131n\u0131 ta\u015f\u0131yan dizinin ilk kitab\u0131 Kira Kiralina\u2019da yazar, Tuna Nehri\u2019nden Kahire\u2019ye uzanan bir co\u011frafyan\u0131n insanlar\u0131n\u0131 canl\u0131 portreler halinde betimliyor. Adrien\u2019in Stavro\u2019yla kar\u015f\u0131la\u015fmalar\u0131 \u00fczerinden, m\u00fclks\u00fcz, yurtsuz bir insan i\u00e7in \u00f6zg\u00fcrl\u00fc\u011f\u00fcn ve ahlak\u0131n anlam\u0131n\u0131 tart\u0131\u015f\u0131yor. Istrati Do\u011fu\u2019yu toz pembe bir masal halinde de\u011fil, geleneksel devlet, aile, cinsiyet ba\u011flar\u0131n\u0131n d\u0131\u015f\u0131ndaki insanlar\u0131n bitimsiz dayanak aray\u0131\u015flar\u0131ndan kesitlerle sunuyor<\/p>\n","protected":false},"excerpt":{"rendered":"<p>Panait Istrati\u2019nin ilk yap\u0131tlar\u0131ndan olan Kira Kiralina, 1924 y\u0131l\u0131nda yay\u0131mland\u0131\u011f\u0131nda b\u00fcy\u00fck ilgi toplad\u0131 ve yazar\u0131n gelecek \u015f\u00f6hretinde b\u00fcy\u00fck pay sahibi oldu. Adrien Zograffi adl\u0131 kahraman\u0131n\u0131n ad\u0131n\u0131<span class=\"excerpt-hellip\"> [\u2026]<\/span><\/p>\n","protected":false},"featured_media":0,"template":"","meta":{"_monsterinsights_skip_tracking":false,"_monsterinsights_sitenote_active":false,"_monsterinsights_sitenote_note":"","_monsterinsights_sitenote_category":0},"product_brand":[],"product_cat":[12291,26797],"product_tag":[],"class_list":{"0":"post-730461","1":"product","2":"type-product","3":"status-publish","5":"product_cat-edebiyat","6":"product_cat-modern-klasikler","7":"pa_cilt-ciltli","8":"pa_tur-kitap","9":"pa_yayinevi-is-bankasi-kultur-yayinlari","10":"pa_yazar-panait-istrati","12":"first","13":"instock","14":"sale","15":"shipping-taxable","16":"purchasable","17":"product-type-simple"},"_links":{"self":[{"href":"https:\/\/roveyayinevi.com.tr\/index.php\/wp-json\/wp\/v2\/product\/730461","targetHints":{"allow":["GET"]}}],"collection":[{"href":"https:\/\/roveyayinevi.com.tr\/index.php\/wp-json\/wp\/v2\/product"}],"about":[{"href":"https:\/\/roveyayinevi.com.tr\/index.php\/wp-json\/wp\/v2\/types\/product"}],"wp:attachment":[{"href":"https:\/\/roveyayinevi.com.tr\/index.php\/wp-json\/wp\/v2\/media?parent=730461"}],"wp:term":[{"taxonomy":"product_brand","embeddable":true,"href":"https:\/\/roveyayinevi.com.tr\/index.php\/wp-json\/wp\/v2\/product_brand?post=730461"},{"taxonomy":"product_cat","embeddable":true,"href":"https:\/\/roveyayinevi.com.tr\/index.php\/wp-json\/wp\/v2\/product_cat?post=730461"},{"taxonomy":"product_tag","embeddable":true,"href":"https:\/\/roveyayinevi.com.tr\/index.php\/wp-json\/wp\/v2\/product_tag?post=730461"}],"curies":[{"name":"wp","href":"https:\/\/api.w.org\/{rel}","templated":true}]}}