{"id":730441,"date":"2025-08-27T21:14:45","date_gmt":"2025-08-27T18:14:45","guid":{"rendered":"https:\/\/roveyayinevi.com.tr\/index.php\/urun\/gokcukuru\/"},"modified":"2026-04-16T02:38:29","modified_gmt":"2026-04-15T23:38:29","slug":"gokcukuru","status":"publish","type":"product","link":"https:\/\/roveyayinevi.com.tr\/index.php\/urun\/gokcukuru\/","title":{"rendered":"G\u00f6k\u00e7ukuru"},"content":{"rendered":"<p>\u201c\u2026 Peki sen ayn\u0131 insan m\u0131s\u0131n?\u201d sorusu ge\u00e7ti y\u0131ld\u0131r\u0131m h\u0131z\u0131yla akl\u0131mdan. Her \u015feyin b\u0131rakt\u0131\u011f\u0131m gibi kalmas\u0131n\u0131 isteyen ben de o ge\u00e7mi\u015ften neredeyse hi\u00e7bir iz ta\u015f\u0131m\u0131yordum. Ne kafam\u0131n i\u00e7indekilerin ne de \u00fczerimdekilerin o ge\u00e7mi\u015fe ait oldu\u011funu iddia edebilirdim. Bir k\u00f6k aray\u0131\u015f\u0131yla buraya gelip d\u00fc\u015f k\u0131r\u0131kl\u0131\u011f\u0131na u\u011frad\u0131\u011f\u0131m i\u00e7in ba\u015fkalar\u0131n\u0131 m\u0131 su\u00e7luyordum? Benim ruhuma yabanc\u0131la\u015fm\u0131\u015f o ge\u00e7mi\u015fe ba\u015fkas\u0131n\u0131 bek\u00e7i b\u0131rakmaya \u00e7al\u0131\u015fmamdan \u00f6te bir anlam\u0131 var m\u0131yd\u0131 bunun ger\u00e7ekten? Ge\u00e7mi\u015fte kalmaya direnen \u00e7ocukluklar, Avrupa\u2019n\u0131n ortas\u0131nda bir yerde kendini, kimli\u011fini, aidiyetini sorgulayan karakterler; travmalar, yitip gidemeyen anlar ve biriktik\u00e7e biriken duygular. Farkl\u0131 zaman dilimlerine, farkl\u0131 ya\u015f d\u00f6n\u00fcmlerine ait, b\u00fcy\u00fck\u015fehirden ta\u015fraya, farkl\u0131 d\u00fcnyalarda ya\u015fanan ve bir hayata g\u00f6lgesini vuran deneyimler\u2026 Ramazan G\u00fcng\u00f6r G\u00f6k\u00e7ukuru\u2019ndaki \u00f6yk\u00fclerinde kimi zaman karakterlerini farkl\u0131 diyarlar ve k\u00fclt\u00fcrlerde ya\u015fad\u0131klar\u0131 yabanc\u0131la\u015fman\u0131n kimi zaman da gelip ge\u00e7en zaman\u0131n dolay\u0131m\u0131nda resmediyor. Varolu\u015fumuzda b\u00fcy\u00fck yar\u0131lmalar yaratan anlar\u0131 ustal\u0131kla yakalay\u0131p, arka plan\u0131 asla ihmal etmedi\u011fi foto\u011fraf karelerinde kristalle\u015ftiriyor. <\/p>\n","protected":false},"excerpt":{"rendered":"<p>\u201c\u2026 Peki sen ayn\u0131 insan m\u0131s\u0131n?\u201d sorusu ge\u00e7ti y\u0131ld\u0131r\u0131m h\u0131z\u0131yla akl\u0131mdan. Her \u015feyin b\u0131rakt\u0131\u011f\u0131m gibi kalmas\u0131n\u0131 isteyen ben de o ge\u00e7mi\u015ften neredeyse hi\u00e7bir iz ta\u015f\u0131m\u0131yordum. Ne<span class=\"excerpt-hellip\"> [\u2026]<\/span><\/p>\n","protected":false},"featured_media":0,"template":"","meta":{"_monsterinsights_skip_tracking":false,"_monsterinsights_sitenote_active":false,"_monsterinsights_sitenote_note":"","_monsterinsights_sitenote_category":0},"product_brand":[],"product_cat":[12291,12711],"product_tag":[],"class_list":{"0":"post-730441","1":"product","2":"type-product","3":"status-publish","5":"product_cat-edebiyat","6":"product_cat-roman-oyku","7":"pa_cilt-ciltsiz","8":"pa_tur-kitap","9":"pa_yayinevi-can-yayinlari","10":"pa_yazar-ramazan-gungor","12":"first","13":"instock","14":"sale","15":"shipping-taxable","16":"purchasable","17":"product-type-simple"},"_links":{"self":[{"href":"https:\/\/roveyayinevi.com.tr\/index.php\/wp-json\/wp\/v2\/product\/730441","targetHints":{"allow":["GET"]}}],"collection":[{"href":"https:\/\/roveyayinevi.com.tr\/index.php\/wp-json\/wp\/v2\/product"}],"about":[{"href":"https:\/\/roveyayinevi.com.tr\/index.php\/wp-json\/wp\/v2\/types\/product"}],"wp:attachment":[{"href":"https:\/\/roveyayinevi.com.tr\/index.php\/wp-json\/wp\/v2\/media?parent=730441"}],"wp:term":[{"taxonomy":"product_brand","embeddable":true,"href":"https:\/\/roveyayinevi.com.tr\/index.php\/wp-json\/wp\/v2\/product_brand?post=730441"},{"taxonomy":"product_cat","embeddable":true,"href":"https:\/\/roveyayinevi.com.tr\/index.php\/wp-json\/wp\/v2\/product_cat?post=730441"},{"taxonomy":"product_tag","embeddable":true,"href":"https:\/\/roveyayinevi.com.tr\/index.php\/wp-json\/wp\/v2\/product_tag?post=730441"}],"curies":[{"name":"wp","href":"https:\/\/api.w.org\/{rel}","templated":true}]}}