{"id":730414,"date":"2025-08-27T21:13:47","date_gmt":"2025-08-27T18:13:47","guid":{"rendered":"https:\/\/roveyayinevi.com.tr\/index.php\/urun\/otur-kizim\/"},"modified":"2026-04-16T02:38:29","modified_gmt":"2026-04-15T23:38:29","slug":"otur-kizim","status":"publish","type":"product","link":"https:\/\/roveyayinevi.com.tr\/index.php\/urun\/otur-kizim\/","title":{"rendered":"Otur K\u0131z\u0131m"},"content":{"rendered":"<p>Cornell \u00dcniversitesi\u2019nde ahlak felsefesi profes\u00f6r\u00fc olan Kate Mann soruyor: Kad\u0131n d\u00fc\u015fmanl\u0131\u011f\u0131 nedir, tam olarak? Kad\u0131n d\u00fc\u015fmanl\u0131\u011f\u0131n\u0131n cinsiyet\u00e7ilikten fark\u0131 nedir ve bu fark y\u00fcz\u00fcnden neden cinsiyet\u00e7i toplumsal roller solsalar bile var olmaya \u2013hatta artmaya\u2013 meyillidir? \u201cKad\u0131n d\u00fc\u015fmanl\u0131\u011f\u0131yla sava\u015fman\u0131n tek tek vakalara odaklanmak suretiyle olaca\u011f\u0131n\u0131 d\u00fc\u015f\u00fcnmenin ba\u015fka bir sebebi de mekanizmalar\u0131n\u0131n ve y\u00f6ntemlerinin \u00e7ok f\u0131rsat\u00e7\u0131 olmas\u0131d\u0131r veya giri\u015fimsel, nas\u0131l bakt\u0131\u011f\u0131n\u0131za g\u00f6re nas\u0131l betimlenece\u011fi de de\u011fi\u015fir ve elbette \u00e7ok \u00e7e\u015fitlidir. K\u0131z \u00e7ocuklar\u0131 ve kad\u0131nlar bulunduklar\u0131 kademeden a\u015fa\u011f\u0131 indirilir ve insanlar\u0131n tipik bir bi\u00e7imde de\u011fer verdikleri her neyse \u2013maddi varl\u0131klar, toplumsal stat\u00fc, ahlaki sayg\u0131nl\u0131k ve entelekt\u00fcel g\u00fcvenilirlik, insani ba\u015far\u0131n\u0131n di\u011fer alanlar\u0131 aras\u0131nda kendine sayg\u0131, onur vs\u2013 ondan mahrum edilirler. Bir\u00e7ok bi\u00e7imde olabilir bu: tepeden bakarak, a\u00e7\u00fcklama yaparak, ahlak\u00e7\u0131l\u0131k yaparak, su\u00e7layarak, cezaland\u0131rarak, sessizle\u015ftirerek, alaya alarak, dalga ge\u00e7erek, cinselle\u015ftirerek, k\u00fc\u00e7\u00fclterek, karikat\u00fcrle\u015ftirerek, s\u00f6m\u00fcrerek, silerek ve belirtilmi\u015f kay\u0131ts\u0131zl\u0131\u011f\u0131 g\u00f6stererek. \u0130\u015fte bu da bu ba\u015fl\u0131\u011f\u0131 se\u00e7memin bir ba\u015fka sebebi: bunun bir emir olmas\u0131 ve kula\u011fa otoriter gelmesine gerek olmamas\u0131 \u2014 usulca s\u00f6ylenebilir ve ona zevkle, bir ama\u00e7la itaat edilebilir. K\u00f6pe\u011fim Panko bunu ispatl\u0131yor. Fakat onun i\u00e7in \u201c\u00f6zg\u00fcrle\u015ftirici bir \u00f6dev\u201d olan \u015fey benim i\u00e7in asla \u00f6yle olmayacakt\u0131r.\u201d <\/p>\n","protected":false},"excerpt":{"rendered":"<p>Cornell \u00dcniversitesi\u2019nde ahlak felsefesi profes\u00f6r\u00fc olan Kate Mann soruyor: Kad\u0131n d\u00fc\u015fmanl\u0131\u011f\u0131 nedir, tam olarak? Kad\u0131n d\u00fc\u015fmanl\u0131\u011f\u0131n\u0131n cinsiyet\u00e7ilikten fark\u0131 nedir ve bu fark y\u00fcz\u00fcnden neden cinsiyet\u00e7i toplumsal<span class=\"excerpt-hellip\"> [\u2026]<\/span><\/p>\n","protected":false},"featured_media":0,"template":"","meta":{"_monsterinsights_skip_tracking":false,"_monsterinsights_sitenote_active":false,"_monsterinsights_sitenote_note":"","_monsterinsights_sitenote_category":0},"product_brand":[],"product_cat":[16038,12388],"product_tag":[],"class_list":{"0":"post-730414","1":"product","2":"type-product","3":"status-publish","5":"product_cat-arastirma-inceleme-referans-felsefe","6":"product_cat-felsefe","7":"pa_cilt-ciltsiz","8":"pa_tur-kitap","9":"pa_yayinevi-alfa-yayinlari","10":"pa_yazar-kate-manne","12":"first","13":"instock","14":"sale","15":"shipping-taxable","16":"purchasable","17":"product-type-simple"},"_links":{"self":[{"href":"https:\/\/roveyayinevi.com.tr\/index.php\/wp-json\/wp\/v2\/product\/730414","targetHints":{"allow":["GET"]}}],"collection":[{"href":"https:\/\/roveyayinevi.com.tr\/index.php\/wp-json\/wp\/v2\/product"}],"about":[{"href":"https:\/\/roveyayinevi.com.tr\/index.php\/wp-json\/wp\/v2\/types\/product"}],"wp:attachment":[{"href":"https:\/\/roveyayinevi.com.tr\/index.php\/wp-json\/wp\/v2\/media?parent=730414"}],"wp:term":[{"taxonomy":"product_brand","embeddable":true,"href":"https:\/\/roveyayinevi.com.tr\/index.php\/wp-json\/wp\/v2\/product_brand?post=730414"},{"taxonomy":"product_cat","embeddable":true,"href":"https:\/\/roveyayinevi.com.tr\/index.php\/wp-json\/wp\/v2\/product_cat?post=730414"},{"taxonomy":"product_tag","embeddable":true,"href":"https:\/\/roveyayinevi.com.tr\/index.php\/wp-json\/wp\/v2\/product_tag?post=730414"}],"curies":[{"name":"wp","href":"https:\/\/api.w.org\/{rel}","templated":true}]}}