{"id":730413,"date":"2025-08-27T21:13:46","date_gmt":"2025-08-27T18:13:46","guid":{"rendered":"https:\/\/roveyayinevi.com.tr\/index.php\/urun\/kobilerde-bilgi-yonetimi-uygulamalari\/"},"modified":"2026-04-16T02:38:29","modified_gmt":"2026-04-15T23:38:29","slug":"kobilerde-bilgi-yonetimi-uygulamalari","status":"publish","type":"product","link":"https:\/\/roveyayinevi.com.tr\/index.php\/urun\/kobilerde-bilgi-yonetimi-uygulamalari\/","title":{"rendered":"KOB\u0130&#8217;lerde Bilgi Y\u00f6netimi Uygulamalar\u0131"},"content":{"rendered":"<p>\u0130\u00e7indekiler Birinci B\u00f6l\u00fcm 1.Giri\u015f \u0130kinci B\u00f6l\u00fcm 2.K\u00fc\u00e7\u00fck Ve Orta B\u00fcy\u00fckl\u00fckteki \u0130\u015fletmeler (KOB\u0130) \u00dc\u00e7\u00fcnc\u00fc B\u00f6l\u00fcm 3.Bilgi Ve Bilgi Y\u00f6netimi D\u00f6rd\u00fcnc\u00fc B\u00f6l\u00fcm 4.KOB\u0130\u2019lerde Bilgi Y\u00f6netimi Uygulamalar\u0131 Be\u015finci B\u00f6l\u00fcm 5.\u00c7al\u0131\u015fman\u0131n Ana De\u011fi\u015fkenleri Aras\u0131ndaki \u0130li\u015fkiler Ve Hipotez Geli\u015ftirme Alt\u0131nc\u0131 B\u00f6l\u00fcm 6.Ara\u015ft\u0131rman\u0131n Metodolojisi Yedinci B\u00f6l\u00fcm 7.Sonu\u00e7lar Ve \u00d6neriler <\/p>\n","protected":false},"excerpt":{"rendered":"<p>\u0130\u00e7indekiler Birinci B\u00f6l\u00fcm 1.Giri\u015f \u0130kinci B\u00f6l\u00fcm 2.K\u00fc\u00e7\u00fck Ve Orta B\u00fcy\u00fckl\u00fckteki \u0130\u015fletmeler (KOB\u0130) \u00dc\u00e7\u00fcnc\u00fc B\u00f6l\u00fcm 3.Bilgi Ve Bilgi Y\u00f6netimi D\u00f6rd\u00fcnc\u00fc B\u00f6l\u00fcm 4.KOB\u0130\u2019lerde Bilgi Y\u00f6netimi Uygulamalar\u0131 Be\u015finci B\u00f6l\u00fcm<span class=\"excerpt-hellip\"> [\u2026]<\/span><\/p>\n","protected":false},"featured_media":0,"template":"","meta":{"_monsterinsights_skip_tracking":false,"_monsterinsights_sitenote_active":false,"_monsterinsights_sitenote_note":"","_monsterinsights_sitenote_category":0},"product_brand":[],"product_cat":[13043,19008],"product_tag":[],"class_list":{"0":"post-730413","1":"product","2":"type-product","3":"status-publish","5":"product_cat-ekonomi","6":"product_cat-yonetim","7":"pa_cilt-ciltsiz","8":"pa_tur-kitap","9":"pa_yayinevi-gazi-kitabevi","10":"pa_yazar-erkan-perktas","12":"first","13":"instock","14":"sale","15":"shipping-taxable","16":"purchasable","17":"product-type-simple"},"_links":{"self":[{"href":"https:\/\/roveyayinevi.com.tr\/index.php\/wp-json\/wp\/v2\/product\/730413","targetHints":{"allow":["GET"]}}],"collection":[{"href":"https:\/\/roveyayinevi.com.tr\/index.php\/wp-json\/wp\/v2\/product"}],"about":[{"href":"https:\/\/roveyayinevi.com.tr\/index.php\/wp-json\/wp\/v2\/types\/product"}],"wp:attachment":[{"href":"https:\/\/roveyayinevi.com.tr\/index.php\/wp-json\/wp\/v2\/media?parent=730413"}],"wp:term":[{"taxonomy":"product_brand","embeddable":true,"href":"https:\/\/roveyayinevi.com.tr\/index.php\/wp-json\/wp\/v2\/product_brand?post=730413"},{"taxonomy":"product_cat","embeddable":true,"href":"https:\/\/roveyayinevi.com.tr\/index.php\/wp-json\/wp\/v2\/product_cat?post=730413"},{"taxonomy":"product_tag","embeddable":true,"href":"https:\/\/roveyayinevi.com.tr\/index.php\/wp-json\/wp\/v2\/product_tag?post=730413"}],"curies":[{"name":"wp","href":"https:\/\/api.w.org\/{rel}","templated":true}]}}