{"id":730412,"date":"2025-08-27T21:13:45","date_gmt":"2025-08-27T18:13:45","guid":{"rendered":"https:\/\/roveyayinevi.com.tr\/index.php\/urun\/entegre-raporlama\/"},"modified":"2026-04-16T02:38:29","modified_gmt":"2026-04-15T23:38:29","slug":"entegre-raporlama","status":"publish","type":"product","link":"https:\/\/roveyayinevi.com.tr\/index.php\/urun\/entegre-raporlama\/","title":{"rendered":"Entegre Raporlama"},"content":{"rendered":"<p>\u0130\u00e7indekiler 1.B\u00f6l\u00fcm \u2013 S\u00fcrd\u00fcr\u00fclebilirlik Muhasebesi 2.B\u00f6l\u00fcm \u2013 Entegre Raporlama 3.B\u00f6l\u00fcm \u2013 Zorunlu mu? G\u00f6n\u00fcll\u00fc m\u00fc? \u2013 Vekalet Teorisi, Kurumsal Teori Ve Me\u015fruiyet Teorileri \u00c7er\u00e7evesinde Bir De\u011ferlendirme 4.B\u00f6l\u00fcm \u2013 Entegre Raporlama Kalitesi: Ampirik Bir Analiz 5.B\u00f6l\u00fcm \u2013 Sonu\u00e7 ve Tart\u0131\u015fmalar 6. B\u00f6l\u00fcm &#8211; Kaynak\u00e7a <\/p>\n","protected":false},"excerpt":{"rendered":"<p>\u0130\u00e7indekiler 1.B\u00f6l\u00fcm \u2013 S\u00fcrd\u00fcr\u00fclebilirlik Muhasebesi 2.B\u00f6l\u00fcm \u2013 Entegre Raporlama 3.B\u00f6l\u00fcm \u2013 Zorunlu mu? G\u00f6n\u00fcll\u00fc m\u00fc? \u2013 Vekalet Teorisi, Kurumsal Teori Ve Me\u015fruiyet Teorileri \u00c7er\u00e7evesinde Bir De\u011ferlendirme<span class=\"excerpt-hellip\"> [\u2026]<\/span><\/p>\n","protected":false},"featured_media":0,"template":"","meta":{"_monsterinsights_skip_tracking":false,"_monsterinsights_sitenote_active":false,"_monsterinsights_sitenote_note":"","_monsterinsights_sitenote_category":0},"product_brand":[],"product_cat":[13043,14381],"product_tag":[],"class_list":{"0":"post-730412","1":"product","2":"type-product","3":"status-publish","5":"product_cat-ekonomi","6":"product_cat-isletme-muhasebe-maliye","7":"pa_cilt-ciltsiz","8":"pa_tur-kitap","9":"pa_yayinevi-gazi-kitabevi","10":"pa_yazar-mehmet-yucenursen","12":"first","13":"instock","14":"sale","15":"shipping-taxable","16":"purchasable","17":"product-type-simple"},"_links":{"self":[{"href":"https:\/\/roveyayinevi.com.tr\/index.php\/wp-json\/wp\/v2\/product\/730412","targetHints":{"allow":["GET"]}}],"collection":[{"href":"https:\/\/roveyayinevi.com.tr\/index.php\/wp-json\/wp\/v2\/product"}],"about":[{"href":"https:\/\/roveyayinevi.com.tr\/index.php\/wp-json\/wp\/v2\/types\/product"}],"wp:attachment":[{"href":"https:\/\/roveyayinevi.com.tr\/index.php\/wp-json\/wp\/v2\/media?parent=730412"}],"wp:term":[{"taxonomy":"product_brand","embeddable":true,"href":"https:\/\/roveyayinevi.com.tr\/index.php\/wp-json\/wp\/v2\/product_brand?post=730412"},{"taxonomy":"product_cat","embeddable":true,"href":"https:\/\/roveyayinevi.com.tr\/index.php\/wp-json\/wp\/v2\/product_cat?post=730412"},{"taxonomy":"product_tag","embeddable":true,"href":"https:\/\/roveyayinevi.com.tr\/index.php\/wp-json\/wp\/v2\/product_tag?post=730412"}],"curies":[{"name":"wp","href":"https:\/\/api.w.org\/{rel}","templated":true}]}}