{"id":730410,"date":"2025-08-27T21:13:43","date_gmt":"2025-08-27T18:13:43","guid":{"rendered":"https:\/\/roveyayinevi.com.tr\/index.php\/urun\/cesur-koala\/"},"modified":"2026-04-16T02:38:29","modified_gmt":"2026-04-15T23:38:29","slug":"cesur-koala","status":"publish","type":"product","link":"https:\/\/roveyayinevi.com.tr\/index.php\/urun\/cesur-koala\/","title":{"rendered":"Cesur Koala"},"content":{"rendered":"<p>Oscar\u2019s Book Prize Kazanan\u0131!Kevin\u2019la tan\u0131\u015f\u0131n! Kevin hep ayn\u0131 \u015feyleri yapmay\u0131 seven bir koala. S\u00fcrekli ayn\u0131 \u015feyleri\u2026Ama bir g\u00fcn beklenmedik olaylar ba\u015f\u0131na gelecek ve Kevin ya\u015famdaki her bir g\u00fcn\u00fcn yeni ve harika olabilece\u011fini ke\u015ffedecekti.Kevin\u2019a bay\u0131ld\u0131m!-Claudia Winkleman<\/p>\n","protected":false},"excerpt":{"rendered":"<p>Oscar\u2019s Book Prize Kazanan\u0131!Kevin\u2019la tan\u0131\u015f\u0131n! Kevin hep ayn\u0131 \u015feyleri yapmay\u0131 seven bir koala. S\u00fcrekli ayn\u0131 \u015feyleri\u2026Ama bir g\u00fcn beklenmedik olaylar ba\u015f\u0131na gelecek ve Kevin ya\u015famdaki her<span class=\"excerpt-hellip\"> [\u2026]<\/span><\/p>\n","protected":false},"featured_media":0,"template":"","meta":{"_monsterinsights_skip_tracking":false,"_monsterinsights_sitenote_active":false,"_monsterinsights_sitenote_note":"","_monsterinsights_sitenote_category":0},"product_brand":[],"product_cat":[12274,12518],"product_tag":[],"class_list":{"0":"post-730410","1":"product","2":"type-product","3":"status-publish","5":"product_cat-cocuk-ve-genclik-kitaplari","6":"product_cat-okul-oncesi-kitaplar","7":"pa_cilt-ciltsiz","8":"pa_tur-kitap","9":"pa_yayinevi-ucanfil-ozel-urun","10":"pa_yazar-rachel-bright-jim-field","12":"first","13":"instock","14":"sale","15":"shipping-taxable","16":"purchasable","17":"product-type-simple"},"_links":{"self":[{"href":"https:\/\/roveyayinevi.com.tr\/index.php\/wp-json\/wp\/v2\/product\/730410","targetHints":{"allow":["GET"]}}],"collection":[{"href":"https:\/\/roveyayinevi.com.tr\/index.php\/wp-json\/wp\/v2\/product"}],"about":[{"href":"https:\/\/roveyayinevi.com.tr\/index.php\/wp-json\/wp\/v2\/types\/product"}],"wp:attachment":[{"href":"https:\/\/roveyayinevi.com.tr\/index.php\/wp-json\/wp\/v2\/media?parent=730410"}],"wp:term":[{"taxonomy":"product_brand","embeddable":true,"href":"https:\/\/roveyayinevi.com.tr\/index.php\/wp-json\/wp\/v2\/product_brand?post=730410"},{"taxonomy":"product_cat","embeddable":true,"href":"https:\/\/roveyayinevi.com.tr\/index.php\/wp-json\/wp\/v2\/product_cat?post=730410"},{"taxonomy":"product_tag","embeddable":true,"href":"https:\/\/roveyayinevi.com.tr\/index.php\/wp-json\/wp\/v2\/product_tag?post=730410"}],"curies":[{"name":"wp","href":"https:\/\/api.w.org\/{rel}","templated":true}]}}