{"id":730403,"date":"2025-08-27T21:13:38","date_gmt":"2025-08-27T18:13:38","guid":{"rendered":"https:\/\/roveyayinevi.com.tr\/index.php\/urun\/kapitalizm-ve-ozgurluk\/"},"modified":"2026-04-16T02:38:29","modified_gmt":"2026-04-15T23:38:29","slug":"kapitalizm-ve-ozgurluk","status":"publish","type":"product","link":"https:\/\/roveyayinevi.com.tr\/index.php\/urun\/kapitalizm-ve-ozgurluk\/","title":{"rendered":"Kapitalizm ve \u00d6zg\u00fcrl\u00fck"},"content":{"rendered":"<p>Kapitalizm ve \u00d6zg\u00fcrl\u00fck\u2019\u00fcn ilk bask\u0131s\u0131 1962 y\u0131l\u0131nda yay\u0131nland\u0131\u011f\u0131nda, B\u00fcy\u00fck Buhran\u2019\u0131n ac\u0131 hat\u0131ralar\u0131 Amerikan halk\u0131n\u0131n \u00f6nemli bir k\u0131sm\u0131n\u0131n haf\u0131zas\u0131nda halen canl\u0131yd\u0131. O d\u00f6nemde, entelekt\u00fcellerin yan\u0131 s\u0131ra hem Cumhuriyet\u00e7i hem Demokrat siyaset\u00e7ilerin de tercihleri Keynesyen politikalard\u0131. B\u00f6yle bir atmosferde yay\u0131nlanan Kapitalizm ve \u00d6zg\u00fcrl\u00fck\u2019te Friedman, devlet m\u00fcdahalesinin niyet edilmemi\u015f k\u00f6t\u00fc sonu\u00e7lar\u0131na dikkat \u00e7ekti. Rekabet\u00e7i kapitalizmin teorik ve pratik \u00fcst\u00fcnl\u00fcklerini a\u00e7\u0131k ve kuvvetli bir \u015fekilde izah etti. Friedman, bu kitapta, ekonomik \u00f6zg\u00fcrl\u00fckler ile siyas\u00ee \u00f6zg\u00fcrl\u00fckler aras\u0131ndaki ba\u011f\u0131nt\u0131y\u0131 net bir \u015fekilde ortaya koymu\u015ftur. Friedman\u2019\u0131n iktisat  felsefesinde merkez\u00ee bir tema olan rekabet\u00e7i kapitalizm, hem iktisad\u00ee \u00f6zg\u00fcrl\u00fc\u011fe ula\u015fmak i\u00e7in bir ara\u00e7 hem de siyas\u00ee \u00f6zg\u00fcrl\u00fck i\u00e7in gerekli bir ko\u015fuldur. G\u00fcncelli\u011fini o zamandan bu yana d\u00fcnyan\u0131n pek \u00e7ok yerinde koruyan \u00f6nemli pratik konulara rekabet\u00e7i kapitalizm perspektifinden yakla\u015f\u0131mlar sunan Friedman, devletin, duhul etti\u011fi alanlardaki olumsuz etkilerini ara\u015ft\u0131rm\u0131\u015f ve bunlara \u00e7\u00f6z\u00fcm \u00f6nerileri getirmi\u015ftir. Devlet m\u00fcdahalesinin etkilerinin yo\u011fun bir \u015fekilde hissedildi\u011fi uluslararas\u0131 ticaret, mal\u00ee politika, e\u011fitim sistemi, ayr\u0131mc\u0131l\u0131k, tekeller, ruhsatland\u0131rma, gelir da\u011f\u0131l\u0131m\u0131, sosyal refah politikalar\u0131 ve yoksulluk gibi konular bu kitab\u0131n odakland\u0131\u011f\u0131 alanlardand\u0131r. Kapitalizm ve \u00d6zg\u00fcrl\u00fck, 20. Y\u00fczy\u0131l\u2019\u0131n en etkili ve etkileyici kitaplar\u0131ndan birisi olarak g\u00f6sterilmektedir. \u0130lk edisyonundan sonra birka\u00e7 kez revize edilen kitap, onlarca dile \u00e7evrilmi\u015f, t\u00fcm d\u00fcnyada y\u00fczbinlerce okura ula\u015fm\u0131\u015ft\u0131r. Kitap, bir\u00e7ok \u00fclkenin iktisat politikas\u0131n\u0131 etkileyen fikirleri yaymas\u0131n\u0131n yan\u0131 s\u0131ra Friedman\u2019\u0131n 1976 y\u0131l\u0131nda Nobel \u0130ktisat \u00d6d\u00fcl\u00fc almas\u0131nda etkili olmu\u015ftur. Milton Friedman, dikkat \u00e7ekici analitik yetenekleri ve teknik ustal\u0131\u011f\u0131yla di\u011ferlerinden ayr\u0131lan, ABD\u2019nin ola\u011fan\u00fcst\u00fc iktisat\u00e7\u0131lar\u0131ndan biri. Her zaman ayd\u0131nlat\u0131c\u0131, \u00f6zg\u00fcr, cesur, zeki ve en \u00f6nemlisi de ufuk a\u00e7\u0131c\u0131.\u201d -Henry Hazlitt, Newsweek \u201cKendi meslekta\u015flar\u0131n\u0131n d\u00fc\u015f\u00fcn\u00fc\u015f \u015feklini b\u00fcy\u00fck \u00f6l\u00e7\u00fcde de\u011fi\u015ftirebilen bir profes\u00f6r \u00e7ok nadirdir. D\u00fcnyan\u0131n de\u011fi\u015fmesine etki edeni daha da nadirdir. Friedman ikisini de ba\u015fard\u0131.\u201d -Stephen Chapman, Chicago Tribune <\/p>\n","protected":false},"excerpt":{"rendered":"<p>Kapitalizm ve \u00d6zg\u00fcrl\u00fck\u2019\u00fcn ilk bask\u0131s\u0131 1962 y\u0131l\u0131nda yay\u0131nland\u0131\u011f\u0131nda, B\u00fcy\u00fck Buhran\u2019\u0131n ac\u0131 hat\u0131ralar\u0131 Amerikan halk\u0131n\u0131n \u00f6nemli bir k\u0131sm\u0131n\u0131n haf\u0131zas\u0131nda halen canl\u0131yd\u0131. O d\u00f6nemde, entelekt\u00fcellerin yan\u0131 s\u0131ra hem<span class=\"excerpt-hellip\"> [\u2026]<\/span><\/p>\n","protected":false},"featured_media":0,"template":"","meta":{"_monsterinsights_skip_tracking":false,"_monsterinsights_sitenote_active":false,"_monsterinsights_sitenote_note":"","_monsterinsights_sitenote_category":0},"product_brand":[],"product_cat":[12337,14706],"product_tag":[],"class_list":{"0":"post-730403","1":"product","2":"type-product","3":"status-publish","5":"product_cat-politika-siyaset","6":"product_cat-siyaset-bilimi","7":"pa_cilt-ciltsiz","8":"pa_tur-kitap","9":"pa_yayinevi-serbest-kitaplar","10":"pa_yazar-milton-friedman","12":"first","13":"instock","14":"sale","15":"shipping-taxable","16":"purchasable","17":"product-type-simple"},"_links":{"self":[{"href":"https:\/\/roveyayinevi.com.tr\/index.php\/wp-json\/wp\/v2\/product\/730403","targetHints":{"allow":["GET"]}}],"collection":[{"href":"https:\/\/roveyayinevi.com.tr\/index.php\/wp-json\/wp\/v2\/product"}],"about":[{"href":"https:\/\/roveyayinevi.com.tr\/index.php\/wp-json\/wp\/v2\/types\/product"}],"wp:attachment":[{"href":"https:\/\/roveyayinevi.com.tr\/index.php\/wp-json\/wp\/v2\/media?parent=730403"}],"wp:term":[{"taxonomy":"product_brand","embeddable":true,"href":"https:\/\/roveyayinevi.com.tr\/index.php\/wp-json\/wp\/v2\/product_brand?post=730403"},{"taxonomy":"product_cat","embeddable":true,"href":"https:\/\/roveyayinevi.com.tr\/index.php\/wp-json\/wp\/v2\/product_cat?post=730403"},{"taxonomy":"product_tag","embeddable":true,"href":"https:\/\/roveyayinevi.com.tr\/index.php\/wp-json\/wp\/v2\/product_tag?post=730403"}],"curies":[{"name":"wp","href":"https:\/\/api.w.org\/{rel}","templated":true}]}}