{"id":730396,"date":"2025-08-27T21:13:32","date_gmt":"2025-08-27T18:13:32","guid":{"rendered":"https:\/\/roveyayinevi.com.tr\/index.php\/urun\/turk-tarihi-sozlugu\/"},"modified":"2026-04-16T02:38:28","modified_gmt":"2026-04-15T23:38:28","slug":"turk-tarihi-sozlugu","status":"publish","type":"product","link":"https:\/\/roveyayinevi.com.tr\/index.php\/urun\/turk-tarihi-sozlugu\/","title":{"rendered":"T\u00fcrk Tarihi S\u00f6zl\u00fc\u011f\u00fc"},"content":{"rendered":"<p>T\u00fcrk tarihi, geni\u015f bir co\u011frafyaya yay\u0131lm\u0131\u015f birbirinden \u00f6nemli ki\u015filer ve olaylarla \u00f6r\u00fcl\u00fcd\u00fcr. Tarihin derinliklerinden g\u00fcn\u00fcm\u00fcze yans\u0131yan her anekdot, gelece\u011fimize y\u00f6n verebilmek ad\u0131na bizler i\u00e7in birer anahtard\u0131r.T\u00fcrk Tarihi S\u00f6zl\u00fc\u011f\u00fc, tarih okumay\u0131 seven ve \u00f6zellikle T\u00fcrk tarihi hakk\u0131nda ara\u015ft\u0131rma yapan ki\u015filer i\u00e7in \u00f6zel olarak derlendi. O\u011fuz Ka\u011fan\u2019dan Mustafa Kemal Atat\u00fcrk\u2019e, Ergenekon Destan\u0131\u2019ndan Misak-\u0131 Milli\u2019ye kadar T\u00fcrk tarihi i\u00e7in b\u00fcy\u00fck \u00f6nemlere sahip bir\u00e7ok ki\u015fi ve olay bu s\u00f6zl\u00fckte.<\/p>\n","protected":false},"excerpt":{"rendered":"<p>T\u00fcrk tarihi, geni\u015f bir co\u011frafyaya yay\u0131lm\u0131\u015f birbirinden \u00f6nemli ki\u015filer ve olaylarla \u00f6r\u00fcl\u00fcd\u00fcr. Tarihin derinliklerinden g\u00fcn\u00fcm\u00fcze yans\u0131yan her anekdot, gelece\u011fimize y\u00f6n verebilmek ad\u0131na bizler i\u00e7in birer anahtard\u0131r.T\u00fcrk<span class=\"excerpt-hellip\"> [\u2026]<\/span><\/p>\n","protected":false},"featured_media":0,"template":"","meta":{"_monsterinsights_skip_tracking":false,"_monsterinsights_sitenote_active":false,"_monsterinsights_sitenote_note":"","_monsterinsights_sitenote_category":0},"product_brand":[],"product_cat":[12566,13611],"product_tag":[],"class_list":{"0":"post-730396","1":"product","2":"type-product","3":"status-publish","5":"product_cat-egitim","6":"product_cat-sozlukler-ve-konusma-kilavuzlari","7":"pa_cilt-ciltsiz","8":"pa_tur-kitap","9":"pa_yayinevi-yediveren-yayinlari","10":"pa_yazar-ahmet-murat-seyrek","12":"first","13":"instock","14":"sale","15":"shipping-taxable","16":"purchasable","17":"product-type-simple"},"_links":{"self":[{"href":"https:\/\/roveyayinevi.com.tr\/index.php\/wp-json\/wp\/v2\/product\/730396","targetHints":{"allow":["GET"]}}],"collection":[{"href":"https:\/\/roveyayinevi.com.tr\/index.php\/wp-json\/wp\/v2\/product"}],"about":[{"href":"https:\/\/roveyayinevi.com.tr\/index.php\/wp-json\/wp\/v2\/types\/product"}],"wp:attachment":[{"href":"https:\/\/roveyayinevi.com.tr\/index.php\/wp-json\/wp\/v2\/media?parent=730396"}],"wp:term":[{"taxonomy":"product_brand","embeddable":true,"href":"https:\/\/roveyayinevi.com.tr\/index.php\/wp-json\/wp\/v2\/product_brand?post=730396"},{"taxonomy":"product_cat","embeddable":true,"href":"https:\/\/roveyayinevi.com.tr\/index.php\/wp-json\/wp\/v2\/product_cat?post=730396"},{"taxonomy":"product_tag","embeddable":true,"href":"https:\/\/roveyayinevi.com.tr\/index.php\/wp-json\/wp\/v2\/product_tag?post=730396"}],"curies":[{"name":"wp","href":"https:\/\/api.w.org\/{rel}","templated":true}]}}