{"id":730391,"date":"2025-08-27T21:13:27","date_gmt":"2025-08-27T18:13:27","guid":{"rendered":"https:\/\/roveyayinevi.com.tr\/index.php\/urun\/ab-ile-turkiye-arasinda-multeciler\/"},"modified":"2026-04-16T02:38:28","modified_gmt":"2026-04-15T23:38:28","slug":"ab-ile-turkiye-arasinda-multeciler","status":"publish","type":"product","link":"https:\/\/roveyayinevi.com.tr\/index.php\/urun\/ab-ile-turkiye-arasinda-multeciler\/","title":{"rendered":"AB ile T\u00fcrkiye Aras\u0131nda M\u00fclteciler"},"content":{"rendered":"<p>M\u00fcltecilik olgusu, toplumlar\u0131n var oldu\u011fu g\u00fcnden bu yana insanl\u0131\u011f\u0131n en \u00f6nemli g\u00fcndem maddelerinden birisi olmu\u015ftur. Tarih boyunca insanlar \u00e7e\u015fitli nedenlerden dolay\u0131 ya\u015fad\u0131klar\u0131 topraklar\u0131 terk ederek, farkl\u0131 otoritelerin ya da devletlerin korumalar\u0131 alt\u0131na girmi\u015flerdir. Yak\u0131n ge\u00e7mi\u015fimizde var olan sava\u015f ve i\u00e7 sava\u015flar nedeniyle ise kitlesel hareketler m\u00fcltecili\u011fin en belirgin \u00f6zelli\u011fi olmu\u015ftur.T\u00fcrkiye hem tarihsel politik birikimleri hem de jeopolitik konumu nedeniyle yak\u0131n d\u00f6nemde m\u00fclteciler i\u00e7in en g\u00f6zde \u00fclkelerden birisi olmu\u015ftur. \u00d6zellikle Arap Bahar\u0131 ve Suriye i\u00e7 sava\u015f\u0131n\u0131n ortaya \u00e7\u0131kmas\u0131n\u0131n ard\u0131ndan gerek s\u0131\u011f\u0131nmak gerekse Avrupa \u00fclkelerine ge\u00e7i\u015f sa\u011flayabilmek i\u00e7in milyonlarca m\u00fclteci T\u00fcrkiye\u2019ye ak\u0131n etmi\u015ftir.AB \u0130le T\u00fcrkiye Aras\u0131nda M\u00fclteciler isimli bu kitapta, m\u00fcltecilik olgusunun teorik ve pratik y\u00f6nleri geni\u015f perspektiflerle ele al\u0131nd\u0131ktan sonra, ba\u015fta Avrupa Birli\u011fi\u2019nin m\u00fclteci politikalar\u0131 ve \u00e7\u0131kmazlar\u0131 olmak \u00fczere Avrupa ile T\u00fcrkiye aras\u0131nda s\u0131k\u0131\u015f\u0131p kalm\u0131\u015f m\u00fcltecilerin ya\u015fad\u0131klar\u0131 sorunlar objektif bir \u015fekilde ele al\u0131nm\u0131\u015ft\u0131r. M\u00fcltecilerin, Avrupa \u00fclkeleri ve T\u00fcrkiye\u2019de kar\u015f\u0131la\u015ft\u0131klar\u0131 zorluklar ile AB-T\u00fcrkiye ili\u015fkilerinin gelece\u011findeki etkilerine \u0131\u015f\u0131k tutulmaya \u00e7al\u0131\u015f\u0131lm\u0131\u015ft\u0131r.<\/p>\n","protected":false},"excerpt":{"rendered":"<p>M\u00fcltecilik olgusu, toplumlar\u0131n var oldu\u011fu g\u00fcnden bu yana insanl\u0131\u011f\u0131n en \u00f6nemli g\u00fcndem maddelerinden birisi olmu\u015ftur. Tarih boyunca insanlar \u00e7e\u015fitli nedenlerden dolay\u0131 ya\u015fad\u0131klar\u0131 topraklar\u0131 terk ederek, farkl\u0131<span class=\"excerpt-hellip\"> [\u2026]<\/span><\/p>\n","protected":false},"featured_media":0,"template":"","meta":{"_monsterinsights_skip_tracking":false,"_monsterinsights_sitenote_active":false,"_monsterinsights_sitenote_note":"","_monsterinsights_sitenote_category":0},"product_brand":[],"product_cat":[13596,12337],"product_tag":[],"class_list":{"0":"post-730391","1":"product","2":"type-product","3":"status-publish","5":"product_cat-avrupa-birligi","6":"product_cat-politika-siyaset","7":"pa_cilt-ciltsiz","8":"pa_tur-kitap","9":"pa_yayinevi-yediveren-yayinlari","10":"pa_yazar-ugur-huseyin-hasancebi","12":"first","13":"instock","14":"sale","15":"shipping-taxable","16":"purchasable","17":"product-type-simple"},"_links":{"self":[{"href":"https:\/\/roveyayinevi.com.tr\/index.php\/wp-json\/wp\/v2\/product\/730391","targetHints":{"allow":["GET"]}}],"collection":[{"href":"https:\/\/roveyayinevi.com.tr\/index.php\/wp-json\/wp\/v2\/product"}],"about":[{"href":"https:\/\/roveyayinevi.com.tr\/index.php\/wp-json\/wp\/v2\/types\/product"}],"wp:attachment":[{"href":"https:\/\/roveyayinevi.com.tr\/index.php\/wp-json\/wp\/v2\/media?parent=730391"}],"wp:term":[{"taxonomy":"product_brand","embeddable":true,"href":"https:\/\/roveyayinevi.com.tr\/index.php\/wp-json\/wp\/v2\/product_brand?post=730391"},{"taxonomy":"product_cat","embeddable":true,"href":"https:\/\/roveyayinevi.com.tr\/index.php\/wp-json\/wp\/v2\/product_cat?post=730391"},{"taxonomy":"product_tag","embeddable":true,"href":"https:\/\/roveyayinevi.com.tr\/index.php\/wp-json\/wp\/v2\/product_tag?post=730391"}],"curies":[{"name":"wp","href":"https:\/\/api.w.org\/{rel}","templated":true}]}}