{"id":730369,"date":"2025-08-27T21:13:08","date_gmt":"2025-08-27T18:13:08","guid":{"rendered":"https:\/\/roveyayinevi.com.tr\/index.php\/urun\/gumburtuye-gittim-ucuk-kacik-ayse-ile-bilim-2\/"},"modified":"2026-04-16T02:38:28","modified_gmt":"2026-04-15T23:38:28","slug":"gumburtuye-gittim-ucuk-kacik-ayse-ile-bilim-2","status":"publish","type":"product","link":"https:\/\/roveyayinevi.com.tr\/index.php\/urun\/gumburtuye-gittim-ucuk-kacik-ayse-ile-bilim-2\/","title":{"rendered":"G\u00fcmb\u00fcrt\u00fcye Gittim \u2013 U\u00e7uk Ka\u00e7\u0131k Ay\u015fe ile Bilim 2"},"content":{"rendered":"<p>U\u00e7uk Ka\u00e7\u0131k Ay\u015fe ile Bilim dizisinin ikinci kitab\u0131nda Ay\u015fe, okulda bir bilim kul\u00fcb\u00fc kurulmas\u0131 i\u00e7in harekete ge\u00e7er. Bunun i\u00e7in okul M\u00fcd\u00fcr\u00fc Recep \u00c7okbilir\u2019in pe\u015finden ko\u015fturur. M\u00fcd\u00fcr\u2019\u00fc ikna edene kadar ba\u015f\u0131na gelmeyen kalmaz.  Elbette her garip olay Ay\u015fe\u2019nin akl\u0131na yeni fikirler, bilimsel \u00e7al\u0131\u015fmalar getirir.<\/p>\n","protected":false},"excerpt":{"rendered":"<p>U\u00e7uk Ka\u00e7\u0131k Ay\u015fe ile Bilim dizisinin ikinci kitab\u0131nda Ay\u015fe, okulda bir bilim kul\u00fcb\u00fc kurulmas\u0131 i\u00e7in harekete ge\u00e7er. Bunun i\u00e7in okul M\u00fcd\u00fcr\u00fc Recep \u00c7okbilir\u2019in pe\u015finden ko\u015fturur. M\u00fcd\u00fcr\u2019\u00fc<span class=\"excerpt-hellip\"> [\u2026]<\/span><\/p>\n","protected":false},"featured_media":0,"template":"","meta":{"_monsterinsights_skip_tracking":false,"_monsterinsights_sitenote_active":false,"_monsterinsights_sitenote_note":"","_monsterinsights_sitenote_category":0},"product_brand":[],"product_cat":[12275,12274],"product_tag":[],"class_list":{"0":"post-730369","1":"product","2":"type-product","3":"status-publish","5":"product_cat-6-12-yas-kitaplari","6":"product_cat-cocuk-ve-genclik-kitaplari","7":"pa_cilt-ciltsiz","8":"pa_tur-kitap","9":"pa_yayinevi-erdem-cocuk","10":"pa_yazar-sebnem-guler-karacan","12":"first","13":"instock","14":"sale","15":"shipping-taxable","16":"purchasable","17":"product-type-simple"},"_links":{"self":[{"href":"https:\/\/roveyayinevi.com.tr\/index.php\/wp-json\/wp\/v2\/product\/730369","targetHints":{"allow":["GET"]}}],"collection":[{"href":"https:\/\/roveyayinevi.com.tr\/index.php\/wp-json\/wp\/v2\/product"}],"about":[{"href":"https:\/\/roveyayinevi.com.tr\/index.php\/wp-json\/wp\/v2\/types\/product"}],"wp:attachment":[{"href":"https:\/\/roveyayinevi.com.tr\/index.php\/wp-json\/wp\/v2\/media?parent=730369"}],"wp:term":[{"taxonomy":"product_brand","embeddable":true,"href":"https:\/\/roveyayinevi.com.tr\/index.php\/wp-json\/wp\/v2\/product_brand?post=730369"},{"taxonomy":"product_cat","embeddable":true,"href":"https:\/\/roveyayinevi.com.tr\/index.php\/wp-json\/wp\/v2\/product_cat?post=730369"},{"taxonomy":"product_tag","embeddable":true,"href":"https:\/\/roveyayinevi.com.tr\/index.php\/wp-json\/wp\/v2\/product_tag?post=730369"}],"curies":[{"name":"wp","href":"https:\/\/api.w.org\/{rel}","templated":true}]}}