{"id":730364,"date":"2025-08-27T21:13:03","date_gmt":"2025-08-27T18:13:03","guid":{"rendered":"https:\/\/roveyayinevi.com.tr\/index.php\/urun\/hikayelerle-kodlama\/"},"modified":"2026-04-16T02:38:28","modified_gmt":"2026-04-15T23:38:28","slug":"hikayelerle-kodlama","status":"publish","type":"product","link":"https:\/\/roveyayinevi.com.tr\/index.php\/urun\/hikayelerle-kodlama\/","title":{"rendered":"Hikayelerle Kodlama"},"content":{"rendered":"<p>Teknolojiyle tan\u0131\u015fma ya\u015f\u0131n\u0131n \u00e7ocuklu\u011fa kadar indi\u011fi bu d\u00f6nemde, \u00e7ocuklar\u0131n teknolojiyi etkin bir \u015fekilde kullanabilmesi ve \u00fcretebilmesi i\u00e7in haz\u0131rlanan Hik\u00e2yelerle Kodlama kitab\u0131 hayat\u0131n i\u00e7indeki olaylar\u0131 kodlama diliyle anlatan hik\u00e2yelerle ve kodlama becerilerini geli\u015ftirebilecekleri etkinliklerle \u00e7ocuklara e\u011flenceli bir \u00f6\u011frenme f\u0131rsat\u0131 sunuyor.Bah\u00e7ede birlikte oyun oynad\u0131\u011f\u0131 k\u00f6pe\u011fi yaralanan Salih, k\u00f6pe\u011finin \u00e7abuk iyile\u015febilmesi i\u00e7in \u015fifal\u0131 bitkiler toplamaya karar verir. \u015eifalar\u0131 bitkilere ula\u015fmak i\u00e7in arkada\u015f\u0131 ak\u0131ll\u0131 robot Robi ile k\u00e2h kom\u015fular\u0131n\u0131n bah\u00e7esini d\u00fczenlemeye yard\u0131m eder k\u00e2h susuz kalm\u0131\u015f a\u011fa\u00e7lar\u0131 sular k\u00e2h orman\u0131n derinliklerine dalarlar. Tabii ki en \u00f6nemli yard\u0131mc\u0131lar\u0131 kodlama becerileri olur.<\/p>\n","protected":false},"excerpt":{"rendered":"<p>Teknolojiyle tan\u0131\u015fma ya\u015f\u0131n\u0131n \u00e7ocuklu\u011fa kadar indi\u011fi bu d\u00f6nemde, \u00e7ocuklar\u0131n teknolojiyi etkin bir \u015fekilde kullanabilmesi ve \u00fcretebilmesi i\u00e7in haz\u0131rlanan Hik\u00e2yelerle Kodlama kitab\u0131 hayat\u0131n i\u00e7indeki olaylar\u0131 kodlama diliyle<span class=\"excerpt-hellip\"> [\u2026]<\/span><\/p>\n","protected":false},"featured_media":0,"template":"","meta":{"_monsterinsights_skip_tracking":false,"_monsterinsights_sitenote_active":false,"_monsterinsights_sitenote_note":"","_monsterinsights_sitenote_category":0},"product_brand":[],"product_cat":[13829,12274],"product_tag":[],"class_list":{"0":"post-730364","1":"product","2":"type-product","3":"status-publish","5":"product_cat-bilimsel-kitaplar","6":"product_cat-cocuk-ve-genclik-kitaplari","7":"pa_cilt-ciltsiz","8":"pa_tur-kitap","9":"pa_yayinevi-erdem-cocuk","10":"pa_yazar-betul-tonbuloglu","12":"first","13":"instock","14":"sale","15":"shipping-taxable","16":"purchasable","17":"product-type-simple"},"_links":{"self":[{"href":"https:\/\/roveyayinevi.com.tr\/index.php\/wp-json\/wp\/v2\/product\/730364","targetHints":{"allow":["GET"]}}],"collection":[{"href":"https:\/\/roveyayinevi.com.tr\/index.php\/wp-json\/wp\/v2\/product"}],"about":[{"href":"https:\/\/roveyayinevi.com.tr\/index.php\/wp-json\/wp\/v2\/types\/product"}],"wp:attachment":[{"href":"https:\/\/roveyayinevi.com.tr\/index.php\/wp-json\/wp\/v2\/media?parent=730364"}],"wp:term":[{"taxonomy":"product_brand","embeddable":true,"href":"https:\/\/roveyayinevi.com.tr\/index.php\/wp-json\/wp\/v2\/product_brand?post=730364"},{"taxonomy":"product_cat","embeddable":true,"href":"https:\/\/roveyayinevi.com.tr\/index.php\/wp-json\/wp\/v2\/product_cat?post=730364"},{"taxonomy":"product_tag","embeddable":true,"href":"https:\/\/roveyayinevi.com.tr\/index.php\/wp-json\/wp\/v2\/product_tag?post=730364"}],"curies":[{"name":"wp","href":"https:\/\/api.w.org\/{rel}","templated":true}]}}