{"id":730362,"date":"2025-08-27T21:13:01","date_gmt":"2025-08-27T18:13:01","guid":{"rendered":"https:\/\/roveyayinevi.com.tr\/index.php\/urun\/tahterevalliler-nasil-hareket-eder-kucuk-muhendisler-icin-rehber\/"},"modified":"2026-04-16T02:38:28","modified_gmt":"2026-04-15T23:38:28","slug":"tahterevalliler-nasil-hareket-eder-kucuk-muhendisler-icin-rehber","status":"publish","type":"product","link":"https:\/\/roveyayinevi.com.tr\/index.php\/urun\/tahterevalliler-nasil-hareket-eder-kucuk-muhendisler-icin-rehber\/","title":{"rendered":"Tahterevalliler Nas\u0131l Hareket Eder? &#8211; K\u00fc\u00e7\u00fck M\u00fchendisler i\u00e7in Rehber"},"content":{"rendered":"<p>Yedi ya\u015f\u0131ndaki Aras araba kullanmaya karar verir ve bu i\u015fe araba tamircisi babas\u0131 rehberli\u011finde basit makineleri \u00f6\u011frenerek ba\u015flar. Makinelerin heyecanl\u0131 d\u00fcnyas\u0131na giren Aras, vidalar, makaralar gibi basit makinelerin hayat\u0131m\u0131z\u0131 kolayla\u015ft\u0131racak b\u00fcy\u00fck icatlara nas\u0131l d\u00f6n\u00fc\u015ft\u00fc\u011f\u00fcn\u00fc fark eder.STEAM yakla\u015f\u0131m\u0131 esas al\u0131narak haz\u0131rlanan bu seride \u00e7ocuklar, zihinlerini kurcalayan sorulara cevap ararken e\u011flenceli bir yolculu\u011fa \u00e7\u0131kacak ve m\u00fchendislikten yaz\u0131l\u0131ma, kimyadan matemati\u011fe bir\u00e7ok alanda bilgi sahibi olacaklar.<\/p>\n","protected":false},"excerpt":{"rendered":"<p>Yedi ya\u015f\u0131ndaki Aras araba kullanmaya karar verir ve bu i\u015fe araba tamircisi babas\u0131 rehberli\u011finde basit makineleri \u00f6\u011frenerek ba\u015flar. Makinelerin heyecanl\u0131 d\u00fcnyas\u0131na giren Aras, vidalar, makaralar gibi<span class=\"excerpt-hellip\"> [\u2026]<\/span><\/p>\n","protected":false},"featured_media":0,"template":"","meta":{"_monsterinsights_skip_tracking":false,"_monsterinsights_sitenote_active":false,"_monsterinsights_sitenote_note":"","_monsterinsights_sitenote_category":0},"product_brand":[],"product_cat":[13829,12274],"product_tag":[],"class_list":{"0":"post-730362","1":"product","2":"type-product","3":"status-publish","5":"product_cat-bilimsel-kitaplar","6":"product_cat-cocuk-ve-genclik-kitaplari","7":"pa_cilt-ciltsiz","8":"pa_tur-kitap","9":"pa_yayinevi-erdem-cocuk","10":"pa_yazar-jennifer-shand","12":"first","13":"instock","14":"sale","15":"shipping-taxable","16":"purchasable","17":"product-type-simple"},"_links":{"self":[{"href":"https:\/\/roveyayinevi.com.tr\/index.php\/wp-json\/wp\/v2\/product\/730362","targetHints":{"allow":["GET"]}}],"collection":[{"href":"https:\/\/roveyayinevi.com.tr\/index.php\/wp-json\/wp\/v2\/product"}],"about":[{"href":"https:\/\/roveyayinevi.com.tr\/index.php\/wp-json\/wp\/v2\/types\/product"}],"wp:attachment":[{"href":"https:\/\/roveyayinevi.com.tr\/index.php\/wp-json\/wp\/v2\/media?parent=730362"}],"wp:term":[{"taxonomy":"product_brand","embeddable":true,"href":"https:\/\/roveyayinevi.com.tr\/index.php\/wp-json\/wp\/v2\/product_brand?post=730362"},{"taxonomy":"product_cat","embeddable":true,"href":"https:\/\/roveyayinevi.com.tr\/index.php\/wp-json\/wp\/v2\/product_cat?post=730362"},{"taxonomy":"product_tag","embeddable":true,"href":"https:\/\/roveyayinevi.com.tr\/index.php\/wp-json\/wp\/v2\/product_tag?post=730362"}],"curies":[{"name":"wp","href":"https:\/\/api.w.org\/{rel}","templated":true}]}}