{"id":730358,"date":"2025-08-27T21:12:57","date_gmt":"2025-08-27T18:12:57","guid":{"rendered":"https:\/\/roveyayinevi.com.tr\/index.php\/urun\/ergen\/"},"modified":"2026-04-03T02:45:46","modified_gmt":"2026-04-02T23:45:46","slug":"ergen","status":"publish","type":"product","link":"https:\/\/roveyayinevi.com.tr\/index.php\/urun\/ergen\/","title":{"rendered":"Ergen"},"content":{"rendered":"<p>Ergenlik, insan\u0131n bir yandan anla\u015f\u0131lmaya en \u00e7ok ihtiya\u00e7 duydu\u011fu, bir yandan da en \u00e7ok anla\u015f\u0131lmam\u0131\u015f hissetti\u011fi d\u00f6nemdir. Hem \u00e7ocuklukta ka\u00e7\u0131r\u0131lan\u0131 yakalamak ad\u0131na, hem de birey olabilmek; kendi hayat\u0131n\u0131n d\u00fcmenine ge\u00e7ebilmek i\u00e7in son \u015fanst\u0131r. Ait hissedebilmek, kendiyle ba\u015f ba\u015fayken \u201cevde olma\u201d s\u0131cakl\u0131\u011f\u0131n\u0131 ya\u015fayabilmek i\u00e7in son d\u00f6n\u00fcm noktas\u0131d\u0131r. \u00c7\u00fcnk\u00fc birey ancak ve ancak ki\u015fili\u011fiyle kendini evinde hisseder.Ergenli\u011fin g\u00fcc\u00fc, \u00e7e\u015fitli ba\u011flamlarda bir g\u00f6r\u00fcn\u00fcp bir kaybolan ayr\u0131 ayr\u0131 par\u00e7alar\u0131n b\u00fct\u00fcnle\u015fmesine ve bireyin kendi ki\u015fili\u011fine sahip olmas\u0131na dair potansiyeldir. Ger\u00e7eklik ilkesine ba\u011fl\u0131 bir b\u00fct\u00fcnle\u015fme i\u00e7in bireyin h\u00e2lihaz\u0131rda neye sahip oldu\u011funu, neye sahip olmak istedi\u011fini ve neye sahip olabilece\u011fini, iyi anlamak gerekir\u2026Bu kitapla ama\u00e7lanan kimlik olu\u015fumundaki hayati yerine kar\u015f\u0131n hor g\u00f6r\u00fclen ergenli\u011fin ve bir yandan yeniden do\u011farken bir yandan da yok olan ergenin anla\u015f\u0131lmas\u0131 s\u00fcrecine bir nebze de olsa yard\u0131mc\u0131 olabilmektir.S\u00f6zc\u00fcklerle bu kadar u\u011fra\u015ft\u0131ktan sonra, s\u00f6z \u00f6tesi anlat\u0131m\u0131n ve bilin\u00e7d\u0131\u015f\u0131 sembolizasyonun g\u00fcc\u00fc hat\u0131rlanarak ne \u00e7ocuklu\u011fa ne yeti\u015fkinli\u011fe ait olan ergenin hik\u00e2yesini tek bir g\u00f6z k\u0131rpma mesafesinde anlatmak; ne karaya ne suya ait olan, ne insana ne bal\u0131\u011fa benzeyen denizk\u0131z\u0131na devredilmi\u015ftir.<\/p>\n","protected":false},"excerpt":{"rendered":"<p>Ergenlik, insan\u0131n bir yandan anla\u015f\u0131lmaya en \u00e7ok ihtiya\u00e7 duydu\u011fu, bir yandan da en \u00e7ok anla\u015f\u0131lmam\u0131\u015f hissetti\u011fi d\u00f6nemdir. Hem \u00e7ocuklukta ka\u00e7\u0131r\u0131lan\u0131 yakalamak ad\u0131na, hem de birey olabilmek;<span class=\"excerpt-hellip\"> [\u2026]<\/span><\/p>\n","protected":false},"featured_media":0,"template":"","meta":{"_monsterinsights_skip_tracking":false,"_monsterinsights_sitenote_active":false,"_monsterinsights_sitenote_note":"","_monsterinsights_sitenote_category":0},"product_brand":[],"product_cat":[12364,12376],"product_tag":[],"class_list":{"0":"post-730358","1":"product","2":"type-product","3":"status-publish","5":"product_cat-genel-konular","6":"product_cat-kisisel-gelisim","7":"pa_cilt-ciltsiz","8":"pa_tur-kitap","9":"pa_yayinevi-egiten-kitap","10":"pa_yazar-haydeh-faraji-ahmet-ertan-tezcan","12":"first","13":"instock","14":"sale","15":"shipping-taxable","16":"purchasable","17":"product-type-simple"},"_links":{"self":[{"href":"https:\/\/roveyayinevi.com.tr\/index.php\/wp-json\/wp\/v2\/product\/730358","targetHints":{"allow":["GET"]}}],"collection":[{"href":"https:\/\/roveyayinevi.com.tr\/index.php\/wp-json\/wp\/v2\/product"}],"about":[{"href":"https:\/\/roveyayinevi.com.tr\/index.php\/wp-json\/wp\/v2\/types\/product"}],"wp:attachment":[{"href":"https:\/\/roveyayinevi.com.tr\/index.php\/wp-json\/wp\/v2\/media?parent=730358"}],"wp:term":[{"taxonomy":"product_brand","embeddable":true,"href":"https:\/\/roveyayinevi.com.tr\/index.php\/wp-json\/wp\/v2\/product_brand?post=730358"},{"taxonomy":"product_cat","embeddable":true,"href":"https:\/\/roveyayinevi.com.tr\/index.php\/wp-json\/wp\/v2\/product_cat?post=730358"},{"taxonomy":"product_tag","embeddable":true,"href":"https:\/\/roveyayinevi.com.tr\/index.php\/wp-json\/wp\/v2\/product_tag?post=730358"}],"curies":[{"name":"wp","href":"https:\/\/api.w.org\/{rel}","templated":true}]}}